{"id":40811,"date":"2023-07-18T11:14:13","date_gmt":"2023-07-18T09:14:13","guid":{"rendered":"https:\/\/www.anika-net.de\/event\/el-flecha-negra-auf-der-feldbuhne-dast-fest-karlsruhe\/"},"modified":"2023-07-18T11:14:13","modified_gmt":"2023-07-18T09:14:13","slug":"el-flecha-negra-auf-der-feldbuhne-dast-fest-karlsruhe","status":"publish","type":"event","link":"https:\/\/www.anika-net.de\/ro\/event\/el-flecha-negra-auf-der-feldbuhne-dast-fest-karlsruhe\/","title":{"rendered":"El Fle\u00adcha Negra auf der Fel\u00add\u00adb\u00fch\u00adne \u2014 Dast Fest Karlsruhe"},"content":{"rendered":"<p>Cinci \u021b\u0103ri, dou\u0103 con\u00adti\u00adnen\u00adte, o tru\u00adp\u0103. El Fle\u00adcha Negra umple sala cu o ener\u00adgie debor\u00addan\u00adt\u0103 \u0219i o magie \u00eemb\u0103\u00adt\u0103\u00adtoa\u00adre. Oda\u00adt\u0103 ce Chi\u00adcos din Chi\u00adle, Peru, Spa\u00adnia, Argen\u00adti\u00adna \u0219i Ger\u00adma\u00adnia urc\u0103 pe sce\u00adn\u0103, nimic nu\u2011i mai poa\u00adte opri. \u201cS\u0103ge\u00ada\u00adta nea\u00adgr\u0103\u201d (Fle\u00adcha Negra) for\u00admea\u00adz\u0103 un r\u00e2u din mai mul\u00adte sur\u00adse: Muzi\u00adcie\u00adnii com\u00adbi\u00adn\u0103 cum\u00adbia tra\u00addi\u00ad\u021bio\u00adna\u00adl\u0103 \u0219i reggae cu sune\u00adte moder\u00adne de chi\u00adcha meti\u00ads\u0103 \u0219i peru\u00ada\u00adn\u0103 \u2014 s\u0103l\u00adba\u00adtic, exu\u00adbe\u00adrant \u0219i dan\u00adsa\u00adbil. \u00cence\u00adpu\u00adt\u0103 ca o tru\u00adp\u0103 de stra\u00add\u0103 \u00een vara anu\u00adlui 2014, El Fle\u00adcha Negra s\u2011a trans\u00adfor\u00admat \u00een scurt timp \u00eentr\u2011o for\u00adma\u00ad\u021bie live foar\u00adte c\u0103u\u00adta\u00adt\u0103, cu con\u00adcer\u00adte \u00een toa\u00adt\u0103 Ger\u00adma\u00adnia \u0219i tur\u00adnee \u00een Ame\u00adri\u00adca Lati\u00adn\u0103, prin\u00adtre alte\u00adle. Pe noul lor album \u201cRena\u00adcer\u201d, El Fle\u00adcha Negra cele\u00adbrea\u00adz\u0103 dra\u00adgos\u00adtea, via\u00ad\u021ba \u0219i muzi\u00adca. R\u0103d\u0103\u00adci\u00adni\u00adle sud-ame\u00adri\u00adca\u00adne \u00eent\u00e2l\u00adnesc leje\u00adri\u00adta\u00adtea carai\u00adbi\u00ada\u00adn\u0103 cu aceas\u00adt\u0103 tru\u00adp\u0103 mul\u00adti\u00adcul\u00adtu\u00adra\u00adl\u0103, chi\u00adta\u00adre\u00adle rock se \u00eent\u00e2l\u00adnesc cu trom\u00adpe\u00adte\u00adle puter\u00adni\u00adce, voci\u00adle spa\u00adni\u00ado\u00adle se \u00eent\u00e2l\u00adnesc cu decla\u00adra\u00ad\u021bi\u00adi\u00adle \u00eenfl\u0103c\u0103rate.<\/p>\n","protected":false},"author":12,"featured_media":40797,"template":"","class_list":["post-40811","event","type-event","status-publish","has-post-thumbnail","hentry","event_category-timp-liber"],"acf":{"event-recurring":false,"event-category":83,"event-is-language-course":false,"event-recurring-still-active":true,"event-display-details":true,"event-schedules-recurring":null,"event-schedules-calendar":[{"event-calendar-day":"20230722","event-calendar-time":"","event-calendar-time-text":""}],"event-is-online":false,"event-online-url":"","event-location-building":"Feldb\u00fchne - G\u00fcnther-Klotz-Anlage","event-location-street":"","event-location-zip":"76133","event-location-city":"Karlsruhe","event-location-contact-person":"","event-location-phone":"","event-location-phone-2":"","event-location-mail":"","event-location-mail-2":"","event-location-website":"https:\/\/www.dasfest.de\/programm\/das-fest\/el-flecha-negra","event-target-group":[{"target-group":"adultii"}],"event-target-group-comment":"","event-free":true,"event-organiser":40771,"event-header-copyright-overlay":true,"event-copyright-note-description-end":false},"featured_image_urls_v2":{"full":["https:\/\/www.anika-net.de\/wp-content\/uploads\/2023\/07\/EL_FLECHA_NEGRA_1_Logo.jpg",1500,843,false],"thumbnail":["https:\/\/www.anika-net.de\/wp-content\/uploads\/2023\/07\/EL_FLECHA_NEGRA_1_Logo-150x150.jpg",150,150,true],"medium":["https:\/\/www.anika-net.de\/wp-content\/uploads\/2023\/07\/EL_FLECHA_NEGRA_1_Logo-300x169.jpg",300,169,true],"medium_large":["https:\/\/www.anika-net.de\/wp-content\/uploads\/2023\/07\/EL_FLECHA_NEGRA_1_Logo-768x432.jpg",640,360,true],"large":["https:\/\/www.anika-net.de\/wp-content\/uploads\/2023\/07\/EL_FLECHA_NEGRA_1_Logo-1024x575.jpg",640,359,true],"1536x1536":["https:\/\/www.anika-net.de\/wp-content\/uploads\/2023\/07\/EL_FLECHA_NEGRA_1_Logo.jpg",1500,843,false],"2048x2048":["https:\/\/www.anika-net.de\/wp-content\/uploads\/2023\/07\/EL_FLECHA_NEGRA_1_Logo.jpg",1500,843,false],"event-overview":["https:\/\/www.anika-net.de\/wp-content\/uploads\/2023\/07\/EL_FLECHA_NEGRA_1_Logo-960x640.jpg",960,640,true],"event-archive-thumb":["https:\/\/www.anika-net.de\/wp-content\/uploads\/2023\/07\/EL_FLECHA_NEGRA_1_Logo-480x270.jpg",480,270,true],"grid-item-thumbnail":["https:\/\/www.anika-net.de\/wp-content\/uploads\/2023\/07\/EL_FLECHA_NEGRA_1_Logo-360x200.jpg",360,200,true],"network-partner-icon":["https:\/\/www.anika-net.de\/wp-content\/uploads\/2023\/07\/EL_FLECHA_NEGRA_1_Logo-100x100.jpg",100,100,true],"organiser-icon":["https:\/\/www.anika-net.de\/wp-content\/uploads\/2023\/07\/EL_FLECHA_NEGRA_1_Logo-200x200.jpg",200,200,true],"gform-image-choice-sm":["https:\/\/www.anika-net.de\/wp-content\/uploads\/2023\/07\/EL_FLECHA_NEGRA_1_Logo.jpg",300,169,false],"gform-image-choice-md":["https:\/\/www.anika-net.de\/wp-content\/uploads\/2023\/07\/EL_FLECHA_NEGRA_1_Logo.jpg",400,225,false],"gform-image-choice-lg":["https:\/\/www.anika-net.de\/wp-content\/uploads\/2023\/07\/EL_FLECHA_NEGRA_1_Logo.jpg",600,337,false]},"post_excerpt_stackable_v2":"<p>Cinci \u021b\u0103ri, dou\u0103 con\u00adti\u00adnen\u00adte, o tru\u00adp\u0103. El Fle\u00adcha Negra umple sala cu o ener\u00adgie debor\u00addan\u00adt\u0103 \u0219i o magie \u00eemb\u0103\u00adt\u0103\u00adtoa\u00adre. Oda\u00adt\u0103 ce Chi\u00adcos din Chi\u00adle, Peru, Spa\u00adnia, Argen\u00adti\u00adna \u0219i Ger\u00adma\u00adnia urc\u0103 pe sce\u00adn\u0103, nimic nu\u2011i mai poa\u00adte opri. \u201cS\u0103ge\u00ada\u00adta nea\u00adgr\u0103\u201d (Fle\u00adcha Negra) for\u00admea\u00adz\u0103 un r\u00e2u din mai mul\u00adte sur\u00adse: Muzi\u00adcie\u00adnii com\u00adbi\u00adn\u0103 cum\u00adbia tra\u00addi\u00ad\u021bio\u00adna\u00adl\u0103 \u0219i reggae cu sune\u00adte moder\u00adne de chi\u00adcha meti\u00ads\u0103 \u0219i peru\u00ada\u00adn\u0103 \u2014 s\u0103l\u00adba\u00adtic, exu\u00adbe\u00adrant \u0219i dan\u00adsa\u00adbil. \u00cence\u00adpu\u00adt\u0103 ca o tru\u00adp\u0103 de stra\u00add\u0103 \u00een vara anu\u00adlui 2014, El Fle\u00adcha Negra s\u2011a trans\u00adfor\u00admat \u00een scurt timp \u00eentr\u2011o for\u00adma\u00ad\u021bie live foar\u00adte c\u0103u\u00adta\u00adt\u0103, cu con\u00adcer\u00adte \u00een toa\u00adt\u0103 Ger\u00adma\u00adnia \u0219i tur\u00adnee \u00een Ame\u00adri\u00adca Latin\u0103,\u2026<\/p>\n","category_list_v2":"","author_info_v2":{"name":"Andrea Ramirez","url":"https:\/\/www.anika-net.de\/ro\/author\/andrea-ramirez\/"},"comments_num_v2":"0 comments","uagb_featured_image_src":{"full":["https:\/\/www.anika-net.de\/wp-content\/uploads\/2023\/07\/EL_FLECHA_NEGRA_1_Logo.jpg",1500,843,false],"thumbnail":["https:\/\/www.anika-net.de\/wp-content\/uploads\/2023\/07\/EL_FLECHA_NEGRA_1_Logo-150x150.jpg",150,150,true],"medium":["https:\/\/www.anika-net.de\/wp-content\/uploads\/2023\/07\/EL_FLECHA_NEGRA_1_Logo-300x169.jpg",300,169,true],"medium_large":["https:\/\/www.anika-net.de\/wp-content\/uploads\/2023\/07\/EL_FLECHA_NEGRA_1_Logo-768x432.jpg",640,360,true],"large":["https:\/\/www.anika-net.de\/wp-content\/uploads\/2023\/07\/EL_FLECHA_NEGRA_1_Logo-1024x575.jpg",640,359,true],"1536x1536":["https:\/\/www.anika-net.de\/wp-content\/uploads\/2023\/07\/EL_FLECHA_NEGRA_1_Logo.jpg",1500,843,false],"2048x2048":["https:\/\/www.anika-net.de\/wp-content\/uploads\/2023\/07\/EL_FLECHA_NEGRA_1_Logo.jpg",1500,843,false],"event-overview":["https:\/\/www.anika-net.de\/wp-content\/uploads\/2023\/07\/EL_FLECHA_NEGRA_1_Logo-960x640.jpg",960,640,true],"event-archive-thumb":["https:\/\/www.anika-net.de\/wp-content\/uploads\/2023\/07\/EL_FLECHA_NEGRA_1_Logo-480x270.jpg",480,270,true],"grid-item-thumbnail":["https:\/\/www.anika-net.de\/wp-content\/uploads\/2023\/07\/EL_FLECHA_NEGRA_1_Logo-360x200.jpg",360,200,true],"network-partner-icon":["https:\/\/www.anika-net.de\/wp-content\/uploads\/2023\/07\/EL_FLECHA_NEGRA_1_Logo-100x100.jpg",100,100,true],"organiser-icon":["https:\/\/www.anika-net.de\/wp-content\/uploads\/2023\/07\/EL_FLECHA_NEGRA_1_Logo-200x200.jpg",200,200,true],"gform-image-choice-sm":["https:\/\/www.anika-net.de\/wp-content\/uploads\/2023\/07\/EL_FLECHA_NEGRA_1_Logo.jpg",300,169,false],"gform-image-choice-md":["https:\/\/www.anika-net.de\/wp-content\/uploads\/2023\/07\/EL_FLECHA_NEGRA_1_Logo.jpg",400,225,false],"gform-image-choice-lg":["https:\/\/www.anika-net.de\/wp-content\/uploads\/2023\/07\/EL_FLECHA_NEGRA_1_Logo.jpg",600,337,false]},"uagb_author_info":{"display_name":"Andrea Ramirez","author_link":"https:\/\/www.anika-net.de\/ro\/author\/andrea-ramirez\/"},"uagb_comment_info":0,"uagb_excerpt":"Cinci \u021b\u0103ri, dou\u0103 con\u00adti\u00adnen\u00adte, o tru\u00adp\u0103. El Fle\u00adcha Negra umple sala cu o ener\u00adgie debor\u00addan\u00adt\u0103 \u0219i o magie \u00eemb\u0103\u00adt\u0103\u00adtoa\u00adre. Oda\u00adt\u0103 ce Chi\u00adcos din Chi\u00adle, Peru, Spa\u00adnia, Argen\u00adti\u00adna \u0219i Ger\u00adma\u00adnia urc\u0103&nbsp;Citi\u021bi mai mult","_links":{"self":[{"href":"https:\/\/www.anika-net.de\/ro\/wp-json\/wp\/v2\/event\/40811","targetHints":{"allow":["GET"]}}],"collection":[{"href":"https:\/\/www.anika-net.de\/ro\/wp-json\/wp\/v2\/event"}],"about":[{"href":"https:\/\/www.anika-net.de\/ro\/wp-json\/wp\/v2\/types\/event"}],"author":[{"embeddable":true,"href":"https:\/\/www.anika-net.de\/ro\/wp-json\/wp\/v2\/users\/12"}],"version-history":[{"count":0,"href":"https:\/\/www.anika-net.de\/ro\/wp-json\/wp\/v2\/event\/40811\/revisions"}],"acf:post":[{"embeddable":true,"href":"https:\/\/www.anika-net.de\/ro\/wp-json\/wp\/v2\/organiser\/40771"}],"acf:term":[{"embeddable":true,"taxonomy":"event_category","href":"https:\/\/www.anika-net.de\/ro\/wp-json\/wp\/v2\/event_category\/83"}],"wp:featuredmedia":[{"embeddable":true,"href":"https:\/\/www.anika-net.de\/ro\/wp-json\/wp\/v2\/media\/40797"}],"wp:attachment":[{"href":"https:\/\/www.anika-net.de\/ro\/wp-json\/wp\/v2\/media?parent=40811"}],"curies":[{"name":"wp","href":"https:\/\/api.w.org\/{rel}","templated":true}]}}

El Fle­cha Negra auf der Fel­d­büh­ne — Dast Fest Karlsruhe

<p>Cinci țări, două con­ti­nen­te, o tru­pă. El Fle­cha Negra umple sala cu o ener­gie debor­dan­tă și o magie îmbă­tă­toa­re. Oda­tă ce Chi­cos din Chi­le, Peru, Spa­nia, Argen­ti­na și Ger­ma­nia urcă pe sce­nă, nimic nu‑i mai poa­te opri. “Săge­a­ta nea­gră” (Fle­cha Negra) for­mea­ză un râu din mai mul­te sur­se: Muzi­cie­nii com­bi­nă cum­bia tra­di­țio­na­lă și reggae cu sune­te moder­ne de chi­cha meti­să și peru­a­nă — săl­ba­tic, exu­be­rant și dan­sa­bil. Înce­pu­tă ca o tru­pă de stra­dă în vara anu­lui 2014, El Fle­cha Negra s‑a trans­for­mat în scurt timp într‑o for­ma­ție live foar­te cău­ta­tă, cu con­cer­te în toa­tă Ger­ma­nia și tur­nee în Ame­ri­ca Lati­nă, prin­tre alte­le. Pe noul lor album “Rena­cer”, El Fle­cha Negra cele­brea­ză dra­gos­tea, via­ța și muzi­ca. Rădă­ci­ni­le sud-ame­ri­ca­ne întâl­nesc leje­ri­ta­tea carai­bi­a­nă cu aceas­tă tru­pă mul­ti­cul­tu­ra­lă, chi­ta­re­le rock se întâl­nesc cu trom­pe­te­le puter­ni­ce, voci­le spa­ni­o­le se întâl­nesc cu decla­ra­ți­i­le înflăcărate.</p>

Feldbühne - Günther-Klotz-Anlage

<p>Cinci țări, două con­ti­nen­te, o tru­pă. El Fle­cha Negra umple sala cu o ener­gie debor­dan­tă și o magie îmbă­tă­toa­re. Oda­tă ce Chi­cos din Chi­le, Peru, Spa­nia, Argen­ti­na și Ger­ma­nia urcă pe sce­nă, nimic nu‑i mai poa­te opri. “Săge­a­ta nea­gră” (Fle­cha Negra) for­mea­ză un râu din mai mul­te sur­se: Muzi­cie­nii com­bi­nă cum­bia tra­di­țio­na­lă și reggae cu sune­te moder­ne de chi­cha meti­să și peru­a­nă — săl­ba­tic, exu­be­rant și dan­sa­bil. Înce­pu­tă ca o tru­pă de stra­dă în vara anu­lui 2014, El Fle­cha Negra s‑a trans­for­mat în scurt timp într‑o for­ma­ție live foar­te cău­ta­tă, cu con­cer­te în toa­tă Ger­ma­nia și tur­nee în Ame­ri­ca Latină,…</p>

Cinci țări, două con­ti­nen­te, o tru­pă. El Fle­cha Negra umple sala cu o ener­gie debor­dan­tă și o magie îmbă­tă­toa­re. Oda­tă ce Chi­cos din Chi­le, Peru, Spa­nia, Argen­ti­na și Ger­ma­nia urcă&nbsp;Citiți mai mult
