{"id":35056,"date":"2023-03-08T19:35:49","date_gmt":"2023-03-08T18:35:49","guid":{"rendered":"https:\/\/www.anika-net.de\/event\/managementul-integrarii-ucraina\/"},"modified":"2023-03-08T19:35:49","modified_gmt":"2023-03-08T18:35:49","slug":"managementul-integrarii-ucraina","status":"publish","type":"event","link":"https:\/\/www.anika-net.de\/ro\/event\/managementul-integrarii-ucraina\/","title":{"rendered":"Mana\u00adge\u00admen\u00adtul inte\u00adgr\u0103\u00adrii Ucraina"},"content":{"rendered":"<h3>Mana\u00adge\u00admen\u00adtul inte\u00adgr\u0103\u00adrii Ucraina<\/h3>\n<p>Sco\u00adpul nos\u00adtru este inte\u00adgra\u00adrea dura\u00adbi\u00adl\u0103 a refu\u00adgi\u00ada\u00ad\u021bi\u00adlor din Ucrai\u00adna care locu\u00adiesc \u00een Karlsruhe.<\/p>\n<p>Sun\u00adtem al\u0103\u00adtu\u00adri de dum\u00adne\u00ada\u00advoas\u00adtr\u0103 dac\u0103, \u00een cali\u00adta\u00adte de refu\u00adgi\u00adat din Ucrai\u00adna, sun\u00adte\u021bi un refu\u00adgi\u00adat pri\u00advat \u0219i dac\u0103 sun\u00adte\u021bi un refu\u00adgi\u00adat din Ucrai\u00adna \u0219i a\u021bi locu\u00adit timp de 6 luni \u00een locu\u00adin\u00ad\u021be\u00adle muni\u00adci\u00adpa\u00adle din ora\u00ad\u0219ul Karlsruhe.<\/p>\n<p><strong>V\u0103 spri\u00adji\u00adnim cu \u00eentre\u00adb\u0103ri refe\u00adri\u00adtoa\u00adre&nbsp;la:<\/strong><\/p>\n<p>- Cores\u00adpon\u00adden\u00ad\u021b\u0103 cu auto\u00adri\u00adt\u0103\u00ad\u021bi\u00adle (cen\u00adtrul de ocu\u00adpa\u00adre a for\u00ad\u021bei de mun\u00adc\u0103, biro\u00adul de asis\u00adten\u00ad\u021b\u0103 soci\u00ada\u00adl\u0103, biro\u00adul de imigrare)<br>\n\u2014 C\u0103u\u00adta\u00adrea unui apar\u00adta\u00adment \u0219i a unui con\u00adtract de \u00eenchiriere<br>\n\u2014 C\u0103u\u00adta\u021bi un curs de integrare<br>\n\u2014 Spri\u00adjin \u00een pro\u00adble\u00adme de drep\u00adtul muncii<br>\n\u2014 C\u0103u\u00adta\u021bi un loc la gr\u0103\u00addi\u00adni\u00ad\u021b\u0103 sau la \u0219coa\u00adl\u0103 pen\u00adtru copi\u00adlul dumneavoastr\u0103<br>\n\u2014 C\u0103u\u00adta\u021bi acti\u00advi\u00adt\u0103\u021bi spor\u00adti\u00adve \u0219i de petre\u00adce\u00adre a tim\u00adpu\u00adlui liber pen\u00adtru dvs. \u0219i copi\u00adlul&nbsp;dvs.<br>\n\u2014 Posi\u00adbi\u00adle ofer\u00adte de aju\u00adtor pen\u00adtru pro\u00adble\u00adme psihologice<\/p>\n<p>Mana\u00adge\u00admen\u00adtul inte\u00adgr\u0103\u00adrii spri\u00adji\u00adn\u0103 refu\u00adgi\u00ada\u00ad\u021bii din Ucrai\u00adna \u00een dife\u00adri\u00adte situ\u00ada\u00ad\u021bii de via\u00ad\u021b\u0103 prin ofer\u00adte de con\u00adsi\u00adli\u00ade\u00adre, \u00eent\u00e2l\u00adniri, edu\u00adca\u00ad\u021bie \u0219i \u00eenso\u00ad\u021bi\u00adre. Cu sco\u00adpul de a pro\u00admo\u00adva pro\u00adce\u00adsul de inte\u00adgra\u00adre indi\u00advi\u00addu\u00ada\u00adl\u0103 \u0219i de a con\u00adso\u00adli\u00adda inde\u00adpen\u00adden\u00ad\u021ba acestora.<\/p>\n<p><strong>Pro\u00adce\u00adsul de inte\u00adgra\u00adre indi\u00advi\u00addu\u00ada\u00adl\u0103 tre\u00adbu\u00adie rea\u00adli\u00adzat prin urm\u0103\u00adtoa\u00adre\u00adle sarcini:<\/strong><\/p>\n<p>Cre\u00ada\u00adrea \u00een comun a unui plan de spri\u00adjin indi\u00advi\u00addu\u00adal cu obiec\u00adti\u00adve baza\u00adte pe&nbsp;timp<br>\nRefe\u00adri\u00adrea c\u0103tre ser\u00advi\u00adcii spe\u00adcia\u00adli\u00adza\u00adte \u00een cazul unor pro\u00adble\u00adme psihosociale<br>\nCon\u00adsi\u00adli\u00ade\u00adrea p\u0103rin\u00ad\u021bi\u00adlor pe pro\u00adble\u00adme de edu\u00adca\u00ad\u021bie \u0219i de edu\u00adca\u00ad\u021bie parental\u0103<br>\nMedi\u00ade\u00adrea ofer\u00adte\u00adlor pen\u00adtru doban\u00addi\u00adrea cunos\u00adtin\u00adte\u00adlor de lim\u00adba germana<br>\nMedi\u00ade\u00adrea ofer\u00adte\u00adlor de for\u00adma\u00adre con\u00adti\u00adnu\u0103 \u00een vede\u00adrea pro\u00admo\u00adv\u0103\u00adrii profesionale<br>\nSpri\u00adji\u00adni\u00adrea oame\u00adni\u00adlor \u00een efor\u00adtu\u00adri\u00adle lor pe pia\u00ad\u021ba muncii<br>\nMedi\u00ade\u00adrea ofer\u00adte\u00adlor de timp liber (clu\u00adburi, ofer\u00adte cul\u00adtu\u00adra\u00adle&nbsp;etc.)<br>\nDezvol\u00adta\u00adrea comu\u00adni\u00adc\u0103\u00adrii inter\u00adcul\u00adtu\u00adra\u00adle \u0219i a locu\u00adri\u00adlor de \u00eent\u00e2lnire<\/p>\n","protected":false},"author":12,"featured_media":34985,"template":"","class_list":["post-35056","event","type-event","status-publish","has-post-thumbnail","hentry","event_category-asistenta"],"acf":{"event-recurring":true,"event-category":81,"event-is-language-course":false,"event-recurring-still-active":true,"event-display-details":true,"event-schedules-recurring":[{"event-recurring-week-day":false,"event-recurring-time":"09.00 - 12.00 \/ 14.00 - 16.00","event-recurring-time-text":""},{"event-recurring-week-day":"1","event-recurring-time":"09.00 - 12.00","event-recurring-time-text":""},{"event-recurring-week-day":"2","event-recurring-time":"09.00 - 12.00","event-recurring-time-text":""},{"event-recurring-week-day":"3","event-recurring-time":"09.00 - 12.00 \/ 14.00 - 16.00","event-recurring-time-text":""},{"event-recurring-week-day":"4","event-recurring-time":"09.00 - 12.00","event-recurring-time-text":""}],"event-schedules-calendar":null,"event-is-online":false,"event-online-url":"","event-location-building":"Beratungs- und Familienzentrum Caritashaus","event-location-street":"Sophienstra\u00dfe 33","event-location-zip":"76133","event-location-city":"Karlsruhe","event-location-contact-person":"Tamara Hillens","event-location-phone":"+49 721 91243-16","event-location-phone-2":"+49 721 91243-99","event-location-mail":"sekretariat-oemd@caritas-karlsruhe.de","event-location-mail-2":"","event-location-website":"https:\/\/www.caritas-karlsruhe.de\/beitraege\/integrationsmanagment-ukraine\/2434038\/?searchterm=ukraine","event-target-group":[{"target-group":"adults"}],"event-target-group-comment":"","event-free":true,"event-organiser":[16387],"event-header-copyright-overlay":true,"event-copyright-note-description-end":false},"featured_image_urls_v2":{"full":["https:\/\/www.anika-net.de\/wp-content\/uploads\/2019\/03\/Caritas-und-Diakonie.jpg",1181,709,false],"thumbnail":["https:\/\/www.anika-net.de\/wp-content\/uploads\/2019\/03\/Caritas-und-Diakonie-150x150.jpg",150,150,true],"medium":["https:\/\/www.anika-net.de\/wp-content\/uploads\/2019\/03\/Caritas-und-Diakonie-300x180.jpg",300,180,true],"medium_large":["https:\/\/www.anika-net.de\/wp-content\/uploads\/2019\/03\/Caritas-und-Diakonie-768x461.jpg",640,384,true],"large":["https:\/\/www.anika-net.de\/wp-content\/uploads\/2019\/03\/Caritas-und-Diakonie-1024x615.jpg",640,384,true],"1536x1536":["https:\/\/www.anika-net.de\/wp-content\/uploads\/2019\/03\/Caritas-und-Diakonie.jpg",1181,709,false],"2048x2048":["https:\/\/www.anika-net.de\/wp-content\/uploads\/2019\/03\/Caritas-und-Diakonie.jpg",1181,709,false],"event-overview":["https:\/\/www.anika-net.de\/wp-content\/uploads\/2019\/03\/Caritas-und-Diakonie-960x640.jpg",960,640,true],"event-archive-thumb":["https:\/\/www.anika-net.de\/wp-content\/uploads\/2019\/03\/Caritas-und-Diakonie-480x288.jpg",480,288,true],"grid-item-thumbnail":["https:\/\/www.anika-net.de\/wp-content\/uploads\/2019\/03\/Caritas-und-Diakonie-360x200.jpg",360,200,true],"network-partner-icon":["https:\/\/www.anika-net.de\/wp-content\/uploads\/2019\/03\/Caritas-und-Diakonie-100x100.jpg",100,100,true],"organiser-icon":["https:\/\/www.anika-net.de\/wp-content\/uploads\/2019\/03\/Caritas-und-Diakonie-200x200.jpg",200,200,true],"gform-image-choice-sm":["https:\/\/www.anika-net.de\/wp-content\/uploads\/2019\/03\/Caritas-und-Diakonie.jpg",300,180,false],"gform-image-choice-md":["https:\/\/www.anika-net.de\/wp-content\/uploads\/2019\/03\/Caritas-und-Diakonie.jpg",400,240,false],"gform-image-choice-lg":["https:\/\/www.anika-net.de\/wp-content\/uploads\/2019\/03\/Caritas-und-Diakonie.jpg",600,360,false]},"post_excerpt_stackable_v2":"<p>Mana\u00adge\u00admen\u00adtul inte\u00adgr\u0103\u00adrii Ucrai\u00adna Sco\u00adpul nos\u00adtru este inte\u00adgra\u00adrea dura\u00adbi\u00adl\u0103 a refu\u00adgi\u00ada\u00ad\u021bi\u00adlor din Ucrai\u00adna care locu\u00adiesc \u00een Karl\u00adsru\u00adhe. Sun\u00adtem al\u0103\u00adtu\u00adri de dum\u00adne\u00ada\u00advoas\u00adtr\u0103 dac\u0103, \u00een cali\u00adta\u00adte de refu\u00adgi\u00adat din Ucrai\u00adna, sun\u00adte\u021bi un refu\u00adgi\u00adat pri\u00advat \u0219i dac\u0103 sun\u00adte\u021bi un refu\u00adgi\u00adat din Ucrai\u00adna \u0219i a\u021bi locu\u00adit timp de 6 luni \u00een locu\u00adin\u00ad\u021be\u00adle muni\u00adci\u00adpa\u00adle din ora\u00ad\u0219ul Karl\u00adsru\u00adhe. V\u0103 spri\u00adji\u00adnim cu \u00eentre\u00adb\u0103ri refe\u00adri\u00adtoa\u00adre&nbsp;la: \u2014 Cores\u00adpon\u00adden\u00ad\u021b\u0103 cu auto\u00adri\u00adt\u0103\u00ad\u021bi\u00adle (cen\u00adtrul de ocu\u00adpa\u00adre a for\u00ad\u021bei de mun\u00adc\u0103, biro\u00adul de asis\u00adten\u00ad\u021b\u0103 soci\u00ada\u00adl\u0103, biro\u00adul de imi\u00adgra\u00adre) \u2014 C\u0103u\u00adta\u00adrea unui apar\u00adta\u00adment \u0219i a unui con\u00adtract de \u00eenchi\u00adri\u00ade\u00adre \u2014 C\u0103u\u00adta\u021bi un curs de inte\u00adgra\u00adre \u2014 Spri\u00adjin \u00een pro\u00adble\u00adme de drep\u00adtul mun\u00adcii \u2014 C\u0103u\u00adta\u021bi&nbsp;un\u2026<\/p>\n","category_list_v2":"","author_info_v2":{"name":"Andrea Ramirez","url":"https:\/\/www.anika-net.de\/ro\/author\/andrea-ramirez\/"},"comments_num_v2":"0 comments","uagb_featured_image_src":{"full":["https:\/\/www.anika-net.de\/wp-content\/uploads\/2019\/03\/Caritas-und-Diakonie.jpg",1181,709,false],"thumbnail":["https:\/\/www.anika-net.de\/wp-content\/uploads\/2019\/03\/Caritas-und-Diakonie-150x150.jpg",150,150,true],"medium":["https:\/\/www.anika-net.de\/wp-content\/uploads\/2019\/03\/Caritas-und-Diakonie-300x180.jpg",300,180,true],"medium_large":["https:\/\/www.anika-net.de\/wp-content\/uploads\/2019\/03\/Caritas-und-Diakonie-768x461.jpg",640,384,true],"large":["https:\/\/www.anika-net.de\/wp-content\/uploads\/2019\/03\/Caritas-und-Diakonie-1024x615.jpg",640,384,true],"1536x1536":["https:\/\/www.anika-net.de\/wp-content\/uploads\/2019\/03\/Caritas-und-Diakonie.jpg",1181,709,false],"2048x2048":["https:\/\/www.anika-net.de\/wp-content\/uploads\/2019\/03\/Caritas-und-Diakonie.jpg",1181,709,false],"event-overview":["https:\/\/www.anika-net.de\/wp-content\/uploads\/2019\/03\/Caritas-und-Diakonie-960x640.jpg",960,640,true],"event-archive-thumb":["https:\/\/www.anika-net.de\/wp-content\/uploads\/2019\/03\/Caritas-und-Diakonie-480x288.jpg",480,288,true],"grid-item-thumbnail":["https:\/\/www.anika-net.de\/wp-content\/uploads\/2019\/03\/Caritas-und-Diakonie-360x200.jpg",360,200,true],"network-partner-icon":["https:\/\/www.anika-net.de\/wp-content\/uploads\/2019\/03\/Caritas-und-Diakonie-100x100.jpg",100,100,true],"organiser-icon":["https:\/\/www.anika-net.de\/wp-content\/uploads\/2019\/03\/Caritas-und-Diakonie-200x200.jpg",200,200,true],"gform-image-choice-sm":["https:\/\/www.anika-net.de\/wp-content\/uploads\/2019\/03\/Caritas-und-Diakonie.jpg",300,180,false],"gform-image-choice-md":["https:\/\/www.anika-net.de\/wp-content\/uploads\/2019\/03\/Caritas-und-Diakonie.jpg",400,240,false],"gform-image-choice-lg":["https:\/\/www.anika-net.de\/wp-content\/uploads\/2019\/03\/Caritas-und-Diakonie.jpg",600,360,false]},"uagb_author_info":{"display_name":"Andrea Ramirez","author_link":"https:\/\/www.anika-net.de\/ro\/author\/andrea-ramirez\/"},"uagb_comment_info":0,"uagb_excerpt":"Mana\u00adge\u00admen\u00adtul inte\u00adgr\u0103\u00adrii Ucraina Sco\u00adpul nos\u00adtru este inte\u00adgra\u00adrea dura\u00adbi\u00adl\u0103 a refu\u00adgi\u00ada\u00ad\u021bi\u00adlor din Ucrai\u00adna care locu\u00adiesc \u00een Karlsruhe. Sun\u00adtem al\u0103\u00adtu\u00adri de dum\u00adne\u00ada\u00advoas\u00adtr\u0103 dac\u0103, \u00een cali\u00adta\u00adte de refu\u00adgi\u00adat din Ucrai\u00adna, sun\u00adte\u021bi un refu\u00adgi\u00adat&nbsp;Citi\u021bi mai mult","_links":{"self":[{"href":"https:\/\/www.anika-net.de\/ro\/wp-json\/wp\/v2\/event\/35056","targetHints":{"allow":["GET"]}}],"collection":[{"href":"https:\/\/www.anika-net.de\/ro\/wp-json\/wp\/v2\/event"}],"about":[{"href":"https:\/\/www.anika-net.de\/ro\/wp-json\/wp\/v2\/types\/event"}],"author":[{"embeddable":true,"href":"https:\/\/www.anika-net.de\/ro\/wp-json\/wp\/v2\/users\/12"}],"version-history":[{"count":0,"href":"https:\/\/www.anika-net.de\/ro\/wp-json\/wp\/v2\/event\/35056\/revisions"}],"acf:post":[{"embeddable":true,"href":"https:\/\/www.anika-net.de\/ro\/wp-json\/wp\/v2\/organiser\/16387"}],"acf:term":[{"embeddable":true,"taxonomy":"event_category","href":"https:\/\/www.anika-net.de\/ro\/wp-json\/wp\/v2\/event_category\/81"}],"wp:featuredmedia":[{"embeddable":true,"href":"https:\/\/www.anika-net.de\/ro\/wp-json\/wp\/v2\/media\/34985"}],"wp:attachment":[{"href":"https:\/\/www.anika-net.de\/ro\/wp-json\/wp\/v2\/media?parent=35056"}],"curies":[{"name":"wp","href":"https:\/\/api.w.org\/{rel}","templated":true}]}}

Mana­ge­men­tul inte­gră­rii Ucraina

<h3>Mana­ge­men­tul inte­gră­rii Ucraina</h3>
<p>Sco­pul nos­tru este inte­gra­rea dura­bi­lă a refu­gi­a­ți­lor din Ucrai­na care locu­iesc în Karlsruhe.</p>
<p>Sun­tem ală­tu­ri de dum­ne­a­voas­tră dacă, în cali­ta­te de refu­gi­at din Ucrai­na, sun­teți un refu­gi­at pri­vat și dacă sun­teți un refu­gi­at din Ucrai­na și ați locu­it timp de 6 luni în locu­in­țe­le muni­ci­pa­le din ora­șul Karlsruhe.</p>
<p><strong>Vă spri­ji­nim cu între­bări refe­ri­toa­re&nbsp;la:</strong></p>
<p>- Cores­pon­den­ță cu auto­ri­tă­ți­le (cen­trul de ocu­pa­re a for­ței de mun­că, biro­ul de asis­ten­ță soci­a­lă, biro­ul de imigrare)<br>
— Cău­ta­rea unui apar­ta­ment și a unui con­tract de închiriere<br>
— Cău­tați un curs de integrare<br>
— Spri­jin în pro­ble­me de drep­tul muncii<br>
— Cău­tați un loc la gră­di­ni­ță sau la școa­lă pen­tru copi­lul dumneavoastră<br>
— Cău­tați acti­vi­tăți spor­ti­ve și de petre­ce­re a tim­pu­lui liber pen­tru dvs. și copi­lul&nbsp;dvs.<br>
— Posi­bi­le ofer­te de aju­tor pen­tru pro­ble­me psihologice</p>
<p>Mana­ge­men­tul inte­gră­rii spri­ji­nă refu­gi­a­ții din Ucrai­na în dife­ri­te situ­a­ții de via­ță prin ofer­te de con­si­li­e­re, întâl­niri, edu­ca­ție și înso­ți­re. Cu sco­pul de a pro­mo­va pro­ce­sul de inte­gra­re indi­vi­du­a­lă și de a con­so­li­da inde­pen­den­ța acestora.</p>
<p><strong>Pro­ce­sul de inte­gra­re indi­vi­du­a­lă tre­bu­ie rea­li­zat prin urmă­toa­re­le sarcini:</strong></p>
<p>Cre­a­rea în comun a unui plan de spri­jin indi­vi­du­al cu obiec­ti­ve baza­te pe&nbsp;timp<br>
Refe­ri­rea către ser­vi­cii spe­cia­li­za­te în cazul unor pro­ble­me psihosociale<br>
Con­si­li­e­rea părin­ți­lor pe pro­ble­me de edu­ca­ție și de edu­ca­ție parentală<br>
Medi­e­rea ofer­te­lor pen­tru doban­di­rea cunos­tin­te­lor de lim­ba germana<br>
Medi­e­rea ofer­te­lor de for­ma­re con­ti­nuă în vede­rea pro­mo­vă­rii profesionale<br>
Spri­ji­ni­rea oame­ni­lor în efor­tu­ri­le lor pe pia­ța muncii<br>
Medi­e­rea ofer­te­lor de timp liber (clu­buri, ofer­te cul­tu­ra­le&nbsp;etc.)<br>
Dezvol­ta­rea comu­ni­că­rii inter­cul­tu­ra­le și a locu­ri­lor de întâlnire</p>

Sophienstraße 33

<p>Mana­ge­men­tul inte­gră­rii Ucrai­na Sco­pul nos­tru este inte­gra­rea dura­bi­lă a refu­gi­a­ți­lor din Ucrai­na care locu­iesc în Karl­sru­he. Sun­tem ală­tu­ri de dum­ne­a­voas­tră dacă, în cali­ta­te de refu­gi­at din Ucrai­na, sun­teți un refu­gi­at pri­vat și dacă sun­teți un refu­gi­at din Ucrai­na și ați locu­it timp de 6 luni în locu­in­țe­le muni­ci­pa­le din ora­șul Karl­sru­he. Vă spri­ji­nim cu între­bări refe­ri­toa­re&nbsp;la: — Cores­pon­den­ță cu auto­ri­tă­ți­le (cen­trul de ocu­pa­re a for­ței de mun­că, biro­ul de asis­ten­ță soci­a­lă, biro­ul de imi­gra­re) — Cău­ta­rea unui apar­ta­ment și a unui con­tract de închi­ri­e­re — Cău­tați un curs de inte­gra­re — Spri­jin în pro­ble­me de drep­tul mun­cii — Cău­tați&nbsp;un…</p>

Mana­ge­men­tul inte­gră­rii Ucraina Sco­pul nos­tru este inte­gra­rea dura­bi­lă a refu­gi­a­ți­lor din Ucrai­na care locu­iesc în Karlsruhe. Sun­tem ală­tu­ri de dum­ne­a­voas­tră dacă, în cali­ta­te de refu­gi­at din Ucrai­na, sun­teți un refu­gi­at&nbsp;Citiți mai mult
