{"id":34854,"date":"2023-03-08T11:59:46","date_gmt":"2023-03-08T10:59:46","guid":{"rendered":"https:\/\/www.anika-net.de\/event\/documentarul-acasa-acasa\/"},"modified":"2023-03-10T08:28:36","modified_gmt":"2023-03-10T07:28:36","slug":"documentarul-acasa-acasa","status":"publish","type":"event","link":"https:\/\/www.anika-net.de\/ro\/event\/documentarul-acasa-acasa\/","title":{"rendered":"Docu\u00admen\u00adta\u00adrul \u201cAca\u00ads\u0103\u201d"},"content":{"rendered":"<h3>Docu\u00admen\u00adta\u00adrul \u201cAca\u00ads\u0103\u201d<\/h3>\n<p>Fil\u00admul va fi lan\u00adsat pe 25 mar\u00adtie 2023, de la ora 17:30, la Kine\u00adma\u00adthek Karlsruhe.<\/p>\n<p>Direc\u00adtor: Radu Cior\u00adni\u00adciuc, <strong>Rom\u00e2\u00adnia 2020<\/strong> | 86 Min. |&nbsp;OmU<\/p>\n<p><strong>Des\u00adcri\u00ade\u00adre<\/strong>:<br>\n\u00cen s\u0103l\u00adb\u0103\u00adti\u00adcia Del\u00adtei Bucu\u00adre\u0219ti\u00adu\u00adlui, \u00een spa\u00adte\u00adle peri\u00adfe\u00adri\u00adei metro\u00adpo\u00adlei, o fami\u00adlie tr\u0103\u00adie\u0219\u00adte \u00een armo\u00adnie soli\u00adta\u00adr\u0103 cu natu\u00adra de mai bine&nbsp;de<br>\n\u00een armo\u00adnie soli\u00adta\u00adr\u0103 cu natu\u00adra, \u00eentr\u2011o coli\u00adb\u0103 con\u00adstru\u00adi\u00adt\u0103 de ei \u00een\u0219i\u0219i pe malul m\u0103rii, \u00eenfrun\u00adt\u00e2nd medi\u00adul dur \u0219i indi\u00adfe\u00adrent, prin\u00adz\u00e2nd pe\u0219\u00adte cu m\u00e2i\u00adni\u00adle goa\u00adle \u0219i urm\u00e2nd rit\u00admul anotimpurilor.<\/p>\n<p>\u00cens\u0103, atunci c\u00e2nd ora\u00ad\u0219ul deci\u00adde s\u0103 declare zona cel mai mare parc natu\u00adral din UE, fami\u00adlia Ena\u00adch va fi relo\u00adca\u00adt\u0103 cu for\u00ad\u021ba. Fami\u00adlia deci\u00adde s\u0103 nu renun\u00ad\u021be la casa lor f\u0103r\u0103 s\u0103&nbsp;lupte.<\/p>\n<p>Pre\u00admi\u00ada\u00adtul lung\u00adme\u00adtraj de debut al regi\u00adzo\u00adru\u00adlui Radu Cior\u00adni\u00adciuc spu\u00adne poves\u00adtea cap\u00adti\u00advan\u00adt\u0103 a e\u0219e\u00adcu\u00adlui unei fami\u00adlii s\u0103ra\u00adce de a lup\u00adta pen\u00adtru pro\u00adpria ver\u00adsiu\u00adne a libert\u0103\u021bii.<\/p>\n<p>Fil\u00adme\u00adle sunt pre\u00adzen\u00adta\u00adte \u00een lim\u00adba ori\u00adgi\u00adna\u00adl\u0103 cu sub\u00adti\u00adtra\u00adre \u00een lim\u00adba ger\u00adma\u00adn\u0103 (dac\u0103 este disponibil\u0103).<\/p>\n","protected":false},"author":12,"featured_media":34845,"template":"","class_list":["post-34854","event","type-event","status-publish","has-post-thumbnail","hentry","event_category-timp-liber"],"acf":{"event-recurring":false,"event-category":83,"event-is-language-course":false,"event-recurring-still-active":true,"event-display-details":true,"event-schedules-recurring":null,"event-schedules-calendar":[{"event-calendar-day":"20230325","event-calendar-time":"17:30 Uhr","event-calendar-time-text":""}],"event-is-online":false,"event-online-url":"","event-location-building":"Kinemathek Karlsruhe","event-location-street":"Kaiserpassage 6","event-location-zip":"76133","event-location-city":"Karlsruhe","event-location-contact-person":"","event-location-phone":"+49 721 83189585 (Kinokasse)","event-location-phone-2":"","event-location-mail":"","event-location-mail-2":"","event-location-website":"https:\/\/kinemathek-karlsruhe.de\/film\/acasa-my-home\/","event-target-group":[{"target-group":"all"}],"event-target-group-comment":"","event-free":true,"event-organiser":16435,"event-header-copyright-overlay":true,"event-copyright-note-description-end":false},"featured_image_urls_v2":{"full":["https:\/\/www.anika-net.de\/wp-content\/uploads\/2023\/03\/acasa.jpg",1944,999,false],"thumbnail":["https:\/\/www.anika-net.de\/wp-content\/uploads\/2023\/03\/acasa-150x150.jpg",150,150,true],"medium":["https:\/\/www.anika-net.de\/wp-content\/uploads\/2023\/03\/acasa-300x154.jpg",300,154,true],"medium_large":["https:\/\/www.anika-net.de\/wp-content\/uploads\/2023\/03\/acasa-768x395.jpg",640,329,true],"large":["https:\/\/www.anika-net.de\/wp-content\/uploads\/2023\/03\/acasa-1024x526.jpg",640,329,true],"1536x1536":["https:\/\/www.anika-net.de\/wp-content\/uploads\/2023\/03\/acasa-1536x789.jpg",1536,789,true],"2048x2048":["https:\/\/www.anika-net.de\/wp-content\/uploads\/2023\/03\/acasa.jpg",1944,999,false],"event-overview":["https:\/\/www.anika-net.de\/wp-content\/uploads\/2023\/03\/acasa-960x640.jpg",960,640,true],"event-archive-thumb":["https:\/\/www.anika-net.de\/wp-content\/uploads\/2023\/03\/acasa-480x247.jpg",480,247,true],"grid-item-thumbnail":["https:\/\/www.anika-net.de\/wp-content\/uploads\/2023\/03\/acasa-360x200.jpg",360,200,true],"network-partner-icon":["https:\/\/www.anika-net.de\/wp-content\/uploads\/2023\/03\/acasa-100x100.jpg",100,100,true],"organiser-icon":["https:\/\/www.anika-net.de\/wp-content\/uploads\/2023\/03\/acasa-200x200.jpg",200,200,true],"gform-image-choice-sm":["https:\/\/www.anika-net.de\/wp-content\/uploads\/2023\/03\/acasa.jpg",300,154,false],"gform-image-choice-md":["https:\/\/www.anika-net.de\/wp-content\/uploads\/2023\/03\/acasa.jpg",400,206,false],"gform-image-choice-lg":["https:\/\/www.anika-net.de\/wp-content\/uploads\/2023\/03\/acasa.jpg",600,308,false]},"post_excerpt_stackable_v2":"<p>Docu\u00admen\u00adta\u00adrul \u201cAca\u00ads\u0103\u201d Fil\u00admul va fi lan\u00adsat pe 25 mar\u00adtie 2023, de la ora 17:30, la Kine\u00adma\u00adthek Karl\u00adsru\u00adhe. Direc\u00adtor: Radu Cior\u00adni\u00adciuc, Rom\u00e2\u00adnia 2020 | 86 Min. |&nbsp;OmU Des\u00adcri\u00ade\u00adre: \u00cen s\u0103l\u00adb\u0103\u00adti\u00adcia Del\u00adtei Bucu\u00adre\u0219ti\u00adu\u00adlui, \u00een spa\u00adte\u00adle peri\u00adfe\u00adri\u00adei metro\u00adpo\u00adlei, o fami\u00adlie tr\u0103\u00adie\u0219\u00adte \u00een armo\u00adnie soli\u00adta\u00adr\u0103 cu natu\u00adra de mai bine&nbsp;de \u00een armo\u00adnie soli\u00adta\u00adr\u0103 cu natu\u00adra, \u00eentr\u2011o coli\u00adb\u0103 con\u00adstru\u00adi\u00adt\u0103 de ei \u00een\u0219i\u0219i pe malul m\u0103rii, \u00eenfrun\u00adt\u00e2nd medi\u00adul dur \u0219i indi\u00adfe\u00adrent, prin\u00adz\u00e2nd pe\u0219\u00adte cu m\u00e2i\u00adni\u00adle goa\u00adle \u0219i urm\u00e2nd rit\u00admul ano\u00adtim\u00adpu\u00adri\u00adlor. \u00cens\u0103, atunci c\u00e2nd ora\u00ad\u0219ul deci\u00adde s\u0103 declare zona cel mai mare parc natu\u00adral din UE, fami\u00adlia Ena\u00adch va fi relo\u00adca\u00adt\u0103 cu for\u00ad\u021ba. Fami\u00adlia deci\u00adde s\u0103&nbsp;nu\u2026<\/p>\n","category_list_v2":"","author_info_v2":{"name":"Andrea Ramirez","url":"https:\/\/www.anika-net.de\/ro\/author\/andrea-ramirez\/"},"comments_num_v2":"0 comments","uagb_featured_image_src":{"full":["https:\/\/www.anika-net.de\/wp-content\/uploads\/2023\/03\/acasa.jpg",1944,999,false],"thumbnail":["https:\/\/www.anika-net.de\/wp-content\/uploads\/2023\/03\/acasa-150x150.jpg",150,150,true],"medium":["https:\/\/www.anika-net.de\/wp-content\/uploads\/2023\/03\/acasa-300x154.jpg",300,154,true],"medium_large":["https:\/\/www.anika-net.de\/wp-content\/uploads\/2023\/03\/acasa-768x395.jpg",640,329,true],"large":["https:\/\/www.anika-net.de\/wp-content\/uploads\/2023\/03\/acasa-1024x526.jpg",640,329,true],"1536x1536":["https:\/\/www.anika-net.de\/wp-content\/uploads\/2023\/03\/acasa-1536x789.jpg",1536,789,true],"2048x2048":["https:\/\/www.anika-net.de\/wp-content\/uploads\/2023\/03\/acasa.jpg",1944,999,false],"event-overview":["https:\/\/www.anika-net.de\/wp-content\/uploads\/2023\/03\/acasa-960x640.jpg",960,640,true],"event-archive-thumb":["https:\/\/www.anika-net.de\/wp-content\/uploads\/2023\/03\/acasa-480x247.jpg",480,247,true],"grid-item-thumbnail":["https:\/\/www.anika-net.de\/wp-content\/uploads\/2023\/03\/acasa-360x200.jpg",360,200,true],"network-partner-icon":["https:\/\/www.anika-net.de\/wp-content\/uploads\/2023\/03\/acasa-100x100.jpg",100,100,true],"organiser-icon":["https:\/\/www.anika-net.de\/wp-content\/uploads\/2023\/03\/acasa-200x200.jpg",200,200,true],"gform-image-choice-sm":["https:\/\/www.anika-net.de\/wp-content\/uploads\/2023\/03\/acasa.jpg",300,154,false],"gform-image-choice-md":["https:\/\/www.anika-net.de\/wp-content\/uploads\/2023\/03\/acasa.jpg",400,206,false],"gform-image-choice-lg":["https:\/\/www.anika-net.de\/wp-content\/uploads\/2023\/03\/acasa.jpg",600,308,false]},"uagb_author_info":{"display_name":"Andrea Ramirez","author_link":"https:\/\/www.anika-net.de\/ro\/author\/andrea-ramirez\/"},"uagb_comment_info":0,"uagb_excerpt":"Docu\u00admen\u00adta\u00adrul \u201cAca\u00ads\u0103\u201d Fil\u00admul va fi lan\u00adsat pe 25 mar\u00adtie 2023, de la ora 17:30, la Kine\u00adma\u00adthek Karlsruhe. Direc\u00adtor: Radu Cior\u00adni\u00adciuc, Rom\u00e2\u00adnia 2020 | 86 Min. |&nbsp;OmU Des\u00adcri\u00ade\u00adre: \u00cen s\u0103l\u00adb\u0103\u00adti\u00adcia Del\u00adtei&nbsp;Citi\u021bi mai mult","_links":{"self":[{"href":"https:\/\/www.anika-net.de\/ro\/wp-json\/wp\/v2\/event\/34854","targetHints":{"allow":["GET"]}}],"collection":[{"href":"https:\/\/www.anika-net.de\/ro\/wp-json\/wp\/v2\/event"}],"about":[{"href":"https:\/\/www.anika-net.de\/ro\/wp-json\/wp\/v2\/types\/event"}],"author":[{"embeddable":true,"href":"https:\/\/www.anika-net.de\/ro\/wp-json\/wp\/v2\/users\/12"}],"version-history":[{"count":0,"href":"https:\/\/www.anika-net.de\/ro\/wp-json\/wp\/v2\/event\/34854\/revisions"}],"acf:post":[{"embeddable":true,"href":"https:\/\/www.anika-net.de\/ro\/wp-json\/wp\/v2\/organiser\/16435"}],"acf:term":[{"embeddable":true,"taxonomy":"event_category","href":"https:\/\/www.anika-net.de\/ro\/wp-json\/wp\/v2\/event_category\/83"}],"wp:featuredmedia":[{"embeddable":true,"href":"https:\/\/www.anika-net.de\/ro\/wp-json\/wp\/v2\/media\/34845"}],"wp:attachment":[{"href":"https:\/\/www.anika-net.de\/ro\/wp-json\/wp\/v2\/media?parent=34854"}],"curies":[{"name":"wp","href":"https:\/\/api.w.org\/{rel}","templated":true}]}}

Docu­men­ta­rul “Aca­să”

<h3>Docu­men­ta­rul “Aca­să”</h3>
<p>Fil­mul va fi lan­sat pe 25 mar­tie 2023, de la ora 17:30, la Kine­ma­thek Karlsruhe.</p>
<p>Direc­tor: Radu Cior­ni­ciuc, <strong>Româ­nia 2020</strong> | 86 Min. |&nbsp;OmU</p>
<p><strong>Des­cri­e­re</strong>:<br>
În săl­bă­ti­cia Del­tei Bucu­rești­u­lui, în spa­te­le peri­fe­ri­ei metro­po­lei, o fami­lie tră­ieș­te în armo­nie soli­ta­ră cu natu­ra de mai bine&nbsp;de<br>
în armo­nie soli­ta­ră cu natu­ra, într‑o coli­bă con­stru­i­tă de ei înșiși pe malul mării, înfrun­tând medi­ul dur și indi­fe­rent, prin­zând peș­te cu mâi­ni­le goa­le și urmând rit­mul anotimpurilor.</p>
<p>Însă, atunci când ora­șul deci­de să declare zona cel mai mare parc natu­ral din UE, fami­lia Ena­ch va fi relo­ca­tă cu for­ța. Fami­lia deci­de să nu renun­țe la casa lor fără să&nbsp;lupte.</p>
<p>Pre­mi­a­tul lung­me­traj de debut al regi­zo­ru­lui Radu Cior­ni­ciuc spu­ne poves­tea cap­ti­van­tă a eșe­cu­lui unei fami­lii săra­ce de a lup­ta pen­tru pro­pria ver­siu­ne a libertății.</p>
<p>Fil­me­le sunt pre­zen­ta­te în lim­ba ori­gi­na­lă cu sub­ti­tra­re în lim­ba ger­ma­nă (dacă este disponibilă).</p>

<p>Docu­men­ta­rul “Aca­să” Fil­mul va fi lan­sat pe 25 mar­tie 2023, de la ora 17:30, la Kine­ma­thek Karl­sru­he. Direc­tor: Radu Cior­ni­ciuc, Româ­nia 2020 | 86 Min. |&nbsp;OmU Des­cri­e­re: În săl­bă­ti­cia Del­tei Bucu­rești­u­lui, în spa­te­le peri­fe­ri­ei metro­po­lei, o fami­lie tră­ieș­te în armo­nie soli­ta­ră cu natu­ra de mai bine&nbsp;de în armo­nie soli­ta­ră cu natu­ra, într‑o coli­bă con­stru­i­tă de ei înșiși pe malul mării, înfrun­tând medi­ul dur și indi­fe­rent, prin­zând peș­te cu mâi­ni­le goa­le și urmând rit­mul ano­tim­pu­ri­lor. Însă, atunci când ora­șul deci­de să declare zona cel mai mare parc natu­ral din UE, fami­lia Ena­ch va fi relo­ca­tă cu for­ța. Fami­lia deci­de să&nbsp;nu…</p>

Docu­men­ta­rul “Aca­să” Fil­mul va fi lan­sat pe 25 mar­tie 2023, de la ora 17:30, la Kine­ma­thek Karlsruhe. Direc­tor: Radu Cior­ni­ciuc, Româ­nia 2020 | 86 Min. |&nbsp;OmU Des­cri­e­re: În săl­bă­ti­cia Del­tei&nbsp;Citiți mai mult
