{"id":28541,"date":"2022-11-02T10:29:19","date_gmt":"2022-11-02T09:29:19","guid":{"rendered":"https:\/\/www.anika-net.de\/event\/tari-oameni-delicatese-senegal\/"},"modified":"2025-02-11T12:04:32","modified_gmt":"2025-02-11T11:04:32","slug":"tari-oameni-delicatese-senegal","status":"publish","type":"event","link":"https:\/\/www.anika-net.de\/ro\/event\/tari-oameni-delicatese-senegal\/","title":{"rendered":"Sea\u00adr\u0103 rom\u00e2\u00adneas\u00adc\u0103 cu muzic\u0103"},"content":{"rendered":"<h4><span style=\"color: #666699;\">\u021a\u0103ri Oameni Delicii:<\/span><\/h4>\n<h1><span style=\"color: #333399;\">Sea\u00adr\u0103 rom\u00e2\u00adneas\u00adc\u0103 cu muzic\u0103<\/span><\/h1>\n<h3><span style=\"color: #008080;\">\u00cent\u00e2l\u00adni\u00adre culinar-cultural\u0103<\/span><br>\n<span style=\"color: #008080;\">Taxa de par\u00adti\u00adci\u00adpa\u00adre:&nbsp;25\u20ac<\/span><\/h3>\n<p>Ve\u021bi pre\u00adg\u0103ti deli\u00adca\u00adte\u00adse din buc\u0103\u00adt\u0103\u00adria rom\u00e2\u00adneas\u00adc\u0103 \u00eentr-un grup mic \u0219i sub \u00eendru\u00adma\u00adrea unui expert. Vi se va oferi o selec\u00ad\u021bie de m\u00e2n\u00adc\u0103\u00adruri dife\u00adri\u00adte, inclu\u00adsiv op\u021biuni vege\u00adta\u00adrie\u00adne \u0219i de car\u00adne, pre\u00adcum \u0219i un desert deli\u00adcios. Apoi v\u0103 ve\u021bi servi meni\u00adul \u201coas\u00adpe\u00ad\u021bi\u00adlor\u201d \u00eence\u00adp\u00e2nd cu ora 19:00. \u00cen timp ce m\u00e2n\u00adca\u021bi \u00eempre\u00adu\u00adn\u0103, ve\u021bi avea oca\u00adzia s\u0103 vor\u00adbi\u021bi \u00eentre voi \u0219i s\u0103 v\u0103 bucu\u00adra\u021bi de muzi\u00adc\u0103 \u0219i dan\u00adsuri rom\u00e2ne\u0219ti.&nbsp;<\/p>\n<p>Aces\u00adta este cel de-al \u0219ap\u00adte\u00adlea eve\u00adni\u00adment dintr\u2011o serie de Koch\u00adKul\u00adtu\u00adrE\u00advents. \u00centot\u00addea\u00adu\u00adna se pune accen\u00adtul pe un con\u00adti\u00adnent cu o regiune\/\u021bar\u0103 \u0219i pe deli\u00adca\u00adte\u00adse\u00adle sale culi\u00adna\u00adre, muzi\u00adc\u0103 \u0219i cul\u00adtu\u00adr\u0103. Dac\u0103 dori\u021bi s\u0103 ob\u021bi\u00adne\u021bi \u00een avans o mic\u0103 per\u00adspec\u00adti\u00adv\u0103 asu\u00adpra cul\u00adtu\u00adrii Rom\u00e2\u00adni\u00adei, ve\u021bi avea oca\u00adzia s\u0103 face\u021bi acest lucru \u00een tim\u00adpul unei pre\u00adzen\u00adt\u0103ri. Fi\u021bi curio\u0219i!<\/p>\n<p><strong>V\u0103 rug\u0103m s\u0103 rezer\u00adva\u021bi cur\u00adsul de g\u0103tit sub num\u0103\u00adrul de curs 251\u201330300 la vhs \u0219i pre\u00adle\u00adge\u00adrea sub 251\u201330301.<\/strong><\/p>\n<blockquote><p><em>Coo\u00adpe\u00adra\u00adrea \u00een cadrul cam\u00adpu\u00adsu\u00adlui edu\u00adca\u00ad\u021bio\u00adnal cu KONS, ibz \u0219i&nbsp;VHS<\/em><\/p><\/blockquote>\n","protected":false},"author":12,"featured_media":58506,"template":"","class_list":["post-28541","event","type-event","status-publish","has-post-thumbnail","hentry","event_category-timp-liber"],"acf":{"event-recurring":false,"event-category":83,"event-is-language-course":false,"event-recurring-still-active":true,"event-display-details":true,"event-schedules-recurring":null,"event-schedules-calendar":[{"event-calendar-day":"20250315","event-calendar-time":"16:00 - 22:00","event-calendar-time-text":""}],"event-is-online":false,"event-online-url":"","event-location-building":"ibz - EG, Gro\u00dfer Saal ","event-location-street":"Kaiserallee 12d","event-location-zip":"76133","event-location-city":"Karlsruhe","event-location-contact-person":"","event-location-phone":"721 89 33 37 10  (ibz)","event-location-phone-2":"","event-location-mail":"","event-location-mail-2":"","event-location-website":"https:\/\/www.ibz-karlsruhe.de\/events\/laender-leute-leckereien-japan-347\/","event-target-group":[{"target-group":"all"}],"event-target-group-comment":"","event-free":false,"event-organiser":[16645,16248,28549,34261],"event-header-copyright-overlay":true,"event-copyright-note-description-end":true},"featured_image_urls_v2":{"full":["https:\/\/www.anika-net.de\/wp-content\/uploads\/2022\/11\/freestocks-_IZZKKL0uBs-unsplash-scaled.jpg",2560,1707,false],"thumbnail":["https:\/\/www.anika-net.de\/wp-content\/uploads\/2022\/11\/freestocks-_IZZKKL0uBs-unsplash-150x150.jpg",150,150,true],"medium":["https:\/\/www.anika-net.de\/wp-content\/uploads\/2022\/11\/freestocks-_IZZKKL0uBs-unsplash-300x200.jpg",300,200,true],"medium_large":["https:\/\/www.anika-net.de\/wp-content\/uploads\/2022\/11\/freestocks-_IZZKKL0uBs-unsplash-768x512.jpg",640,427,true],"large":["https:\/\/www.anika-net.de\/wp-content\/uploads\/2022\/11\/freestocks-_IZZKKL0uBs-unsplash-1024x683.jpg",640,427,true],"1536x1536":["https:\/\/www.anika-net.de\/wp-content\/uploads\/2022\/11\/freestocks-_IZZKKL0uBs-unsplash-1536x1024.jpg",1536,1024,true],"2048x2048":["https:\/\/www.anika-net.de\/wp-content\/uploads\/2022\/11\/freestocks-_IZZKKL0uBs-unsplash-2048x1365.jpg",2048,1365,true],"event-overview":["https:\/\/www.anika-net.de\/wp-content\/uploads\/2022\/11\/freestocks-_IZZKKL0uBs-unsplash-960x640.jpg",960,640,true],"event-archive-thumb":["https:\/\/www.anika-net.de\/wp-content\/uploads\/2022\/11\/freestocks-_IZZKKL0uBs-unsplash-480x320.jpg",480,320,true],"grid-item-thumbnail":["https:\/\/www.anika-net.de\/wp-content\/uploads\/2022\/11\/freestocks-_IZZKKL0uBs-unsplash-360x200.jpg",360,200,true],"network-partner-icon":["https:\/\/www.anika-net.de\/wp-content\/uploads\/2022\/11\/freestocks-_IZZKKL0uBs-unsplash-100x100.jpg",100,100,true],"organiser-icon":["https:\/\/www.anika-net.de\/wp-content\/uploads\/2022\/11\/freestocks-_IZZKKL0uBs-unsplash-200x200.jpg",200,200,true],"gform-image-choice-sm":["https:\/\/www.anika-net.de\/wp-content\/uploads\/2022\/11\/freestocks-_IZZKKL0uBs-unsplash-300x300.jpg",300,300,true],"gform-image-choice-md":["https:\/\/www.anika-net.de\/wp-content\/uploads\/2022\/11\/freestocks-_IZZKKL0uBs-unsplash-400x400.jpg",400,400,true],"gform-image-choice-lg":["https:\/\/www.anika-net.de\/wp-content\/uploads\/2022\/11\/freestocks-_IZZKKL0uBs-unsplash-600x600.jpg",600,600,true]},"post_excerpt_stackable_v2":"<p>\u021a\u0103ri Oameni Deli\u00adcii: Sea\u00adr\u0103 rom\u00e2\u00adneas\u00adc\u0103 cu muzi\u00adc\u0103 \u00cent\u00e2l\u00adni\u00adre culi\u00adnar-cul\u00adtu\u00adra\u00adl\u0103 Taxa de par\u00adti\u00adci\u00adpa\u00adre:&nbsp;25\u20ac Ve\u021bi pre\u00adg\u0103ti deli\u00adca\u00adte\u00adse din buc\u0103\u00adt\u0103\u00adria rom\u00e2\u00adneas\u00adc\u0103 \u00eentr-un grup mic \u0219i sub \u00eendru\u00adma\u00adrea unui expert. Vi se va oferi o selec\u00ad\u021bie de m\u00e2n\u00adc\u0103\u00adruri dife\u00adri\u00adte, inclu\u00adsiv op\u021biuni vege\u00adta\u00adrie\u00adne \u0219i de car\u00adne, pre\u00adcum \u0219i un desert deli\u00adcios. Apoi v\u0103 ve\u021bi servi meni\u00adul \u201coas\u00adpe\u00ad\u021bi\u00adlor\u201d \u00eence\u00adp\u00e2nd cu ora 19:00. \u00cen timp ce m\u00e2n\u00adca\u021bi \u00eempre\u00adu\u00adn\u0103, ve\u021bi avea oca\u00adzia s\u0103 vor\u00adbi\u021bi \u00eentre voi \u0219i s\u0103 v\u0103 bucu\u00adra\u021bi de muzi\u00adc\u0103 \u0219i dan\u00adsuri rom\u00e2\u00adne\u0219ti.&nbsp; Aces\u00adta este cel de-al \u0219ap\u00adte\u00adlea eve\u00adni\u00adment dintr\u2011o serie de Koch\u00adKul\u00adtu\u00adrE\u00advents. \u00centot\u00addea\u00adu\u00adna se pune accen\u00adtul pe un con\u00adti\u00adnent cu o regiune\/\u021bar\u0103 \u0219i pe delicatesele\u2026<\/p>\n","category_list_v2":"","author_info_v2":{"name":"Andrea Ramirez","url":"https:\/\/www.anika-net.de\/ro\/author\/andrea-ramirez\/"},"comments_num_v2":"0 comments","uagb_featured_image_src":{"full":["https:\/\/www.anika-net.de\/wp-content\/uploads\/2022\/11\/freestocks-_IZZKKL0uBs-unsplash-scaled.jpg",2560,1707,false],"thumbnail":["https:\/\/www.anika-net.de\/wp-content\/uploads\/2022\/11\/freestocks-_IZZKKL0uBs-unsplash-150x150.jpg",150,150,true],"medium":["https:\/\/www.anika-net.de\/wp-content\/uploads\/2022\/11\/freestocks-_IZZKKL0uBs-unsplash-300x200.jpg",300,200,true],"medium_large":["https:\/\/www.anika-net.de\/wp-content\/uploads\/2022\/11\/freestocks-_IZZKKL0uBs-unsplash-768x512.jpg",640,427,true],"large":["https:\/\/www.anika-net.de\/wp-content\/uploads\/2022\/11\/freestocks-_IZZKKL0uBs-unsplash-1024x683.jpg",640,427,true],"1536x1536":["https:\/\/www.anika-net.de\/wp-content\/uploads\/2022\/11\/freestocks-_IZZKKL0uBs-unsplash-1536x1024.jpg",1536,1024,true],"2048x2048":["https:\/\/www.anika-net.de\/wp-content\/uploads\/2022\/11\/freestocks-_IZZKKL0uBs-unsplash-2048x1365.jpg",2048,1365,true],"event-overview":["https:\/\/www.anika-net.de\/wp-content\/uploads\/2022\/11\/freestocks-_IZZKKL0uBs-unsplash-960x640.jpg",960,640,true],"event-archive-thumb":["https:\/\/www.anika-net.de\/wp-content\/uploads\/2022\/11\/freestocks-_IZZKKL0uBs-unsplash-480x320.jpg",480,320,true],"grid-item-thumbnail":["https:\/\/www.anika-net.de\/wp-content\/uploads\/2022\/11\/freestocks-_IZZKKL0uBs-unsplash-360x200.jpg",360,200,true],"network-partner-icon":["https:\/\/www.anika-net.de\/wp-content\/uploads\/2022\/11\/freestocks-_IZZKKL0uBs-unsplash-100x100.jpg",100,100,true],"organiser-icon":["https:\/\/www.anika-net.de\/wp-content\/uploads\/2022\/11\/freestocks-_IZZKKL0uBs-unsplash-200x200.jpg",200,200,true],"gform-image-choice-sm":["https:\/\/www.anika-net.de\/wp-content\/uploads\/2022\/11\/freestocks-_IZZKKL0uBs-unsplash-300x300.jpg",300,300,true],"gform-image-choice-md":["https:\/\/www.anika-net.de\/wp-content\/uploads\/2022\/11\/freestocks-_IZZKKL0uBs-unsplash-400x400.jpg",400,400,true],"gform-image-choice-lg":["https:\/\/www.anika-net.de\/wp-content\/uploads\/2022\/11\/freestocks-_IZZKKL0uBs-unsplash-600x600.jpg",600,600,true]},"uagb_author_info":{"display_name":"Andrea Ramirez","author_link":"https:\/\/www.anika-net.de\/ro\/author\/andrea-ramirez\/"},"uagb_comment_info":0,"uagb_excerpt":"\u021a\u0103ri Oameni Delicii: Sea\u00adr\u0103 rom\u00e2\u00adneas\u00adc\u0103 cu muzic\u0103 \u00cent\u00e2l\u00adni\u00adre culinar-cultural\u0103 Taxa de par\u00adti\u00adci\u00adpa\u00adre:&nbsp;25\u20ac Ve\u021bi pre\u00adg\u0103ti deli\u00adca\u00adte\u00adse din buc\u0103\u00adt\u0103\u00adria rom\u00e2\u00adneas\u00adc\u0103 \u00eentr-un grup mic \u0219i sub \u00eendru\u00adma\u00adrea unui expert. Vi se va oferi&nbsp;Citi\u021bi mai mult","_links":{"self":[{"href":"https:\/\/www.anika-net.de\/ro\/wp-json\/wp\/v2\/event\/28541","targetHints":{"allow":["GET"]}}],"collection":[{"href":"https:\/\/www.anika-net.de\/ro\/wp-json\/wp\/v2\/event"}],"about":[{"href":"https:\/\/www.anika-net.de\/ro\/wp-json\/wp\/v2\/types\/event"}],"author":[{"embeddable":true,"href":"https:\/\/www.anika-net.de\/ro\/wp-json\/wp\/v2\/users\/12"}],"version-history":[{"count":1,"href":"https:\/\/www.anika-net.de\/ro\/wp-json\/wp\/v2\/event\/28541\/revisions"}],"predecessor-version":[{"id":58525,"href":"https:\/\/www.anika-net.de\/ro\/wp-json\/wp\/v2\/event\/28541\/revisions\/58525"}],"acf:post":[{"embeddable":true,"href":"https:\/\/www.anika-net.de\/ro\/wp-json\/wp\/v2\/organiser\/34261"},{"embeddable":true,"href":"https:\/\/www.anika-net.de\/ro\/wp-json\/wp\/v2\/organiser\/28549"},{"embeddable":true,"href":"https:\/\/www.anika-net.de\/ro\/wp-json\/wp\/v2\/organiser\/16248"},{"embeddable":true,"href":"https:\/\/www.anika-net.de\/ro\/wp-json\/wp\/v2\/organiser\/16645"}],"acf:term":[{"embeddable":true,"taxonomy":"event_category","href":"https:\/\/www.anika-net.de\/ro\/wp-json\/wp\/v2\/event_category\/83"}],"wp:featuredmedia":[{"embeddable":true,"href":"https:\/\/www.anika-net.de\/ro\/wp-json\/wp\/v2\/media\/58506"}],"wp:attachment":[{"href":"https:\/\/www.anika-net.de\/ro\/wp-json\/wp\/v2\/media?parent=28541"}],"curies":[{"name":"wp","href":"https:\/\/api.w.org\/{rel}","templated":true}]}}

Sea­ră româ­neas­că cu muzică

<h4><span style="color: #666699;">Țări Oameni Delicii:</span></h4>
<h1><span style="color: #333399;">Sea­ră româ­neas­că cu muzică</span></h1>
<h3><span style="color: #008080;">Întâl­ni­re culinar-culturală</span><br>
<span style="color: #008080;">Taxa de par­ti­ci­pa­re:&nbsp;25€</span></h3>
<p>Veți pre­găti deli­ca­te­se din bucă­tă­ria româ­neas­că într-un grup mic și sub îndru­ma­rea unui expert. Vi se va oferi o selec­ție de mân­că­ruri dife­ri­te, inclu­siv opțiuni vege­ta­rie­ne și de car­ne, pre­cum și un desert deli­cios. Apoi vă veți servi meni­ul “oas­pe­ți­lor” înce­pând cu ora 19:00. În timp ce mân­cați împre­u­nă, veți avea oca­zia să vor­biți între voi și să vă bucu­rați de muzi­că și dan­suri românești.&nbsp;</p>
<p>Aces­ta este cel de-al șap­te­lea eve­ni­ment dintr‑o serie de Koch­Kul­tu­rE­vents. Întot­dea­u­na se pune accen­tul pe un con­ti­nent cu o regiune/țară și pe deli­ca­te­se­le sale culi­na­re, muzi­că și cul­tu­ră. Dacă doriți să obți­neți în avans o mică per­spec­ti­vă asu­pra cul­tu­rii Româ­ni­ei, veți avea oca­zia să faceți acest lucru în tim­pul unei pre­zen­tări. Fiți curioși!</p>
<p><strong>Vă rugăm să rezer­vați cur­sul de gătit sub numă­rul de curs 251–30300 la vhs și pre­le­ge­rea sub 251–30301.</strong></p>
<blockquote><p><em>Coo­pe­ra­rea în cadrul cam­pu­su­lui edu­ca­țio­nal cu KONS, ibz și&nbsp;VHS</em></p></blockquote>

ibz - EG, Großer Saal

<p>Țări Oameni Deli­cii: Sea­ră româ­neas­că cu muzi­că Întâl­ni­re culi­nar-cul­tu­ra­lă Taxa de par­ti­ci­pa­re:&nbsp;25€ Veți pre­găti deli­ca­te­se din bucă­tă­ria româ­neas­că într-un grup mic și sub îndru­ma­rea unui expert. Vi se va oferi o selec­ție de mân­că­ruri dife­ri­te, inclu­siv opțiuni vege­ta­rie­ne și de car­ne, pre­cum și un desert deli­cios. Apoi vă veți servi meni­ul “oas­pe­ți­lor” înce­pând cu ora 19:00. În timp ce mân­cați împre­u­nă, veți avea oca­zia să vor­biți între voi și să vă bucu­rați de muzi­că și dan­suri româ­nești.&nbsp; Aces­ta este cel de-al șap­te­lea eve­ni­ment dintr‑o serie de Koch­Kul­tu­rE­vents. Întot­dea­u­na se pune accen­tul pe un con­ti­nent cu o regiune/țară și pe delicatesele…</p>

Țări Oameni Delicii: Sea­ră româ­neas­că cu muzică Întâl­ni­re culinar-culturală Taxa de par­ti­ci­pa­re:&nbsp;25€ Veți pre­găti deli­ca­te­se din bucă­tă­ria româ­neas­că într-un grup mic și sub îndru­ma­rea unui expert. Vi se va oferi&nbsp;Citiți mai mult
