{"id":27092,"date":"2022-09-15T12:26:01","date_gmt":"2022-09-15T10:26:01","guid":{"rendered":"https:\/\/www.anika-net.de\/event\/training-your-way-to-becoming-certified-paramedic-or-caregiver-assistant\/"},"modified":"2022-09-21T10:37:00","modified_gmt":"2022-09-21T08:37:00","slug":"instruire-calea-ta-pentru-a-deveni-paramedic-sau-asistent-medical-certificat","status":"publish","type":"event","link":"https:\/\/www.anika-net.de\/ro\/event\/instruire-calea-ta-pentru-a-deveni-paramedic-sau-asistent-medical-certificat\/","title":{"rendered":"Instru\u00adi\u00adre: Calea ta pen\u00adtru a deve\u00adni para\u00adme\u00addic sau asis\u00adtent medi\u00adcal certificat"},"content":{"rendered":"<p><strong>Infor\u00adma\u00ad\u021bii des\u00adpre calificare<\/strong><\/p>\n<p>Cali\u00adfi\u00adca\u00adrea ZIEL con\u00adst\u0103 \u00een trei modu\u00adle care se bazea\u00adz\u0103 unul pe cel\u0103\u00adlalt. Dup\u0103 absol\u00advi\u00adrea modu\u00adlu\u00adlui avan\u00adsat, se poa\u00adte lua o deci\u00adzie \u00eentre cali\u00adfi\u00adca\u00adrea ca para\u00adme\u00addic (m\/f\/d) sau ca asis\u00adtent medi\u00adcal (m\/f\/d).<\/p>\n<p><strong>Modul de pre\u00adg\u0103\u00adti\u00adre<\/strong>: Prim-aju\u00adtor (m\/f\/d) din <strong>14.11.2022<\/strong><\/p>\n<p><strong>Modul avan\u00adsat<\/strong>: Asis\u00adtent de \u00eengri\u00adji\u00adre \u0219i para\u00adme\u00addic (m\/f\/d)<\/p>\n<p><strong>Modu\u00adlul de spe\u00adcia\u00adli\u00adta\u00adte 1<\/strong>: Para\u00adme\u00addic (m\/f\/d)<\/p>\n<p><strong>Modu\u00adlul de spe\u00adcia\u00adli\u00adta\u00adte 2<\/strong>: Asis\u00adtent medi\u00adcal (m\/f\/d)<\/p>\n<p><strong>Grup \u021bin\u00adt\u0103<\/strong><\/p>\n<p>Cali\u00adfi\u00adca\u00adrea se adre\u00adsea\u00adz\u0103, \u00een prin\u00adci\u00adpiu, tutu\u00adror per\u00adsoa\u00adne\u00adlor care sunt eli\u00adgi\u00adbi\u00adle pen\u00adtru spri\u00adjin prin inter\u00adme\u00addi\u00adul Agen\u00ad\u021bi\u00adei pen\u00adtru ocu\u00adpa\u00adrea for\u00ad\u021bei de mun\u00adc\u0103 sau al Cen\u00adtru\u00adlui pen\u00adtru ocu\u00adpa\u00adrea for\u00ad\u021bei de mun\u00adc\u0103. Deo\u00ada\u00adre\u00adce inclu\u00adde at\u00e2t spri\u00adjin inten\u00adsiv pen\u00adtru lim\u00adba ger\u00adma\u00adn\u0103, c\u00e2t \u0219i spri\u00adjin socio-peda\u00adgo\u00adgic pe \u00eentrea\u00adga peri\u00adoa\u00add\u0103 de cali\u00adfi\u00adca\u00adre, este deo\u00adse\u00adbit de potri\u00advit pen\u00adtru <strong>per\u00adsoa\u00adne\u00adle cu un tre\u00adcut de migra\u00ad\u021bie<\/strong> (de la nive\u00adlul ling\u00advis\u00adtic&nbsp;A2).<\/p>\n<p><strong>Costuri\/op\u021biuni de sprijin<\/strong><br>\nCos\u00adtu\u00adri\u00adle de for\u00adma\u00adre pro\u00adfe\u00adsio\u00adna\u00adl\u0103 sunt aco\u00adpe\u00adri\u00adte de vou\u00adche\u00adre de acti\u00adva\u00adre sau de edu\u00adca\u00ad\u021bie emi\u00adse de cen\u00adtre\u00adle de ocu\u00adpa\u00adre a for\u00ad\u021bei de mun\u00adc\u0103 sau de agen\u00ad\u021bi\u00adi\u00adle de ocu\u00adpa\u00adre a for\u00ad\u021bei de mun\u00adc\u0103. De ase\u00adme\u00adnea, \u00een plus, com\u00adpa\u00adni\u00adi\u00adle private<br>\ninsti\u00adtu\u00ad\u021bi\u00adi\u00adle pot, de ase\u00adme\u00adnea, s\u0103 declare c\u0103 \u00ee\u0219i vor asu\u00adma costurile.<\/p>\n<p>\u2013&gt; Mai mul\u00adte infor\u00adma\u00ad\u021bii des\u00adpre <strong>pro\u00adiec\u00adtul Ziel din Karl\u00adsru\u00adhe<\/strong> \u00een cur\u00e2nd.<\/p>\n<p>des\u00adc\u0103r\u00adca\u021bi <a href=\"https:\/\/www.anika-net.de\/wp-content\/uploads\/2022\/09\/aktuell-05_22_Flyer_ZIEL_Mannheim.pdf\">flu\u00adtu\u00adra\u00ad\u0219ul <\/a><\/p>\n<p>des\u00adc\u0103r\u00adca\u021bi <a href=\"https:\/\/www.anika-net.de\/wp-content\/uploads\/2022\/09\/2022-02-ZIEL-Factsheet.pdf\">fi\u0219a infor\u00adma\u00adti\u00adv\u0103<\/a><\/p>\n","protected":false},"author":12,"featured_media":26835,"template":"","class_list":["post-27092","event","type-event","status-publish","has-post-thumbnail","hentry","event_category-educatie"],"acf":{"event-recurring":false,"event-category":82,"event-is-language-course":false,"event-recurring-still-active":true,"event-display-details":true,"event-schedules-recurring":null,"event-schedules-calendar":[{"event-calendar-day":"20221114","event-calendar-time":"","event-calendar-time-text":""}],"event-is-online":false,"event-online-url":"","event-location-building":"Johanniter-Unfall-Hilfe e.V. Regionalverband Baden","event-location-street":"Frankensteiner Str, 4a","event-location-zip":"97887","event-location-city":"Wertheim","event-location-contact-person":"Stefan Dosch M.A. \/ Sandra Schabert","event-location-phone":"+49 9342 91102-0","event-location-phone-2":"0621 48303 260","event-location-mail":"ziel.bw@johanniter.de","event-location-mail-2":"bildung.wertheim@johanniter.de","event-location-website":"https:\/\/www.johanniter.de\/juh\/lv-bw\/landingpages\/ziel-ihr-zugang-ins-erwerbsleben\/","event-target-group":[{"target-group":"adults"}],"event-target-group-comment":"","event-free":false,"event-organiser":[26827],"event-header-copyright-overlay":true,"event-copyright-note-description-end":true},"featured_image_urls_v2":{"full":["https:\/\/www.anika-net.de\/wp-content\/uploads\/2022\/09\/index.png",225,225,false],"thumbnail":["https:\/\/www.anika-net.de\/wp-content\/uploads\/2022\/09\/index-150x150.png",150,150,true],"medium":["https:\/\/www.anika-net.de\/wp-content\/uploads\/2022\/09\/index.png",225,225,false],"medium_large":["https:\/\/www.anika-net.de\/wp-content\/uploads\/2022\/09\/index.png",225,225,false],"large":["https:\/\/www.anika-net.de\/wp-content\/uploads\/2022\/09\/index.png",225,225,false],"1536x1536":["https:\/\/www.anika-net.de\/wp-content\/uploads\/2022\/09\/index.png",225,225,false],"2048x2048":["https:\/\/www.anika-net.de\/wp-content\/uploads\/2022\/09\/index.png",225,225,false],"event-overview":["https:\/\/www.anika-net.de\/wp-content\/uploads\/2022\/09\/index.png",225,225,false],"event-archive-thumb":["https:\/\/www.anika-net.de\/wp-content\/uploads\/2022\/09\/index.png",225,225,false],"grid-item-thumbnail":["https:\/\/www.anika-net.de\/wp-content\/uploads\/2022\/09\/index-225x200.png",225,200,true],"network-partner-icon":["https:\/\/www.anika-net.de\/wp-content\/uploads\/2022\/09\/index-100x100.png",100,100,true],"organiser-icon":["https:\/\/www.anika-net.de\/wp-content\/uploads\/2022\/09\/index-200x200.png",200,200,true],"gform-image-choice-sm":["https:\/\/www.anika-net.de\/wp-content\/uploads\/2022\/09\/index.png",225,225,false],"gform-image-choice-md":["https:\/\/www.anika-net.de\/wp-content\/uploads\/2022\/09\/index.png",225,225,false],"gform-image-choice-lg":["https:\/\/www.anika-net.de\/wp-content\/uploads\/2022\/09\/index.png",225,225,false]},"post_excerpt_stackable_v2":"<p>Infor\u00adma\u00ad\u021bii des\u00adpre cali\u00adfi\u00adca\u00adre Cali\u00adfi\u00adca\u00adrea ZIEL con\u00adst\u0103 \u00een trei modu\u00adle care se bazea\u00adz\u0103 unul pe cel\u0103\u00adlalt. Dup\u0103 absol\u00advi\u00adrea modu\u00adlu\u00adlui avan\u00adsat, se poa\u00adte lua o deci\u00adzie \u00eentre cali\u00adfi\u00adca\u00adrea ca para\u00adme\u00addic (m\/f\/d) sau ca asis\u00adtent medi\u00adcal (m\/f\/d). Modul de pre\u00adg\u0103\u00adti\u00adre: Prim-aju\u00ad\u00ad\u00adtor (m\/f\/d) din 14.11.2022 Modul avan\u00adsat: Asis\u00adtent de \u00eengri\u00adji\u00adre \u0219i para\u00adme\u00addic (m\/f\/d) Modu\u00adlul de spe\u00adcia\u00adli\u00adta\u00adte 1: Para\u00adme\u00addic (m\/f\/d) Modu\u00adlul de spe\u00adcia\u00adli\u00adta\u00adte 2: Asis\u00adtent medi\u00adcal (m\/f\/d) Grup \u021bin\u00adt\u0103 Cali\u00adfi\u00adca\u00adrea se adre\u00adsea\u00adz\u0103, \u00een prin\u00adci\u00adpiu, tutu\u00adror per\u00adsoa\u00adne\u00adlor care sunt eli\u00adgi\u00adbi\u00adle pen\u00adtru spri\u00adjin prin inter\u00adme\u00addi\u00adul Agen\u00ad\u021bi\u00adei pen\u00adtru ocu\u00adpa\u00adrea for\u00ad\u021bei de mun\u00adc\u0103 sau al Cen\u00adtru\u00adlui pen\u00adtru ocu\u00adpa\u00adrea for\u00ad\u021bei de mun\u00adc\u0103. Deo\u00ada\u00adre\u00adce inclu\u00adde at\u00e2t spri\u00adjin inten\u00adsiv pen\u00adtru lim\u00adba german\u0103,\u2026<\/p>\n","category_list_v2":"","author_info_v2":{"name":"Andrea Ramirez","url":"https:\/\/www.anika-net.de\/ro\/author\/andrea-ramirez\/"},"comments_num_v2":"0 comments","uagb_featured_image_src":{"full":["https:\/\/www.anika-net.de\/wp-content\/uploads\/2022\/09\/index.png",225,225,false],"thumbnail":["https:\/\/www.anika-net.de\/wp-content\/uploads\/2022\/09\/index-150x150.png",150,150,true],"medium":["https:\/\/www.anika-net.de\/wp-content\/uploads\/2022\/09\/index.png",225,225,false],"medium_large":["https:\/\/www.anika-net.de\/wp-content\/uploads\/2022\/09\/index.png",225,225,false],"large":["https:\/\/www.anika-net.de\/wp-content\/uploads\/2022\/09\/index.png",225,225,false],"1536x1536":["https:\/\/www.anika-net.de\/wp-content\/uploads\/2022\/09\/index.png",225,225,false],"2048x2048":["https:\/\/www.anika-net.de\/wp-content\/uploads\/2022\/09\/index.png",225,225,false],"event-overview":["https:\/\/www.anika-net.de\/wp-content\/uploads\/2022\/09\/index.png",225,225,false],"event-archive-thumb":["https:\/\/www.anika-net.de\/wp-content\/uploads\/2022\/09\/index.png",225,225,false],"grid-item-thumbnail":["https:\/\/www.anika-net.de\/wp-content\/uploads\/2022\/09\/index-225x200.png",225,200,true],"network-partner-icon":["https:\/\/www.anika-net.de\/wp-content\/uploads\/2022\/09\/index-100x100.png",100,100,true],"organiser-icon":["https:\/\/www.anika-net.de\/wp-content\/uploads\/2022\/09\/index-200x200.png",200,200,true],"gform-image-choice-sm":["https:\/\/www.anika-net.de\/wp-content\/uploads\/2022\/09\/index.png",225,225,false],"gform-image-choice-md":["https:\/\/www.anika-net.de\/wp-content\/uploads\/2022\/09\/index.png",225,225,false],"gform-image-choice-lg":["https:\/\/www.anika-net.de\/wp-content\/uploads\/2022\/09\/index.png",225,225,false]},"uagb_author_info":{"display_name":"Andrea Ramirez","author_link":"https:\/\/www.anika-net.de\/ro\/author\/andrea-ramirez\/"},"uagb_comment_info":0,"uagb_excerpt":"Infor\u00adma\u00ad\u021bii des\u00adpre calificare Cali\u00adfi\u00adca\u00adrea ZIEL con\u00adst\u0103 \u00een trei modu\u00adle care se bazea\u00adz\u0103 unul pe cel\u0103\u00adlalt. Dup\u0103 absol\u00advi\u00adrea modu\u00adlu\u00adlui avan\u00adsat, se poa\u00adte lua o deci\u00adzie \u00eentre cali\u00adfi\u00adca\u00adrea ca para\u00adme\u00addic (m\/f\/d) sau&nbsp;Citi\u021bi mai mult","_links":{"self":[{"href":"https:\/\/www.anika-net.de\/ro\/wp-json\/wp\/v2\/event\/27092","targetHints":{"allow":["GET"]}}],"collection":[{"href":"https:\/\/www.anika-net.de\/ro\/wp-json\/wp\/v2\/event"}],"about":[{"href":"https:\/\/www.anika-net.de\/ro\/wp-json\/wp\/v2\/types\/event"}],"author":[{"embeddable":true,"href":"https:\/\/www.anika-net.de\/ro\/wp-json\/wp\/v2\/users\/12"}],"version-history":[{"count":0,"href":"https:\/\/www.anika-net.de\/ro\/wp-json\/wp\/v2\/event\/27092\/revisions"}],"acf:post":[{"embeddable":true,"href":"https:\/\/www.anika-net.de\/ro\/wp-json\/wp\/v2\/organiser\/26827"}],"acf:term":[{"embeddable":true,"taxonomy":"event_category","href":"https:\/\/www.anika-net.de\/ro\/wp-json\/wp\/v2\/event_category\/82"}],"wp:featuredmedia":[{"embeddable":true,"href":"https:\/\/www.anika-net.de\/ro\/wp-json\/wp\/v2\/media\/26835"}],"wp:attachment":[{"href":"https:\/\/www.anika-net.de\/ro\/wp-json\/wp\/v2\/media?parent=27092"}],"curies":[{"name":"wp","href":"https:\/\/api.w.org\/{rel}","templated":true}]}}

<p><strong>Infor­ma­ții des­pre calificare</strong></p>
<p>Cali­fi­ca­rea ZIEL con­stă în trei modu­le care se bazea­ză unul pe celă­lalt. După absol­vi­rea modu­lu­lui avan­sat, se poa­te lua o deci­zie între cali­fi­ca­rea ca para­me­dic (m/f/d) sau ca asis­tent medi­cal (m/f/d).</p>
<p><strong>Modul de pre­gă­ti­re</strong>: Prim-aju­tor (m/f/d) din <strong>14.11.2022</strong></p>
<p><strong>Modul avan­sat</strong>: Asis­tent de îngri­ji­re și para­me­dic (m/f/d)</p>
<p><strong>Modu­lul de spe­cia­li­ta­te 1</strong>: Para­me­dic (m/f/d)</p>
<p><strong>Modu­lul de spe­cia­li­ta­te 2</strong>: Asis­tent medi­cal (m/f/d)</p>
<p><strong>Grup țin­tă</strong></p>
<p>Cali­fi­ca­rea se adre­sea­ză, în prin­ci­piu, tutu­ror per­soa­ne­lor care sunt eli­gi­bi­le pen­tru spri­jin prin inter­me­di­ul Agen­ți­ei pen­tru ocu­pa­rea for­ței de mun­că sau al Cen­tru­lui pen­tru ocu­pa­rea for­ței de mun­că. Deo­a­re­ce inclu­de atât spri­jin inten­siv pen­tru lim­ba ger­ma­nă, cât și spri­jin socio-peda­go­gic pe întrea­ga peri­oa­dă de cali­fi­ca­re, este deo­se­bit de potri­vit pen­tru <strong>per­soa­ne­le cu un tre­cut de migra­ție</strong> (de la nive­lul ling­vis­tic&nbsp;A2).</p>
<p><strong>Costuri/opțiuni de sprijin</strong><br>
Cos­tu­ri­le de for­ma­re pro­fe­sio­na­lă sunt aco­pe­ri­te de vou­che­re de acti­va­re sau de edu­ca­ție emi­se de cen­tre­le de ocu­pa­re a for­ței de mun­că sau de agen­ți­i­le de ocu­pa­re a for­ței de mun­că. De ase­me­nea, în plus, com­pa­ni­i­le private<br>
insti­tu­ți­i­le pot, de ase­me­nea, să declare că își vor asu­ma costurile.</p>
<p>–&gt; Mai mul­te infor­ma­ții des­pre <strong>pro­iec­tul Ziel din Karl­sru­he</strong> în curând.</p>
<p>des­căr­cați <a href="https://www.anika-net.de/wp-content/uploads/2022/09/aktuell-05_22_Flyer_ZIEL_Mannheim.pdf">flu­tu­ra­șul </a></p>
<p>des­căr­cați <a href="https://www.anika-net.de/wp-content/uploads/2022/09/2022-02-ZIEL-Factsheet.pdf">fișa infor­ma­ti­vă</a></p>

<p>Infor­ma­ții des­pre cali­fi­ca­re Cali­fi­ca­rea ZIEL con­stă în trei modu­le care se bazea­ză unul pe celă­lalt. După absol­vi­rea modu­lu­lui avan­sat, se poa­te lua o deci­zie între cali­fi­ca­rea ca para­me­dic (m/f/d) sau ca asis­tent medi­cal (m/f/d). Modul de pre­gă­ti­re: Prim-aju­­­tor (m/f/d) din 14.11.2022 Modul avan­sat: Asis­tent de îngri­ji­re și para­me­dic (m/f/d) Modu­lul de spe­cia­li­ta­te 1: Para­me­dic (m/f/d) Modu­lul de spe­cia­li­ta­te 2: Asis­tent medi­cal (m/f/d) Grup țin­tă Cali­fi­ca­rea se adre­sea­ză, în prin­ci­piu, tutu­ror per­soa­ne­lor care sunt eli­gi­bi­le pen­tru spri­jin prin inter­me­di­ul Agen­ți­ei pen­tru ocu­pa­rea for­ței de mun­că sau al Cen­tru­lui pen­tru ocu­pa­rea for­ței de mun­că. Deo­a­re­ce inclu­de atât spri­jin inten­siv pen­tru lim­ba germană,…</p>

Infor­ma­ții des­pre calificare Cali­fi­ca­rea ZIEL con­stă în trei modu­le care se bazea­ză unul pe celă­lalt. După absol­vi­rea modu­lu­lui avan­sat, se poa­te lua o deci­zie între cali­fi­ca­rea ca para­me­dic (m/f/d) sau&nbsp;Citiți mai mult
