{"id":23041,"date":"2022-06-09T01:14:06","date_gmt":"2022-06-08T23:14:06","guid":{"rendered":"https:\/\/www.anika-net.de\/event\/daa-karlsrue\/"},"modified":"2026-04-28T14:58:11","modified_gmt":"2026-04-28T12:58:11","slug":"daa-karlsrue","status":"publish","type":"event","link":"https:\/\/www.anika-net.de\/ro\/event\/daa-karlsrue\/","title":{"rendered":"Asis\u00adten\u00ad\u021b\u0103 pen\u00adtru depu\u00adne\u00adrea cere\u00adri\u00adlor de angajare"},"content":{"rendered":"<h2><span style=\"color: #008080;\">Asis\u00adten\u00ad\u021b\u0103 pen\u00adtru depu\u00adne\u00adrea cere\u00adri\u00adlor de angajare<\/span><\/h2>\n<p>Ori\u00adci\u00adne dore\u0219\u00adte s\u0103 fac\u0103 o schim\u00adba\u00adre \u00een carie\u00adr\u0103 se va con\u00adfrun\u00adta cu o serie de situ\u00ada\u00ad\u021bii \u0219i pro\u00adce\u00adduri admi\u00adnis\u00adtra\u00adti\u00adve&nbsp;noi.<\/p>\n<p>Antre\u00adno\u00adrii no\u0219\u00adtri cu expe\u00adrien\u00ad\u021b\u0103 de la DAA sunt bucu\u00adro\u0219i s\u0103 v\u0103 aju\u00adte s\u0103 dezvol\u00adta\u021bi solu\u00ad\u021bii \u0219i stra\u00adte\u00adgii per\u00adso\u00adna\u00adli\u00adza\u00adte, adap\u00adta\u00adte nevo\u00adi\u00adlor dum\u00adne\u00ada\u00advoas\u00adtr\u0103 specifice.<\/p>\n<h4><strong>Oport\u00adu\u00adni\u00adt\u0103\u021bi de finan\u021bare<\/strong><\/h4>\n<p>Este posi\u00adbi\u00adl\u0103 o pro\u00admo\u00adva\u00adre a ofer\u00adte\u00adlor noastre:<\/p>\n<ul>\n<li>cu <strong>acti\u00adva\u00adre \u0219i cupon de pla\u00adsa\u00adment de la agen\u00ad\u021bia pen\u00adtru ocu\u00adpa\u00adrea for\u00ad\u021bei de&nbsp;munc\u0103<\/strong><\/li>\n<li>cu <strong>vou\u00adcher de acti\u00adva\u00adre \u0219i pla\u00adsa\u00adre de la cen\u00adtre\u00adle pen\u00adtru ocu\u00adpa\u00adrea for\u00ad\u021bei de mun\u00adc\u0103 (SGB&nbsp;II)<\/strong><\/li>\n<\/ul>\n","protected":false},"author":12,"featured_media":121496,"template":"","class_list":["post-23041","event","type-event","status-publish","has-post-thumbnail","hentry","event_category-munca"],"acf":{"event-recurring":true,"event-category":84,"event-is-language-course":false,"event-recurring-still-active":true,"event-display-details":true,"event-schedules-recurring":null,"event-schedules-calendar":null,"event-is-online":false,"event-online-url":"","event-location-building":"DAA Karlsruhe","event-location-street":"Hirschstra\u00dfe 12-14","event-location-zip":"76133","event-location-city":"Karlsruhe","event-location-contact-person":"","event-location-phone":"0721 201 139 10","event-location-phone-2":"","event-location-mail":"info.karlsruhe@daa.de","event-location-mail-2":"","event-location-website":"https:\/\/daa-bawue.de\/bildungsangebote\/coaching\/uebersicht-coachings","event-target-group":[{"target-group":"adults"}],"event-target-group-comment":"Antrenament lingvistic - \u00een leg\u0103tur\u0103 cu locul de munc\u0103 German\u0103 Migran\u021bi, solicitan\u021bi de azil, refugia\u021bi recunoscu\u021bi","event-free":false,"event-organiser":[23028],"event-header-copyright-overlay":true,"event-copyright-note-description-end":false},"featured_image_urls_v2":{"full":["https:\/\/www.anika-net.de\/wp-content\/uploads\/2022\/06\/confident-pleased-female-applicant-signing-employment-contract-meeting-with-hr-manager-showing-scaled.webp",2560,1706,false],"thumbnail":["https:\/\/www.anika-net.de\/wp-content\/uploads\/2022\/06\/confident-pleased-female-applicant-signing-employment-contract-meeting-with-hr-manager-showing-150x150.webp",150,150,true],"medium":["https:\/\/www.anika-net.de\/wp-content\/uploads\/2022\/06\/confident-pleased-female-applicant-signing-employment-contract-meeting-with-hr-manager-showing-300x200.webp",300,200,true],"medium_large":["https:\/\/www.anika-net.de\/wp-content\/uploads\/2022\/06\/confident-pleased-female-applicant-signing-employment-contract-meeting-with-hr-manager-showing-768x512.webp",640,427,true],"large":["https:\/\/www.anika-net.de\/wp-content\/uploads\/2022\/06\/confident-pleased-female-applicant-signing-employment-contract-meeting-with-hr-manager-showing-1024x683.webp",640,427,true],"1536x1536":["https:\/\/www.anika-net.de\/wp-content\/uploads\/2022\/06\/confident-pleased-female-applicant-signing-employment-contract-meeting-with-hr-manager-showing-1536x1024.webp",1536,1024,true],"2048x2048":["https:\/\/www.anika-net.de\/wp-content\/uploads\/2022\/06\/confident-pleased-female-applicant-signing-employment-contract-meeting-with-hr-manager-showing-2048x1365.webp",2048,1365,true],"event-overview":["https:\/\/www.anika-net.de\/wp-content\/uploads\/2022\/06\/confident-pleased-female-applicant-signing-employment-contract-meeting-with-hr-manager-showing-960x640.webp",960,640,true],"event-archive-thumb":["https:\/\/www.anika-net.de\/wp-content\/uploads\/2022\/06\/confident-pleased-female-applicant-signing-employment-contract-meeting-with-hr-manager-showing-480x320.webp",480,320,true],"grid-item-thumbnail":["https:\/\/www.anika-net.de\/wp-content\/uploads\/2022\/06\/confident-pleased-female-applicant-signing-employment-contract-meeting-with-hr-manager-showing-360x200.webp",360,200,true],"network-partner-icon":["https:\/\/www.anika-net.de\/wp-content\/uploads\/2022\/06\/confident-pleased-female-applicant-signing-employment-contract-meeting-with-hr-manager-showing-100x100.webp",100,100,true],"organiser-icon":["https:\/\/www.anika-net.de\/wp-content\/uploads\/2022\/06\/confident-pleased-female-applicant-signing-employment-contract-meeting-with-hr-manager-showing-200x200.webp",200,200,true],"gform-image-choice-sm":["https:\/\/www.anika-net.de\/wp-content\/uploads\/2022\/06\/confident-pleased-female-applicant-signing-employment-contract-meeting-with-hr-manager-showing-scaled.webp",300,200,false],"gform-image-choice-md":["https:\/\/www.anika-net.de\/wp-content\/uploads\/2022\/06\/confident-pleased-female-applicant-signing-employment-contract-meeting-with-hr-manager-showing-scaled.webp",400,267,false],"gform-image-choice-lg":["https:\/\/www.anika-net.de\/wp-content\/uploads\/2022\/06\/confident-pleased-female-applicant-signing-employment-contract-meeting-with-hr-manager-showing-scaled.webp",600,400,false]},"post_excerpt_stackable_v2":"<p>Asis\u00adten\u00ad\u021b\u0103 pen\u00adtru depu\u00adne\u00adrea cere\u00adri\u00adlor de anga\u00adja\u00adre Ori\u00adci\u00adne dore\u0219\u00adte s\u0103 fac\u0103 o schim\u00adba\u00adre \u00een carie\u00adr\u0103 se va con\u00adfrun\u00adta cu o serie de situ\u00ada\u00ad\u021bii \u0219i pro\u00adce\u00adduri admi\u00adnis\u00adtra\u00adti\u00adve&nbsp;noi. Antre\u00adno\u00adrii no\u0219\u00adtri cu expe\u00adrien\u00ad\u021b\u0103 de la DAA sunt bucu\u00adro\u0219i s\u0103 v\u0103 aju\u00adte s\u0103 dezvol\u00adta\u021bi solu\u00ad\u021bii \u0219i stra\u00adte\u00adgii per\u00adso\u00adna\u00adli\u00adza\u00adte, adap\u00adta\u00adte nevo\u00adi\u00adlor dum\u00adne\u00ada\u00advoas\u00adtr\u0103 spe\u00adci\u00adfi\u00adce. Oport\u00adu\u00adni\u00adt\u0103\u021bi de finan\u00ad\u021ba\u00adre Este posi\u00adbi\u00adl\u0103 o pro\u00admo\u00adva\u00adre a ofer\u00adte\u00adlor noas\u00adtre: cu acti\u00adva\u00adre \u0219i cupon de pla\u00adsa\u00adment de la agen\u00ad\u021bia pen\u00adtru ocu\u00adpa\u00adrea for\u00ad\u021bei de&nbsp;mun\u00adc\u0103 cu vou\u00adcher de acti\u00adva\u00adre \u0219i pla\u00adsa\u00adre de la cen\u00adtre\u00adle pen\u00adtru ocu\u00adpa\u00adrea for\u00ad\u021bei de mun\u00adc\u0103 (SGB&nbsp;II)<\/p>\n","category_list_v2":"","author_info_v2":{"name":"Andrea Ramirez","url":"https:\/\/www.anika-net.de\/ro\/author\/andrea-ramirez\/"},"comments_num_v2":"0 comments","uagb_featured_image_src":{"full":["https:\/\/www.anika-net.de\/wp-content\/uploads\/2022\/06\/confident-pleased-female-applicant-signing-employment-contract-meeting-with-hr-manager-showing-scaled.webp",2560,1706,false],"thumbnail":["https:\/\/www.anika-net.de\/wp-content\/uploads\/2022\/06\/confident-pleased-female-applicant-signing-employment-contract-meeting-with-hr-manager-showing-150x150.webp",150,150,true],"medium":["https:\/\/www.anika-net.de\/wp-content\/uploads\/2022\/06\/confident-pleased-female-applicant-signing-employment-contract-meeting-with-hr-manager-showing-300x200.webp",300,200,true],"medium_large":["https:\/\/www.anika-net.de\/wp-content\/uploads\/2022\/06\/confident-pleased-female-applicant-signing-employment-contract-meeting-with-hr-manager-showing-768x512.webp",640,427,true],"large":["https:\/\/www.anika-net.de\/wp-content\/uploads\/2022\/06\/confident-pleased-female-applicant-signing-employment-contract-meeting-with-hr-manager-showing-1024x683.webp",640,427,true],"1536x1536":["https:\/\/www.anika-net.de\/wp-content\/uploads\/2022\/06\/confident-pleased-female-applicant-signing-employment-contract-meeting-with-hr-manager-showing-1536x1024.webp",1536,1024,true],"2048x2048":["https:\/\/www.anika-net.de\/wp-content\/uploads\/2022\/06\/confident-pleased-female-applicant-signing-employment-contract-meeting-with-hr-manager-showing-2048x1365.webp",2048,1365,true],"event-overview":["https:\/\/www.anika-net.de\/wp-content\/uploads\/2022\/06\/confident-pleased-female-applicant-signing-employment-contract-meeting-with-hr-manager-showing-960x640.webp",960,640,true],"event-archive-thumb":["https:\/\/www.anika-net.de\/wp-content\/uploads\/2022\/06\/confident-pleased-female-applicant-signing-employment-contract-meeting-with-hr-manager-showing-480x320.webp",480,320,true],"grid-item-thumbnail":["https:\/\/www.anika-net.de\/wp-content\/uploads\/2022\/06\/confident-pleased-female-applicant-signing-employment-contract-meeting-with-hr-manager-showing-360x200.webp",360,200,true],"network-partner-icon":["https:\/\/www.anika-net.de\/wp-content\/uploads\/2022\/06\/confident-pleased-female-applicant-signing-employment-contract-meeting-with-hr-manager-showing-100x100.webp",100,100,true],"organiser-icon":["https:\/\/www.anika-net.de\/wp-content\/uploads\/2022\/06\/confident-pleased-female-applicant-signing-employment-contract-meeting-with-hr-manager-showing-200x200.webp",200,200,true],"gform-image-choice-sm":["https:\/\/www.anika-net.de\/wp-content\/uploads\/2022\/06\/confident-pleased-female-applicant-signing-employment-contract-meeting-with-hr-manager-showing-scaled.webp",300,200,false],"gform-image-choice-md":["https:\/\/www.anika-net.de\/wp-content\/uploads\/2022\/06\/confident-pleased-female-applicant-signing-employment-contract-meeting-with-hr-manager-showing-scaled.webp",400,267,false],"gform-image-choice-lg":["https:\/\/www.anika-net.de\/wp-content\/uploads\/2022\/06\/confident-pleased-female-applicant-signing-employment-contract-meeting-with-hr-manager-showing-scaled.webp",600,400,false]},"uagb_author_info":{"display_name":"Andrea Ramirez","author_link":"https:\/\/www.anika-net.de\/ro\/author\/andrea-ramirez\/"},"uagb_comment_info":0,"uagb_excerpt":"Asis\u00adten\u00ad\u021b\u0103 pen\u00adtru depu\u00adne\u00adrea cere\u00adri\u00adlor de angajare Ori\u00adci\u00adne dore\u0219\u00adte s\u0103 fac\u0103 o schim\u00adba\u00adre \u00een carie\u00adr\u0103 se va con\u00adfrun\u00adta cu o serie de situ\u00ada\u00ad\u021bii \u0219i pro\u00adce\u00adduri admi\u00adnis\u00adtra\u00adti\u00adve&nbsp;noi. Antre\u00adno\u00adrii no\u0219\u00adtri cu expe\u00adrien\u00ad\u021b\u0103 de&nbsp;Citi\u021bi mai mult","_links":{"self":[{"href":"https:\/\/www.anika-net.de\/ro\/wp-json\/wp\/v2\/event\/23041","targetHints":{"allow":["GET"]}}],"collection":[{"href":"https:\/\/www.anika-net.de\/ro\/wp-json\/wp\/v2\/event"}],"about":[{"href":"https:\/\/www.anika-net.de\/ro\/wp-json\/wp\/v2\/types\/event"}],"author":[{"embeddable":true,"href":"https:\/\/www.anika-net.de\/ro\/wp-json\/wp\/v2\/users\/12"}],"version-history":[{"count":1,"href":"https:\/\/www.anika-net.de\/ro\/wp-json\/wp\/v2\/event\/23041\/revisions"}],"predecessor-version":[{"id":121511,"href":"https:\/\/www.anika-net.de\/ro\/wp-json\/wp\/v2\/event\/23041\/revisions\/121511"}],"acf:post":[{"embeddable":true,"href":"https:\/\/www.anika-net.de\/ro\/wp-json\/wp\/v2\/organiser\/23028"}],"acf:term":[{"embeddable":true,"taxonomy":"event_category","href":"https:\/\/www.anika-net.de\/ro\/wp-json\/wp\/v2\/event_category\/84"}],"wp:featuredmedia":[{"embeddable":true,"href":"https:\/\/www.anika-net.de\/ro\/wp-json\/wp\/v2\/media\/121496"}],"wp:attachment":[{"href":"https:\/\/www.anika-net.de\/ro\/wp-json\/wp\/v2\/media?parent=23041"}],"curies":[{"name":"wp","href":"https:\/\/api.w.org\/{rel}","templated":true}]}}

Asis­ten­ță pen­tru depu­ne­rea cere­ri­lor de angajare

<h2><span style="color: #008080;">Asis­ten­ță pen­tru depu­ne­rea cere­ri­lor de angajare</span></h2>
<p>Ori­ci­ne doreș­te să facă o schim­ba­re în carie­ră se va con­frun­ta cu o serie de situ­a­ții și pro­ce­duri admi­nis­tra­ti­ve&nbsp;noi.</p>
<p>Antre­no­rii noș­tri cu expe­rien­ță de la DAA sunt bucu­roși să vă aju­te să dezvol­tați solu­ții și stra­te­gii per­so­na­li­za­te, adap­ta­te nevo­i­lor dum­ne­a­voas­tră specifice.</p>
<h4><strong>Oport­u­ni­tăți de finanțare</strong></h4>
<p>Este posi­bi­lă o pro­mo­va­re a ofer­te­lor noastre:</p>
<ul>
<li>cu <strong>acti­va­re și cupon de pla­sa­ment de la agen­ția pen­tru ocu­pa­rea for­ței de&nbsp;muncă</strong></li>
<li>cu <strong>vou­cher de acti­va­re și pla­sa­re de la cen­tre­le pen­tru ocu­pa­rea for­ței de mun­că (SGB&nbsp;II)</strong></li>
</ul>

Hirschstraße 12-14

Antrenament lingvistic - în legătură cu locul de muncă Germană Migranți, solicitanți de azil, refugiați recunoscuți

<p>Asis­ten­ță pen­tru depu­ne­rea cere­ri­lor de anga­ja­re Ori­ci­ne doreș­te să facă o schim­ba­re în carie­ră se va con­frun­ta cu o serie de situ­a­ții și pro­ce­duri admi­nis­tra­ti­ve&nbsp;noi. Antre­no­rii noș­tri cu expe­rien­ță de la DAA sunt bucu­roși să vă aju­te să dezvol­tați solu­ții și stra­te­gii per­so­na­li­za­te, adap­ta­te nevo­i­lor dum­ne­a­voas­tră spe­ci­fi­ce. Oport­u­ni­tăți de finan­ța­re Este posi­bi­lă o pro­mo­va­re a ofer­te­lor noas­tre: cu acti­va­re și cupon de pla­sa­ment de la agen­ția pen­tru ocu­pa­rea for­ței de&nbsp;mun­că cu vou­cher de acti­va­re și pla­sa­re de la cen­tre­le pen­tru ocu­pa­rea for­ței de mun­că (SGB&nbsp;II)</p>

Asis­ten­ță pen­tru depu­ne­rea cere­ri­lor de angajare Ori­ci­ne doreș­te să facă o schim­ba­re în carie­ră se va con­frun­ta cu o serie de situ­a­ții și pro­ce­duri admi­nis­tra­ti­ve&nbsp;noi. Antre­no­rii noș­tri cu expe­rien­ță de&nbsp;Citiți mai mult
