{"id":14077,"date":"2022-01-05T19:16:56","date_gmt":"2022-01-05T18:16:56","guid":{"rendered":"https:\/\/www.anika-net.de\/event\/womens-breakfast-women-lets-see-you\/"},"modified":"2024-01-24T13:55:26","modified_gmt":"2024-01-24T12:55:26","slug":"womens-breakfast-women-lets-see-you","status":"publish","type":"event","link":"https:\/\/www.anika-net.de\/ro\/event\/womens-breakfast-women-lets-see-you\/","title":{"rendered":"Mati\u00adneu de femei pen\u00adtru Ziua Inter\u00adna\u021bio\u00adna\u00adl\u0103 a Feme\u00adii&nbsp;2024"},"content":{"rendered":"<h2><span style=\"color: #800080;\">Mati\u00adneu de femei pen\u00adtru Ziua Inter\u00adna\u021bio\u00adna\u00adl\u0103 a Feme\u00adii&nbsp;2024<\/span><\/h2>\n<blockquote><p><strong>\u201cMai mult dec\u00e2t suma p\u0103r\u00ad\u021bi\u00adlor sale\u201d este mot\u00adto-ul mati\u00adne\u00adu\u00adlui femi\u00adnin din acest&nbsp;an.<\/strong><\/p><\/blockquote>\n<p>Ega\u00adli\u00adta\u00adtea de drep\u00adturi este cons\u00adfin\u00ad\u021bi\u00adt\u0103 \u00een Con\u00adsti\u00adtu\u00ad\u021bia ger\u00adma\u00adn\u0103 de 75 de ani. Feme\u00adi\u00adle din \u00eentrea\u00adga lume \u0219i din Karl\u00adsru\u00adhe mili\u00adtea\u00adz\u0103 pen\u00adtru drep\u00adtu\u00adri\u00adle lor de mai mult timp. S\u2011a demon\u00adstrat de nenu\u00adm\u0103\u00adra\u00adte ori c\u0103 \u00eempre\u00adu\u00adn\u0103 putem ob\u021bine mult mai mult! Aceas\u00adt\u0103 for\u00ad\u021b\u0103 va fi de ase\u00adme\u00adnea pal\u00adpa\u00adbi\u00adl\u0103 atunci c\u00e2nd diver\u00adse\u00adle ini\u00ad\u021bia\u00adti\u00adve ale feme\u00adi\u00adlor din Karl\u00adsru\u00adhe se vor pre\u00adzen\u00adta pe sce\u00adn\u0103 \u0219i la t\u00e2r\u00adgul de infor\u00adma\u00ad\u021bii din 10 mar\u00adtie, pre\u00adzen\u00adt\u00e2n\u00addu-\u0219i acti\u00advi\u00adta\u00adtea \u0219i obiectivele.<\/p>\n<p><strong>Pro\u00adgra\u00admul plin de culoa\u00adre<\/strong> al Mati\u00adne\u00adu\u00adlui Feme\u00adi\u00adlor 2024 ofe\u00adr\u0103 mult timp pen\u00adtru schim\u00adburi, networ\u00adking \u0219i pl\u0103\u00adce\u00adre cul\u00adtu\u00adra\u00adl\u0103, pe l\u00e2n\u00adg\u0103 impul\u00adsu\u00adri\u00adle de la \u201cChe\u00adm\u0103\u00adri\u00adle pisi\u00adcii\u201d din Karlsruhe.<br>\nA\u0219tep\u00adta\u021bi cu ner\u0103b\u00adda\u00adre <strong>o pre\u00adzen\u00adta\u00adre de mod\u0103 afri\u00adca\u00adn\u0103<\/strong> \u0219i un <strong>punct cul\u00admi\u00adnant muzi\u00adcal al coru\u00adlui de les\u00adbie\u00adne din Karl\u00adsru\u00adhe \u201cDie WEI\u00adBra\u00adtions\u201d<\/strong>.<\/p>\n<p>A\u0219tep\u00adt\u0103m cu ner\u0103b\u00adda\u00adre s\u0103 v\u0103 vedem, s\u0103 v\u0103 \u00eent\u00e2l\u00adnim \u0219i s\u0103 dis\u00adcu\u00adt\u0103m cu dum\u00adne\u00ada\u00advoas\u00adtr\u0103 la masa de mic&nbsp;dejun.<\/p>\n<p><strong>\ud83d\udc49 Intra\u00adre 10.30&nbsp;am<\/strong><\/p>\n<p>\ud83d\udd16  <strong>bile\u00adte\u00adle sunt dis\u00adpo\u00adni\u00adbi\u00adle la Tollhaus.<br>\nRezer\u00adva\u00adre \u00een avans: : 13,00 \/ redus 8,00 \/ incl. mic&nbsp;dejun<br>\n<\/strong>Sala mare \u2014 a\u0219e\u00adzat, ale\u00adge\u00adre libe\u00adr\u0103 a locurilor<strong><\/strong><\/p>\n<p><\/p>\n","protected":false},"author":12,"featured_media":13613,"template":"","class_list":["post-14077","event","type-event","status-publish","has-post-thumbnail","hentry","event_category-timp-liber"],"acf":{"event-recurring":false,"event-category":83,"event-is-language-course":false,"event-recurring-still-active":true,"event-display-details":true,"event-schedules-recurring":null,"event-schedules-calendar":[{"event-calendar-day":"20240310","event-calendar-time":"11:00 - 14:00","event-calendar-time-text":""}],"event-is-online":false,"event-online-url":"","event-location-building":"Kulturzentrum TOLLHAUS","event-location-street":"Alter Schlachthof 35","event-location-zip":"76131","event-location-city":"Karlsruhe","event-location-contact-person":"","event-location-phone":"+49 721 964050","event-location-phone-2":"","event-location-mail":"info@tollhaus.de","event-location-mail-2":"","event-location-website":"https:\/\/www.tollhaus.de\/de\/data\/termin\/4188\/frauenmatinee-zum-internationalen-frauentag-2024.html","event-target-group":[{"target-group":"women"}],"event-target-group-comment":"","event-free":false,"event-organiser":[16456,15694,16248,16495],"event-header-copyright-overlay":true,"event-copyright-note-description-end":true},"featured_image_urls_v2":{"full":["https:\/\/www.anika-net.de\/wp-content\/uploads\/2022\/01\/Frauentag-2021.jpg",1200,800,false],"thumbnail":["https:\/\/www.anika-net.de\/wp-content\/uploads\/2022\/01\/Frauentag-2021-150x150.jpg",150,150,true],"medium":["https:\/\/www.anika-net.de\/wp-content\/uploads\/2022\/01\/Frauentag-2021-300x200.jpg",300,200,true],"medium_large":["https:\/\/www.anika-net.de\/wp-content\/uploads\/2022\/01\/Frauentag-2021-768x512.jpg",640,427,true],"large":["https:\/\/www.anika-net.de\/wp-content\/uploads\/2022\/01\/Frauentag-2021-1024x683.jpg",640,427,true],"1536x1536":["https:\/\/www.anika-net.de\/wp-content\/uploads\/2022\/01\/Frauentag-2021.jpg",1200,800,false],"2048x2048":["https:\/\/www.anika-net.de\/wp-content\/uploads\/2022\/01\/Frauentag-2021.jpg",1200,800,false],"event-overview":["https:\/\/www.anika-net.de\/wp-content\/uploads\/2022\/01\/Frauentag-2021-960x640.jpg",960,640,true],"event-archive-thumb":["https:\/\/www.anika-net.de\/wp-content\/uploads\/2022\/01\/Frauentag-2021-480x320.jpg",480,320,true],"grid-item-thumbnail":["https:\/\/www.anika-net.de\/wp-content\/uploads\/2022\/01\/Frauentag-2021-360x200.jpg",360,200,true],"network-partner-icon":["https:\/\/www.anika-net.de\/wp-content\/uploads\/2022\/01\/Frauentag-2021-100x100.jpg",100,100,true],"organiser-icon":["https:\/\/www.anika-net.de\/wp-content\/uploads\/2022\/01\/Frauentag-2021-200x200.jpg",200,200,true],"gform-image-choice-sm":["https:\/\/www.anika-net.de\/wp-content\/uploads\/2022\/01\/Frauentag-2021.jpg",300,200,false],"gform-image-choice-md":["https:\/\/www.anika-net.de\/wp-content\/uploads\/2022\/01\/Frauentag-2021.jpg",400,267,false],"gform-image-choice-lg":["https:\/\/www.anika-net.de\/wp-content\/uploads\/2022\/01\/Frauentag-2021.jpg",600,400,false]},"post_excerpt_stackable_v2":"<p>Mati\u00adneu de femei pen\u00adtru Ziua Inter\u00adna\u021bio\u00adna\u00adl\u0103 a Feme\u00adii&nbsp;2024 \u201cMai mult dec\u00e2t suma p\u0103r\u00ad\u021bi\u00adlor sale\u201d este mot\u00ad\u00adto-ul mati\u00adne\u00adu\u00adlui femi\u00adnin din acest&nbsp;an. Ega\u00adli\u00adta\u00adtea de drep\u00adturi este cons\u00adfin\u00ad\u021bi\u00adt\u0103 \u00een Con\u00adsti\u00adtu\u00ad\u021bia ger\u00adma\u00adn\u0103 de 75 de ani. Feme\u00adi\u00adle din \u00eentrea\u00adga lume \u0219i din Karl\u00adsru\u00adhe mili\u00adtea\u00adz\u0103 pen\u00adtru drep\u00adtu\u00adri\u00adle lor de mai mult timp. S\u2011a demon\u00adstrat de nenu\u00adm\u0103\u00adra\u00adte ori c\u0103 \u00eempre\u00adu\u00adn\u0103 putem ob\u021bine mult mai mult! Aceas\u00adt\u0103 for\u00ad\u021b\u0103 va fi de ase\u00adme\u00adnea pal\u00adpa\u00adbi\u00adl\u0103 atunci c\u00e2nd diver\u00adse\u00adle ini\u00ad\u021bia\u00adti\u00adve ale feme\u00adi\u00adlor din Karl\u00adsru\u00adhe se vor pre\u00adzen\u00adta pe sce\u00adn\u0103 \u0219i la t\u00e2r\u00adgul de infor\u00adma\u00ad\u021bii din 10 mar\u00adtie, pre\u00ad\u00adzen\u00ad\u00adt\u00e2n\u00ad\u00addu-\u0219i acti\u00advi\u00adta\u00adtea \u0219i obiec\u00adti\u00adve\u00adle. Pro\u00adgra\u00admul plin de culoa\u00adre al Mati\u00adne\u00adu\u00adlui Feme\u00adi\u00adlor 2024&nbsp;ofer\u0103\u2026<\/p>\n","category_list_v2":"","author_info_v2":{"name":"Andrea Ramirez","url":"https:\/\/www.anika-net.de\/ro\/author\/andrea-ramirez\/"},"comments_num_v2":"0 comments","uagb_featured_image_src":{"full":["https:\/\/www.anika-net.de\/wp-content\/uploads\/2022\/01\/Frauentag-2021.jpg",1200,800,false],"thumbnail":["https:\/\/www.anika-net.de\/wp-content\/uploads\/2022\/01\/Frauentag-2021-150x150.jpg",150,150,true],"medium":["https:\/\/www.anika-net.de\/wp-content\/uploads\/2022\/01\/Frauentag-2021-300x200.jpg",300,200,true],"medium_large":["https:\/\/www.anika-net.de\/wp-content\/uploads\/2022\/01\/Frauentag-2021-768x512.jpg",640,427,true],"large":["https:\/\/www.anika-net.de\/wp-content\/uploads\/2022\/01\/Frauentag-2021-1024x683.jpg",640,427,true],"1536x1536":["https:\/\/www.anika-net.de\/wp-content\/uploads\/2022\/01\/Frauentag-2021.jpg",1200,800,false],"2048x2048":["https:\/\/www.anika-net.de\/wp-content\/uploads\/2022\/01\/Frauentag-2021.jpg",1200,800,false],"event-overview":["https:\/\/www.anika-net.de\/wp-content\/uploads\/2022\/01\/Frauentag-2021-960x640.jpg",960,640,true],"event-archive-thumb":["https:\/\/www.anika-net.de\/wp-content\/uploads\/2022\/01\/Frauentag-2021-480x320.jpg",480,320,true],"grid-item-thumbnail":["https:\/\/www.anika-net.de\/wp-content\/uploads\/2022\/01\/Frauentag-2021-360x200.jpg",360,200,true],"network-partner-icon":["https:\/\/www.anika-net.de\/wp-content\/uploads\/2022\/01\/Frauentag-2021-100x100.jpg",100,100,true],"organiser-icon":["https:\/\/www.anika-net.de\/wp-content\/uploads\/2022\/01\/Frauentag-2021-200x200.jpg",200,200,true],"gform-image-choice-sm":["https:\/\/www.anika-net.de\/wp-content\/uploads\/2022\/01\/Frauentag-2021.jpg",300,200,false],"gform-image-choice-md":["https:\/\/www.anika-net.de\/wp-content\/uploads\/2022\/01\/Frauentag-2021.jpg",400,267,false],"gform-image-choice-lg":["https:\/\/www.anika-net.de\/wp-content\/uploads\/2022\/01\/Frauentag-2021.jpg",600,400,false]},"uagb_author_info":{"display_name":"Andrea Ramirez","author_link":"https:\/\/www.anika-net.de\/ro\/author\/andrea-ramirez\/"},"uagb_comment_info":0,"uagb_excerpt":"Mati\u00adneu de femei pen\u00adtru Ziua Inter\u00adna\u021bio\u00adna\u00adl\u0103 a Feme\u00adii&nbsp;2024 \u201cMai mult dec\u00e2t suma p\u0103r\u00ad\u021bi\u00adlor sale\u201d este mot\u00adto-ul mati\u00adne\u00adu\u00adlui femi\u00adnin din acest&nbsp;an. Ega\u00adli\u00adta\u00adtea de drep\u00adturi este cons\u00adfin\u00ad\u021bi\u00adt\u0103 \u00een Con\u00adsti\u00adtu\u00ad\u021bia ger\u00adma\u00adn\u0103 de 75&nbsp;Citi\u021bi mai mult","_links":{"self":[{"href":"https:\/\/www.anika-net.de\/ro\/wp-json\/wp\/v2\/event\/14077","targetHints":{"allow":["GET"]}}],"collection":[{"href":"https:\/\/www.anika-net.de\/ro\/wp-json\/wp\/v2\/event"}],"about":[{"href":"https:\/\/www.anika-net.de\/ro\/wp-json\/wp\/v2\/types\/event"}],"author":[{"embeddable":true,"href":"https:\/\/www.anika-net.de\/ro\/wp-json\/wp\/v2\/users\/12"}],"version-history":[{"count":0,"href":"https:\/\/www.anika-net.de\/ro\/wp-json\/wp\/v2\/event\/14077\/revisions"}],"acf:post":[{"embeddable":true,"href":"https:\/\/www.anika-net.de\/ro\/wp-json\/wp\/v2\/organiser\/16495"},{"embeddable":true,"href":"https:\/\/www.anika-net.de\/ro\/wp-json\/wp\/v2\/organiser\/16248"},{"embeddable":true,"href":"https:\/\/www.anika-net.de\/ro\/wp-json\/wp\/v2\/organiser\/15694"},{"embeddable":true,"href":"https:\/\/www.anika-net.de\/ro\/wp-json\/wp\/v2\/organiser\/16456"}],"acf:term":[{"embeddable":true,"taxonomy":"event_category","href":"https:\/\/www.anika-net.de\/ro\/wp-json\/wp\/v2\/event_category\/83"}],"wp:featuredmedia":[{"embeddable":true,"href":"https:\/\/www.anika-net.de\/ro\/wp-json\/wp\/v2\/media\/13613"}],"wp:attachment":[{"href":"https:\/\/www.anika-net.de\/ro\/wp-json\/wp\/v2\/media?parent=14077"}],"curies":[{"name":"wp","href":"https:\/\/api.w.org\/{rel}","templated":true}]}}

Mati­neu de femei pen­tru Ziua Inter­națio­na­lă a Feme­ii&nbsp;2024

<h2><span style="color: #800080;">Mati­neu de femei pen­tru Ziua Inter­națio­na­lă a Feme­ii&nbsp;2024</span></h2>
<blockquote><p><strong>“Mai mult decât suma păr­ți­lor sale” este mot­to-ul mati­ne­u­lui femi­nin din acest&nbsp;an.</strong></p></blockquote>
<p>Ega­li­ta­tea de drep­turi este cons­fin­ți­tă în Con­sti­tu­ția ger­ma­nă de 75 de ani. Feme­i­le din întrea­ga lume și din Karl­sru­he mili­tea­ză pen­tru drep­tu­ri­le lor de mai mult timp. S‑a demon­strat de nenu­mă­ra­te ori că împre­u­nă putem obține mult mai mult! Aceas­tă for­ță va fi de ase­me­nea pal­pa­bi­lă atunci când diver­se­le ini­ția­ti­ve ale feme­i­lor din Karl­sru­he se vor pre­zen­ta pe sce­nă și la târ­gul de infor­ma­ții din 10 mar­tie, pre­zen­tân­du-și acti­vi­ta­tea și obiectivele.</p>
<p><strong>Pro­gra­mul plin de culoa­re</strong> al Mati­ne­u­lui Feme­i­lor 2024 ofe­ră mult timp pen­tru schim­buri, networ­king și plă­ce­re cul­tu­ra­lă, pe lân­gă impul­su­ri­le de la “Che­mă­ri­le pisi­cii” din Karlsruhe.<br>
Aștep­tați cu nerăb­da­re <strong>o pre­zen­ta­re de modă afri­ca­nă</strong> și un <strong>punct cul­mi­nant muzi­cal al coru­lui de les­bie­ne din Karl­sru­he “Die WEI­Bra­tions”</strong>.</p>
<p>Aștep­tăm cu nerăb­da­re să vă vedem, să vă întâl­nim și să dis­cu­tăm cu dum­ne­a­voas­tră la masa de mic&nbsp;dejun.</p>
<p><strong>👉 Intra­re 10.30&nbsp;am</strong></p>
<p>🔖  <strong>bile­te­le sunt dis­po­ni­bi­le la Tollhaus.<br>
Rezer­va­re în avans: : 13,00 / redus 8,00 / incl. mic&nbsp;dejun<br>
</strong>Sala mare — așe­zat, ale­ge­re libe­ră a locurilor<strong></strong></p>
<p></p>

<p>Mati­neu de femei pen­tru Ziua Inter­națio­na­lă a Feme­ii&nbsp;2024 “Mai mult decât suma păr­ți­lor sale” este mot­­to-ul mati­ne­u­lui femi­nin din acest&nbsp;an. Ega­li­ta­tea de drep­turi este cons­fin­ți­tă în Con­sti­tu­ția ger­ma­nă de 75 de ani. Feme­i­le din întrea­ga lume și din Karl­sru­he mili­tea­ză pen­tru drep­tu­ri­le lor de mai mult timp. S‑a demon­strat de nenu­mă­ra­te ori că împre­u­nă putem obține mult mai mult! Aceas­tă for­ță va fi de ase­me­nea pal­pa­bi­lă atunci când diver­se­le ini­ția­ti­ve ale feme­i­lor din Karl­sru­he se vor pre­zen­ta pe sce­nă și la târ­gul de infor­ma­ții din 10 mar­tie, pre­­zen­­tân­­du-și acti­vi­ta­tea și obiec­ti­ve­le. Pro­gra­mul plin de culoa­re al Mati­ne­u­lui Feme­i­lor 2024&nbsp;oferă…</p>

Mati­neu de femei pen­tru Ziua Inter­națio­na­lă a Feme­ii&nbsp;2024 “Mai mult decât suma păr­ți­lor sale” este mot­to-ul mati­ne­u­lui femi­nin din acest&nbsp;an. Ega­li­ta­tea de drep­turi este cons­fin­ți­tă în Con­sti­tu­ția ger­ma­nă de 75&nbsp;Citiți mai mult
