{"id":12998,"date":"2021-10-21T17:33:44","date_gmt":"2021-10-21T15:33:44","guid":{"rendered":"https:\/\/www.anika-net.de\/event\/view-history\/"},"modified":"2022-02-18T17:26:05","modified_gmt":"2022-02-18T16:26:05","slug":"view-history","status":"publish","type":"event","link":"https:\/\/www.anika-net.de\/ro\/event\/view-history\/","title":{"rendered":"VEZI ISTORIA"},"content":{"rendered":"<p><strong>Cuno\u0219\u00adtin\u00ad\u021be de lim\u00adba ger\u00adma\u00adn\u0103: B1 sau mai mare, ger\u00adma\u00adn\u0103 ca lim\u00adb\u0103 mater\u00adn\u0103 sau lim\u00adb\u0103 str\u0103in\u0103<\/strong><\/p>\n<p>Prin rota\u00ad\u021bie: 1 dat\u0103 pe lun\u0103, 2&nbsp;ore.<\/p>\n<p>Cos\u00adturi: gratuit<\/p>\n<p>Pen\u00adtru adul\u021bi<\/p>\n<p>Loca\u00ad\u021bie: muze\u00ade\u00adle de isto\u00adrie cul\u00adtu\u00adra\u00adl\u0103 din Karl\u00adsru\u00adhe (Sta\u00addt\u00admu\u00adse\u00adum, Badis\u00adches Lan\u00addes\u00admu\u00adse\u00adum, Muse\u00adum am Mar\u00adkt, Pfinzgau\u00admu\u00adse\u00adum, Majo\u00adli\u00adka&nbsp;etc.)<\/p>\n<p>Con\u00ad\u021bi\u00adnut: Tururi expo\u00adzi\u00ad\u021bio\u00adna\u00adle, plim\u00adb\u0103ri \u00een ora\u0219, conversa\u021bii<\/p>\n<p><strong>Este nece\u00adsa\u00adr\u0103 \u00eenregistrarea!<\/strong><\/p>\n<p><u>S\u00e2m\u00adb\u0103\u00adt\u0103, 20 noiem\u00adbrie 2021<\/u> , de la 14.30 la 16.30, punc\u00adtul de \u00eent\u00e2l\u00adni\u00adre Badis\u00adches Landesmuseum<br>\n\u201eAur, por\u00adtre\u00adte \u0219i pie\u00adtre pre\u00ad\u021bi\u00adoa\u00adse: o pri\u00advi\u00adre \u00een inte\u00adri\u00ado\u00adrul noii s\u0103li a tronului\u201d.<br>\n(Cu Eva Unter\u00adbu\u00adrg&nbsp;MA)<\/p>\n<p><u>S\u00e2m\u00adb\u0103\u00adt\u0103, 12 decem\u00adbrie 2021<\/u> , 14.15 \u2014 16.15, punc\u00adtul de \u00eent\u00e2l\u00adni\u00adre Badis\u00adches Landesmuseum<br>\n\u201eZei\u00ad\u021be\u00adle vic\u00adto\u00adri\u00adei \u0219i \u00eenge\u00adrii: mesa\u00adge\u00adrii \u00eena\u00adri\u00adpa\u021bi ai cerului\u201d.<br>\n(Cu Eva Unter\u00adbu\u00adrg MA \u0219i Ale\u00adxan\u00addra Neu\u00adner&nbsp;MA)<\/p>\n<p>\u00cenre\u00adgis\u00adtra\u00adre:<br>\nKUK | Bir\u00adgit&nbsp;Reich<br>\nreich.kuk@mail.de<br>\nT: 0721\/3351608<br>\nOre de&nbsp;birou:<br>\nLuni \u2014 Joi 8.00 \u2014 12.00, 13.00 \u2014 15.30<br>\nvineri 8.00 \u2014 13.00<\/p>\n<p>Flyer pen\u00adtru <a href=\"https:\/\/www.anika-net.de\/wp-content\/uploads\/2021\/10\/5eb9ce_2e38a6ad804d4f82848588deededdad9.pdf\">des\u00adc\u0103r\u00adca\u00adre<\/a><\/p>\n<p>&nbsp;<\/p>\n<p><em>*ANSEHEN este o ofer\u00adt\u0103 pen\u00adtru cet\u0103\u00ad\u021be\u00adnii migran\u021bi \u0219i nemi\u00adgran\u00adti din Karlsruhe.&nbsp;<\/em><br>\n<em>\u00cent\u00e2l\u00adni\u021bi-v\u0103 \u00een muze\u00ade\u00adle noas\u00adtre de art\u0103 \u0219i isto\u00adrie cul\u00adtu\u00adra\u00adl\u0103 \u0219i intra\u021bi \u00eentr-un dia\u00adlog intercultural!&nbsp;<\/em><br>\n<em>Ofer\u00adta face par\u00adte din pro\u00adgra\u00admul \u201eCul\u00adtu\u00adr\u0103 \u0219i inte\u00adgra\u00adre\u201d de la vhs Karlsruhe.<\/em><\/p>\n<p>&nbsp;<\/p>\n","protected":false},"author":12,"featured_media":12996,"template":"","class_list":["post-12998","event","type-event","status-publish","has-post-thumbnail","hentry","event_category-educatie"],"acf":{"event-recurring":false,"event-category":82,"event-is-language-course":false,"event-recurring-still-active":true,"event-display-details":true,"event-schedules-recurring":null,"event-schedules-calendar":[{"event-calendar-day":"20211120","event-calendar-time":"14:15 - 16:15","event-calendar-time-text":""},{"event-calendar-day":"20211212","event-calendar-time":"14:15 - 16:15","event-calendar-time-text":""}],"event-is-online":false,"event-online-url":"","event-location-building":"","event-location-street":"","event-location-zip":"","event-location-city":"","event-location-contact-person":"Birgit Reich","event-location-phone":"0721\/3351608","event-location-phone-2":"","event-location-mail":"reich.kuk@mail.de","event-location-mail-2":"","event-location-website":"","event-target-group":[{"target-group":"toate"}],"event-target-group-comment":"","event-free":true,"event-organiser":16645,"event-header-copyright-overlay":false,"event-copyright-note-description-end":false},"featured_image_urls_v2":{"full":["https:\/\/www.anika-net.de\/wp-content\/uploads\/2021\/10\/logo_vhs.png",120,97,false],"thumbnail":["https:\/\/www.anika-net.de\/wp-content\/uploads\/2021\/10\/logo_vhs.png",120,97,false],"medium":["https:\/\/www.anika-net.de\/wp-content\/uploads\/2021\/10\/logo_vhs.png",120,97,false],"medium_large":["https:\/\/www.anika-net.de\/wp-content\/uploads\/2021\/10\/logo_vhs.png",120,97,false],"large":["https:\/\/www.anika-net.de\/wp-content\/uploads\/2021\/10\/logo_vhs.png",120,97,false],"1536x1536":["https:\/\/www.anika-net.de\/wp-content\/uploads\/2021\/10\/logo_vhs.png",120,97,false],"2048x2048":["https:\/\/www.anika-net.de\/wp-content\/uploads\/2021\/10\/logo_vhs.png",120,97,false],"event-overview":["https:\/\/www.anika-net.de\/wp-content\/uploads\/2021\/10\/logo_vhs.png",120,97,false],"event-archive-thumb":["https:\/\/www.anika-net.de\/wp-content\/uploads\/2021\/10\/logo_vhs.png",120,97,false],"grid-item-thumbnail":["https:\/\/www.anika-net.de\/wp-content\/uploads\/2021\/10\/logo_vhs.png",120,97,false],"network-partner-icon":["https:\/\/www.anika-net.de\/wp-content\/uploads\/2021\/10\/logo_vhs-100x97.png",100,97,true],"organiser-icon":["https:\/\/www.anika-net.de\/wp-content\/uploads\/2021\/10\/logo_vhs.png",120,97,false],"gform-image-choice-sm":["https:\/\/www.anika-net.de\/wp-content\/uploads\/2021\/10\/logo_vhs.png",120,97,false],"gform-image-choice-md":["https:\/\/www.anika-net.de\/wp-content\/uploads\/2021\/10\/logo_vhs.png",120,97,false],"gform-image-choice-lg":["https:\/\/www.anika-net.de\/wp-content\/uploads\/2021\/10\/logo_vhs.png",120,97,false]},"post_excerpt_stackable_v2":"<p>Cuno\u0219\u00adtin\u00ad\u021be de lim\u00adba ger\u00adma\u00adn\u0103: B1 sau mai mare, ger\u00adma\u00adn\u0103 ca lim\u00adb\u0103 mater\u00adn\u0103 sau lim\u00adb\u0103 str\u0103\u00adi\u00adn\u0103 Prin rota\u00ad\u021bie: 1 dat\u0103 pe lun\u0103, 2&nbsp;ore. Cos\u00adturi: gra\u00adtu\u00adit Pen\u00adtru adul\u021bi Loca\u00ad\u021bie: muze\u00ade\u00adle de isto\u00adrie cul\u00adtu\u00adra\u00adl\u0103 din Karl\u00adsru\u00adhe (Sta\u00addt\u00admu\u00adse\u00adum, Badis\u00adches Lan\u00addes\u00admu\u00adse\u00adum, Muse\u00adum am Mar\u00adkt, Pfinzgau\u00admu\u00adse\u00adum, Majo\u00adli\u00adka&nbsp;etc.) Con\u00ad\u021bi\u00adnut: Tururi expo\u00adzi\u00ad\u021bio\u00adna\u00adle, plim\u00adb\u0103ri \u00een ora\u0219, con\u00adver\u00adsa\u00ad\u021bii Este nece\u00adsa\u00adr\u0103 \u00eenre\u00adgis\u00adtra\u00adrea! S\u00e2m\u00adb\u0103\u00adt\u0103, 20 noiem\u00adbrie 2021 , de la 14.30 la 16.30, punc\u00adtul de \u00eent\u00e2l\u00adni\u00adre Badis\u00adches Lan\u00addes\u00admu\u00adse\u00adum \u201eAur, por\u00adtre\u00adte \u0219i pie\u00adtre pre\u00ad\u021bi\u00adoa\u00adse: o pri\u00advi\u00adre \u00een inte\u00adri\u00ado\u00adrul noii s\u0103li a tro\u00adnu\u00adlui\u201d. (Cu Eva Unter\u00adbu\u00adrg&nbsp;MA) S\u00e2m\u00adb\u0103\u00adt\u0103, 12 decem\u00adbrie 2021 , 14.15 \u2014 16.15, punc\u00adtul de \u00eent\u00e2l\u00adni\u00adre Badis\u00adches Lan\u00addes\u00admu\u00adse\u00adum \u201eZei\u00ad\u021be\u00adle vic\u00adto\u00adri\u00adei \u0219i \u00eenge\u00adrii: mesagerii\u2026<\/p>\n","category_list_v2":"","author_info_v2":{"name":"Andrea Ramirez","url":"https:\/\/www.anika-net.de\/ro\/author\/andrea-ramirez\/"},"comments_num_v2":"0 comments","uagb_featured_image_src":{"full":["https:\/\/www.anika-net.de\/wp-content\/uploads\/2021\/10\/logo_vhs.png",120,97,false],"thumbnail":["https:\/\/www.anika-net.de\/wp-content\/uploads\/2021\/10\/logo_vhs.png",120,97,false],"medium":["https:\/\/www.anika-net.de\/wp-content\/uploads\/2021\/10\/logo_vhs.png",120,97,false],"medium_large":["https:\/\/www.anika-net.de\/wp-content\/uploads\/2021\/10\/logo_vhs.png",120,97,false],"large":["https:\/\/www.anika-net.de\/wp-content\/uploads\/2021\/10\/logo_vhs.png",120,97,false],"1536x1536":["https:\/\/www.anika-net.de\/wp-content\/uploads\/2021\/10\/logo_vhs.png",120,97,false],"2048x2048":["https:\/\/www.anika-net.de\/wp-content\/uploads\/2021\/10\/logo_vhs.png",120,97,false],"event-overview":["https:\/\/www.anika-net.de\/wp-content\/uploads\/2021\/10\/logo_vhs.png",120,97,false],"event-archive-thumb":["https:\/\/www.anika-net.de\/wp-content\/uploads\/2021\/10\/logo_vhs.png",120,97,false],"grid-item-thumbnail":["https:\/\/www.anika-net.de\/wp-content\/uploads\/2021\/10\/logo_vhs.png",120,97,false],"network-partner-icon":["https:\/\/www.anika-net.de\/wp-content\/uploads\/2021\/10\/logo_vhs-100x97.png",100,97,true],"organiser-icon":["https:\/\/www.anika-net.de\/wp-content\/uploads\/2021\/10\/logo_vhs.png",120,97,false],"gform-image-choice-sm":["https:\/\/www.anika-net.de\/wp-content\/uploads\/2021\/10\/logo_vhs.png",120,97,false],"gform-image-choice-md":["https:\/\/www.anika-net.de\/wp-content\/uploads\/2021\/10\/logo_vhs.png",120,97,false],"gform-image-choice-lg":["https:\/\/www.anika-net.de\/wp-content\/uploads\/2021\/10\/logo_vhs.png",120,97,false]},"uagb_author_info":{"display_name":"Andrea Ramirez","author_link":"https:\/\/www.anika-net.de\/ro\/author\/andrea-ramirez\/"},"uagb_comment_info":0,"uagb_excerpt":"Cuno\u0219\u00adtin\u00ad\u021be de lim\u00adba ger\u00adma\u00adn\u0103: B1 sau mai mare, ger\u00adma\u00adn\u0103 ca lim\u00adb\u0103 mater\u00adn\u0103 sau lim\u00adb\u0103 str\u0103in\u0103 Prin rota\u00ad\u021bie: 1 dat\u0103 pe lun\u0103, 2&nbsp;ore. Cos\u00adturi: gratuit Pen\u00adtru adul\u021bi Loca\u00ad\u021bie: muze\u00ade\u00adle de isto\u00adrie&nbsp;Citi\u021bi mai mult","_links":{"self":[{"href":"https:\/\/www.anika-net.de\/ro\/wp-json\/wp\/v2\/event\/12998","targetHints":{"allow":["GET"]}}],"collection":[{"href":"https:\/\/www.anika-net.de\/ro\/wp-json\/wp\/v2\/event"}],"about":[{"href":"https:\/\/www.anika-net.de\/ro\/wp-json\/wp\/v2\/types\/event"}],"author":[{"embeddable":true,"href":"https:\/\/www.anika-net.de\/ro\/wp-json\/wp\/v2\/users\/12"}],"version-history":[{"count":0,"href":"https:\/\/www.anika-net.de\/ro\/wp-json\/wp\/v2\/event\/12998\/revisions"}],"acf:post":[{"embeddable":true,"href":"https:\/\/www.anika-net.de\/ro\/wp-json\/wp\/v2\/organiser\/16645"}],"acf:term":[{"embeddable":true,"taxonomy":"event_category","href":"https:\/\/www.anika-net.de\/ro\/wp-json\/wp\/v2\/event_category\/82"}],"wp:featuredmedia":[{"embeddable":true,"href":"https:\/\/www.anika-net.de\/ro\/wp-json\/wp\/v2\/media\/12996"}],"wp:attachment":[{"href":"https:\/\/www.anika-net.de\/ro\/wp-json\/wp\/v2\/media?parent=12998"}],"curies":[{"name":"wp","href":"https:\/\/api.w.org\/{rel}","templated":true}]}}

<p><strong>Cunoș­tin­țe de lim­ba ger­ma­nă: B1 sau mai mare, ger­ma­nă ca lim­bă mater­nă sau lim­bă străină</strong></p>
<p>Prin rota­ție: 1 dată pe lună, 2&nbsp;ore.</p>
<p>Cos­turi: gratuit</p>
<p>Pen­tru adulți</p>
<p>Loca­ție: muze­e­le de isto­rie cul­tu­ra­lă din Karl­sru­he (Sta­dt­mu­se­um, Badis­ches Lan­des­mu­se­um, Muse­um am Mar­kt, Pfinzgau­mu­se­um, Majo­li­ka&nbsp;etc.)</p>
<p>Con­ți­nut: Tururi expo­zi­țio­na­le, plim­bări în oraș, conversații</p>
<p><strong>Este nece­sa­ră înregistrarea!</strong></p>
<p><u>Sâm­bă­tă, 20 noiem­brie 2021</u> , de la 14.30 la 16.30, punc­tul de întâl­ni­re Badis­ches Landesmuseum<br>
„Aur, por­tre­te și pie­tre pre­ți­oa­se: o pri­vi­re în inte­ri­o­rul noii săli a tronului”.<br>
(Cu Eva Unter­bu­rg&nbsp;MA)</p>
<p><u>Sâm­bă­tă, 12 decem­brie 2021</u> , 14.15 — 16.15, punc­tul de întâl­ni­re Badis­ches Landesmuseum<br>
„Zei­țe­le vic­to­ri­ei și înge­rii: mesa­ge­rii îna­ri­pați ai cerului”.<br>
(Cu Eva Unter­bu­rg MA și Ale­xan­dra Neu­ner&nbsp;MA)</p>
<p>Înre­gis­tra­re:<br>
KUK | Bir­git&nbsp;Reich<br>
reich.kuk@mail.de<br>
T: 0721/3351608<br>
Ore de&nbsp;birou:<br>
Luni — Joi 8.00 — 12.00, 13.00 — 15.30<br>
vineri 8.00 — 13.00</p>
<p>Flyer pen­tru <a href="https://www.anika-net.de/wp-content/uploads/2021/10/5eb9ce_2e38a6ad804d4f82848588deededdad9.pdf">des­căr­ca­re</a></p>
<p>&nbsp;</p>
<p><em>*ANSEHEN este o ofer­tă pen­tru cetă­țe­nii migranți și nemi­gran­ti din Karlsruhe.&nbsp;</em><br>
<em>Întâl­niți-vă în muze­e­le noas­tre de artă și isto­rie cul­tu­ra­lă și intrați într-un dia­log intercultural!&nbsp;</em><br>
<em>Ofer­ta face par­te din pro­gra­mul „Cul­tu­ră și inte­gra­re” de la vhs Karlsruhe.</em></p>
<p>&nbsp;</p>

<p>Cunoș­tin­țe de lim­ba ger­ma­nă: B1 sau mai mare, ger­ma­nă ca lim­bă mater­nă sau lim­bă stră­i­nă Prin rota­ție: 1 dată pe lună, 2&nbsp;ore. Cos­turi: gra­tu­it Pen­tru adulți Loca­ție: muze­e­le de isto­rie cul­tu­ra­lă din Karl­sru­he (Sta­dt­mu­se­um, Badis­ches Lan­des­mu­se­um, Muse­um am Mar­kt, Pfinzgau­mu­se­um, Majo­li­ka&nbsp;etc.) Con­ți­nut: Tururi expo­zi­țio­na­le, plim­bări în oraș, con­ver­sa­ții Este nece­sa­ră înre­gis­tra­rea! Sâm­bă­tă, 20 noiem­brie 2021 , de la 14.30 la 16.30, punc­tul de întâl­ni­re Badis­ches Lan­des­mu­se­um „Aur, por­tre­te și pie­tre pre­ți­oa­se: o pri­vi­re în inte­ri­o­rul noii săli a tro­nu­lui”. (Cu Eva Unter­bu­rg&nbsp;MA) Sâm­bă­tă, 12 decem­brie 2021 , 14.15 — 16.15, punc­tul de întâl­ni­re Badis­ches Lan­des­mu­se­um „Zei­țe­le vic­to­ri­ei și înge­rii: mesagerii…</p>

Cunoș­tin­țe de lim­ba ger­ma­nă: B1 sau mai mare, ger­ma­nă ca lim­bă mater­nă sau lim­bă străină Prin rota­ție: 1 dată pe lună, 2&nbsp;ore. Cos­turi: gratuit Pen­tru adulți Loca­ție: muze­e­le de isto­rie&nbsp;Citiți mai mult
