{"id":12993,"date":"2021-11-09T19:46:20","date_gmt":"2021-11-09T18:46:20","guid":{"rendered":"https:\/\/www.anika-net.de\/event\/online-workshops-fuer-migrantinnen\/"},"modified":"2022-02-18T15:54:41","modified_gmt":"2022-02-18T14:54:41","slug":"online-workshops-fuer-migrantinnen","status":"publish","type":"event","link":"https:\/\/www.anika-net.de\/ro\/event\/online-workshops-fuer-migrantinnen\/","title":{"rendered":"Ate\u00adli\u00ade\u00adre onli\u00adne pen\u00adtru feme\u00adi\u00adle migrante"},"content":{"rendered":"<p>Invi\u00adt\u0103m cu drag feme\u00adi\u00adle imi\u00adgran\u00adte la urm\u0103\u00adtoa\u00adre\u00adle trei <strong>ate\u00adli\u00ade\u00adre onli\u00adne<\/strong> :<\/p>\n<p>&nbsp;<\/p>\n<ul>\n<li>Vineri, 05.11.2021 \u2014 <a href=\"https:\/\/www.anika-net.de\/wp-content\/uploads\/2021\/11\/2021_11_5-E-I-N-L-A-D-U-N-G-_Workshop_-Migrantinnen-in-dem-Beruf-PFLEGE-.pdf\">Feme\u00adi\u00adle migran\u00adte \u00een \u00eenv\u0103\u00ad\u021b\u0103m\u00e2n\u00adtul de asis\u00adten\u00ad\u021b\u0103 medi\u00adca\u00adl\u0103, 20:00\u201321:30.<\/a><\/li>\n<li>Mier\u00adcuri, 10.11.2021 \u2014 <a href=\"https:\/\/www.anika-net.de\/wp-content\/uploads\/2021\/11\/2021_10_11_E-I-N-L-A-D-U-N-G-_Worshop_Mut-zur-Selbstaendigkeit.pdf\">Cura\u00adjul de a lucra pe cont pro\u00adpriu: o op\u021biu\u00adne de afa\u00adceri pen\u00adtru feme\u00adi\u00adle imi\u00adgran\u00adte, 18:00\u201319:30<\/a><\/li>\n<li>Mier\u00adcuri, 24.11.2021 \u2014 <a href=\"https:\/\/www.anika-net.de\/wp-content\/uploads\/2021\/11\/2021_11_24_E-I-N-L-A-D-U-N-G-Finanzplanung_Strategie-gegen-Altersarmut.pdf\">Pla\u00adni\u00adfi\u00adca\u00adre finan\u00adci\u00ada\u00adr\u0103: ele\u00admen\u00adte de baz\u0103 ale pla\u00adni\u00adfi\u00adc\u0103\u00adrii pen\u00adsio\u00adn\u0103\u00adrii, 18:00\u201319:30<\/a><\/li>\n<\/ul>\n<p>Feme\u00adi\u00adle inte\u00adre\u00adsa\u00adte pot soli\u00adci\u00adta lin\u00adkul c\u0103tre \u00eent\u00e2l\u00adni\u00adrea Zoom la adresa:<br>\n<a href=\"mailto:kontakt@forum-internationaler-frauen.org\">contact@forum-international-<\/a> <a href=\"mailto:kontakt@forum-internationaler-frauen.org\">women.org<\/a><\/p>\n<p>Ate\u00adli\u00ade\u00adre\u00adle sunt gratuite.<\/p>\n","protected":false},"author":12,"featured_media":12372,"template":"","class_list":["post-12993","event","type-event","status-publish","has-post-thumbnail","hentry","event_category-educatie"],"acf":{"event-recurring":false,"event-category":82,"event-is-language-course":false,"event-recurring-still-active":true,"event-display-details":true,"event-schedules-recurring":null,"event-schedules-calendar":[{"event-calendar-day":"20211110","event-calendar-time":"18:00-19:30 Uhr","event-calendar-time-text":"Pe net"},{"event-calendar-day":"20211124","event-calendar-time":"18:00-19:30 Uhr","event-calendar-time-text":"Pe net"}],"event-is-online":false,"event-online-url":"","event-location-building":"Forum Internationaler Frauen Baden-W\u00fcrttemberg e.V.  ","event-location-street":"Postfach 4105  ","event-location-zip":"70718 ","event-location-city":"Fellbach","event-location-contact-person":"Dr. Lucimara Brait-Poplawski","event-location-phone":"0157 58 23 38 08","event-location-phone-2":"","event-location-mail":"l.brait-poplawski@forum-internationaler-frauen.org","event-location-mail-2":"","event-location-website":"https:\/\/www.forum-internationaler-frauen.org","event-target-group":null,"event-target-group-comment":"","event-free":true,"event-organiser":16131,"event-header-copyright-overlay":true,"event-copyright-note-description-end":false},"featured_image_urls_v2":{"full":["https:\/\/www.anika-net.de\/wp-content\/uploads\/2021\/11\/image004.jpg",212,127,false],"thumbnail":["https:\/\/www.anika-net.de\/wp-content\/uploads\/2021\/11\/image004-150x127.jpg",150,127,true],"medium":["https:\/\/www.anika-net.de\/wp-content\/uploads\/2021\/11\/image004.jpg",212,127,false],"medium_large":["https:\/\/www.anika-net.de\/wp-content\/uploads\/2021\/11\/image004.jpg",212,127,false],"large":["https:\/\/www.anika-net.de\/wp-content\/uploads\/2021\/11\/image004.jpg",212,127,false],"1536x1536":["https:\/\/www.anika-net.de\/wp-content\/uploads\/2021\/11\/image004.jpg",212,127,false],"2048x2048":["https:\/\/www.anika-net.de\/wp-content\/uploads\/2021\/11\/image004.jpg",212,127,false],"event-overview":["https:\/\/www.anika-net.de\/wp-content\/uploads\/2021\/11\/image004.jpg",212,127,false],"event-archive-thumb":["https:\/\/www.anika-net.de\/wp-content\/uploads\/2021\/11\/image004.jpg",212,127,false],"grid-item-thumbnail":["https:\/\/www.anika-net.de\/wp-content\/uploads\/2021\/11\/image004.jpg",212,127,false],"network-partner-icon":["https:\/\/www.anika-net.de\/wp-content\/uploads\/2021\/11\/image004-100x100.jpg",100,100,true],"organiser-icon":["https:\/\/www.anika-net.de\/wp-content\/uploads\/2021\/11\/image004-200x127.jpg",200,127,true],"gform-image-choice-sm":["https:\/\/www.anika-net.de\/wp-content\/uploads\/2021\/11\/image004.jpg",212,127,false],"gform-image-choice-md":["https:\/\/www.anika-net.de\/wp-content\/uploads\/2021\/11\/image004.jpg",212,127,false],"gform-image-choice-lg":["https:\/\/www.anika-net.de\/wp-content\/uploads\/2021\/11\/image004.jpg",212,127,false]},"post_excerpt_stackable_v2":"<p>Invi\u00adt\u0103m cu drag feme\u00adi\u00adle imi\u00adgran\u00adte la urm\u0103\u00adtoa\u00adre\u00adle trei ate\u00adli\u00ade\u00adre onli\u00adne : &nbsp; Vineri, 05.11.2021 \u2014 Feme\u00adi\u00adle migran\u00adte \u00een \u00eenv\u0103\u00ad\u021b\u0103m\u00e2n\u00adtul de asis\u00adten\u00ad\u021b\u0103 medi\u00adca\u00adl\u0103, 20:00\u201321:30. Mier\u00adcuri, 10.11.2021 \u2014 Cura\u00adjul de a lucra pe cont pro\u00adpriu: o op\u021biu\u00adne de afa\u00adceri pen\u00adtru feme\u00adi\u00adle imi\u00adgran\u00adte, 18:00\u201319:30 Mier\u00adcuri, 24.11.2021 \u2014 Pla\u00adni\u00adfi\u00adca\u00adre finan\u00adci\u00ada\u00adr\u0103: ele\u00admen\u00adte de baz\u0103 ale pla\u00adni\u00adfi\u00adc\u0103\u00adrii pen\u00adsio\u00adn\u0103\u00adrii, 18:00\u201319:30 Feme\u00adi\u00adle inte\u00adre\u00adsa\u00adte pot soli\u00adci\u00adta lin\u00adkul c\u0103tre \u00eent\u00e2l\u00adni\u00adrea Zoom la adre\u00adsa: contact@forum-international- women.org Ate\u00adli\u00ade\u00adre\u00adle sunt gratuite.<\/p>\n","category_list_v2":"","author_info_v2":{"name":"Andrea Ramirez","url":"https:\/\/www.anika-net.de\/ro\/author\/andrea-ramirez\/"},"comments_num_v2":"0 comments","uagb_featured_image_src":{"full":["https:\/\/www.anika-net.de\/wp-content\/uploads\/2021\/11\/image004.jpg",212,127,false],"thumbnail":["https:\/\/www.anika-net.de\/wp-content\/uploads\/2021\/11\/image004-150x127.jpg",150,127,true],"medium":["https:\/\/www.anika-net.de\/wp-content\/uploads\/2021\/11\/image004.jpg",212,127,false],"medium_large":["https:\/\/www.anika-net.de\/wp-content\/uploads\/2021\/11\/image004.jpg",212,127,false],"large":["https:\/\/www.anika-net.de\/wp-content\/uploads\/2021\/11\/image004.jpg",212,127,false],"1536x1536":["https:\/\/www.anika-net.de\/wp-content\/uploads\/2021\/11\/image004.jpg",212,127,false],"2048x2048":["https:\/\/www.anika-net.de\/wp-content\/uploads\/2021\/11\/image004.jpg",212,127,false],"event-overview":["https:\/\/www.anika-net.de\/wp-content\/uploads\/2021\/11\/image004.jpg",212,127,false],"event-archive-thumb":["https:\/\/www.anika-net.de\/wp-content\/uploads\/2021\/11\/image004.jpg",212,127,false],"grid-item-thumbnail":["https:\/\/www.anika-net.de\/wp-content\/uploads\/2021\/11\/image004.jpg",212,127,false],"network-partner-icon":["https:\/\/www.anika-net.de\/wp-content\/uploads\/2021\/11\/image004-100x100.jpg",100,100,true],"organiser-icon":["https:\/\/www.anika-net.de\/wp-content\/uploads\/2021\/11\/image004-200x127.jpg",200,127,true],"gform-image-choice-sm":["https:\/\/www.anika-net.de\/wp-content\/uploads\/2021\/11\/image004.jpg",212,127,false],"gform-image-choice-md":["https:\/\/www.anika-net.de\/wp-content\/uploads\/2021\/11\/image004.jpg",212,127,false],"gform-image-choice-lg":["https:\/\/www.anika-net.de\/wp-content\/uploads\/2021\/11\/image004.jpg",212,127,false]},"uagb_author_info":{"display_name":"Andrea Ramirez","author_link":"https:\/\/www.anika-net.de\/ro\/author\/andrea-ramirez\/"},"uagb_comment_info":0,"uagb_excerpt":"Invi\u00adt\u0103m cu drag feme\u00adi\u00adle imi\u00adgran\u00adte la urm\u0103\u00adtoa\u00adre\u00adle trei ate\u00adli\u00ade\u00adre onli\u00adne : &nbsp; Vineri, 05.11.2021 \u2014 Feme\u00adi\u00adle migran\u00adte \u00een \u00eenv\u0103\u00ad\u021b\u0103m\u00e2n\u00adtul de asis\u00adten\u00ad\u021b\u0103 medi\u00adca\u00adl\u0103, 20:00\u201321:30. Mier\u00adcuri, 10.11.2021 \u2014 Cura\u00adjul de a lucra&nbsp;Citi\u021bi mai mult","_links":{"self":[{"href":"https:\/\/www.anika-net.de\/ro\/wp-json\/wp\/v2\/event\/12993","targetHints":{"allow":["GET"]}}],"collection":[{"href":"https:\/\/www.anika-net.de\/ro\/wp-json\/wp\/v2\/event"}],"about":[{"href":"https:\/\/www.anika-net.de\/ro\/wp-json\/wp\/v2\/types\/event"}],"author":[{"embeddable":true,"href":"https:\/\/www.anika-net.de\/ro\/wp-json\/wp\/v2\/users\/12"}],"version-history":[{"count":0,"href":"https:\/\/www.anika-net.de\/ro\/wp-json\/wp\/v2\/event\/12993\/revisions"}],"acf:post":[{"embeddable":true,"href":"https:\/\/www.anika-net.de\/ro\/wp-json\/wp\/v2\/organiser\/16131"}],"acf:term":[{"embeddable":true,"taxonomy":"event_category","href":"https:\/\/www.anika-net.de\/ro\/wp-json\/wp\/v2\/event_category\/82"}],"wp:featuredmedia":[{"embeddable":true,"href":"https:\/\/www.anika-net.de\/ro\/wp-json\/wp\/v2\/media\/12372"}],"wp:attachment":[{"href":"https:\/\/www.anika-net.de\/ro\/wp-json\/wp\/v2\/media?parent=12993"}],"curies":[{"name":"wp","href":"https:\/\/api.w.org\/{rel}","templated":true}]}}

<p>Invi­tăm cu drag feme­i­le imi­gran­te la urmă­toa­re­le trei <strong>ate­li­e­re onli­ne</strong> :</p>
<p>&nbsp;</p>
<ul>
<li>Vineri, 05.11.2021 — <a href="https://www.anika-net.de/wp-content/uploads/2021/11/2021_11_5-E-I-N-L-A-D-U-N-G-_Workshop_-Migrantinnen-in-dem-Beruf-PFLEGE-.pdf">Feme­i­le migran­te în învă­țămân­tul de asis­ten­ță medi­ca­lă, 20:00–21:30.</a></li>
<li>Mier­curi, 10.11.2021 — <a href="https://www.anika-net.de/wp-content/uploads/2021/11/2021_10_11_E-I-N-L-A-D-U-N-G-_Worshop_Mut-zur-Selbstaendigkeit.pdf">Cura­jul de a lucra pe cont pro­priu: o opțiu­ne de afa­ceri pen­tru feme­i­le imi­gran­te, 18:00–19:30</a></li>
<li>Mier­curi, 24.11.2021 — <a href="https://www.anika-net.de/wp-content/uploads/2021/11/2021_11_24_E-I-N-L-A-D-U-N-G-Finanzplanung_Strategie-gegen-Altersarmut.pdf">Pla­ni­fi­ca­re finan­ci­a­ră: ele­men­te de bază ale pla­ni­fi­că­rii pen­sio­nă­rii, 18:00–19:30</a></li>
</ul>
<p>Feme­i­le inte­re­sa­te pot soli­ci­ta lin­kul către întâl­ni­rea Zoom la adresa:<br>
<a href="mailto:kontakt@forum-internationaler-frauen.org">contact@forum-international-</a> <a href="mailto:kontakt@forum-internationaler-frauen.org">women.org</a></p>
<p>Ate­li­e­re­le sunt gratuite.</p>

Forum Internationaler Frauen Baden-Württemberg e.V.

<p>Invi­tăm cu drag feme­i­le imi­gran­te la urmă­toa­re­le trei ate­li­e­re onli­ne : &nbsp; Vineri, 05.11.2021 — Feme­i­le migran­te în învă­țămân­tul de asis­ten­ță medi­ca­lă, 20:00–21:30. Mier­curi, 10.11.2021 — Cura­jul de a lucra pe cont pro­priu: o opțiu­ne de afa­ceri pen­tru feme­i­le imi­gran­te, 18:00–19:30 Mier­curi, 24.11.2021 — Pla­ni­fi­ca­re finan­ci­a­ră: ele­men­te de bază ale pla­ni­fi­că­rii pen­sio­nă­rii, 18:00–19:30 Feme­i­le inte­re­sa­te pot soli­ci­ta lin­kul către întâl­ni­rea Zoom la adre­sa: contact@forum-international- women.org Ate­li­e­re­le sunt gratuite.</p>

Invi­tăm cu drag feme­i­le imi­gran­te la urmă­toa­re­le trei ate­li­e­re onli­ne : &nbsp; Vineri, 05.11.2021 — Feme­i­le migran­te în învă­țămân­tul de asis­ten­ță medi­ca­lă, 20:00–21:30. Mier­curi, 10.11.2021 — Cura­jul de a lucra&nbsp;Citiți mai mult
