{"id":12976,"date":"2019-01-24T22:23:35","date_gmt":"2019-01-24T21:23:35","guid":{"rendered":"https:\/\/www.anika-net.de\/event\/welcome-center\/"},"modified":"2024-01-08T13:00:10","modified_gmt":"2024-01-08T12:00:10","slug":"noi-welcome-center-technologieregion-karlsruhe","status":"publish","type":"event","link":"https:\/\/www.anika-net.de\/ro\/event\/noi-welcome-center-technologieregion-karlsruhe\/","title":{"rendered":"Wel\u00adco\u00adme Cen\u00adter Tech\u00adno\u00adlo\u00adgi\u00ade\u00adRe\u00adgion Karlsruhe"},"content":{"rendered":"<p>Noi -<strong> Wel\u00adco\u00adme Cen\u00adter Tech\u00adno\u00adlo\u00adgi\u00ade\u00adRe\u00adgion Karl\u00adsru\u00adhe<\/strong> \u2014 ofe\u00adrim con\u00adsul\u00adtan\u00ad\u021b\u0103 pro\u00adfe\u00adsi\u00ado\u00adni\u0219\u00adti\u00adlor inter\u00adna\u021bio\u00adnali \u0219i tine\u00adri\u00adlor pro\u00adfe\u00adsi\u00ado\u00adni\u0219ti care doresc s\u0103 lucre\u00adze \u0219i s\u0103 locu\u00adias\u00adc\u0103 \u00een TechnologieRegion.<\/p>\n<p><strong>Ave\u021bi cali\u00adfi\u00adc\u0103ri pro\u00adfe\u00adsio\u00adna\u00adle?<\/strong> <strong>Dori\u021bi s\u0103 \u00eenv\u0103\u00ad\u021ba\u021bi o pro\u00adfe\u00adsie?<\/strong> <strong>C\u0103u\u00adta\u021bi un loc de mun\u00adc\u0103 care s\u0103 cores\u00adpun\u00add\u0103 cali\u00adfi\u00adc\u0103\u00adri\u00adlor dum\u00adne\u00ada\u00advoas\u00adtr\u0103?<\/strong>  V\u0103 vom infor\u00adma cu pri\u00advi\u00adre la cerin\u00ad\u021be\u00adle pie\u00ad\u021bei regio\u00adna\u00adle de for\u00adma\u00adre pro\u00adfe\u00adsio\u00adna\u00adl\u0103 \u0219i de locuri de mun\u00adc\u0103 \u0219i la pro\u00adce\u00adsul de apli\u00adca\u00adre. \u00cen plus, v\u0103 st\u0103m la dis\u00adpo\u00adzi\u00ad\u021bie pen\u00adtru a v\u0103 aju\u00adta pe dum\u00adne\u00ada\u00advoas\u00adtr\u0103 \u0219i pe mem\u00adbrii fami\u00adli\u00adei dum\u00adne\u00ada\u00advoas\u00adtr\u0103 cu mul\u00adte \u00eentre\u00adb\u0103ri lega\u00adte de sosi\u00adrea \u0219i sta\u00adbi\u00adli\u00adrea \u00een regiu\u00adnea noas\u00adtr\u0103. De la A pen\u00adtru per\u00admi\u00adsul de \u0219ede\u00adre la Z pen\u00adtru&nbsp;cas\u0103.<\/p>\n<p>Sun\u00adtem un punct de con\u00adtact cen\u00adtral cu o func\u00ad\u021bie pilot, ceea ce \u00eenseam\u00adn\u0103 c\u0103 lucr\u0103m \u00een str\u00e2n\u00ads\u0103 leg\u0103\u00adtu\u00adr\u0103 cu mul\u021bi actori locali, regio\u00adnali \u0219i inter\u00adna\u021bio\u00adnali (cen\u00adtre de con\u00adsi\u00adli\u00ade\u00adre, insti\u00adtu\u00ad\u021bii de ser\u00advi\u00adcii, auto\u00adri\u00adt\u0103\u021bi, aso\u00adci\u00ada\u00ad\u021bii). Deo\u00ada\u00adre\u00adce sun\u00adtem finan\u00ad\u021ba\u021bi, prin\u00adtre alte\u00adle, de Minis\u00adte\u00adrul Eco\u00adno\u00admi\u00adei, Mun\u00adcii \u0219i Turis\u00admu\u00adlui din Baden-W\u00fcrt\u00adtem\u00adberg, toa\u00adte ser\u00advi\u00adci\u00adi\u00adle noas\u00adtre sunt gratuite.<br>\nSun\u00adtem bucu\u00adro\u0219i s\u0103 v\u0103 ofe\u00adrim con\u00adsul\u00adtan\u00ad\u021b\u0103 gra\u00adtu\u00adi\u00adt\u0103 prin tele\u00adfon, vir\u00adtu\u00adal, prin e\u2011mail sau la Cen\u00adtrul de primire.<\/p>\n<p><strong>Grup \u021bin\u00adt\u0103<\/strong><\/p>\n<ul>\n<li>Pro\u00adfe\u00adsi\u00ado\u00adni\u0219ti, stu\u00adden\u021bi \u0219i sta\u00adgi\u00adari inter\u00adna\u021bio\u00adnali din toa\u00adte pro\u00adfe\u00adsi\u00adi\u00adle \u0219i indus\u00adtri\u00adi\u00adle, pre\u00adcum \u0219i mem\u00adbrii fami\u00adli\u00adi\u00adlor acestora:<\/li>\n<li>Care sunt inte\u00adre\u00adsa\u021bi de Tech\u00adno\u00adlo\u00adgi\u00ade\u00adRe\u00adgion Karl\u00adsru\u00adhe \u0219i care locu\u00adiesc \u00een str\u0103in\u0103tate<\/li>\n<li>Cine sunt nou-veni\u021bi din str\u0103\u00adi\u00adn\u0103\u00adta\u00adte atunci c\u00e2nd \u00ee\u0219i \u00eencep&nbsp;munca<\/li>\n<li>care locu\u00adiesc deja de mai mul\u021bi ani \u00een Tech\u00adno\u00adlo\u00adgi\u00ade\u00adRe\u00adgion Karl\u00adsru\u00adhe \u0219i care doresc s\u0103 se schim\u00adbe din punct de vede\u00adre profesional<\/li>\n<\/ul>\n<p>&nbsp;<\/p>\n<p><strong>Flyer<\/strong> de des\u00adc\u0103r\u00adcat <a href=\"https:\/\/www.anika-net.de\/wp-content\/uploads\/2024\/01\/Flyer_Welcome-_Center_TRK_DE.pdf\">\u00een ger\u00adma\u00adn\u0103<\/a> \/ <a href=\"https:\/\/www.anika-net.de\/wp-content\/uploads\/2024\/01\/Flyer_Welcome_Center_TRK_EN.pdf\">\u00een engle\u00adz\u0103<\/a> \/ \u00een <a href=\"https:\/\/www.anika-net.de\/wp-content\/uploads\/2022\/09\/Flyer_Welcome_Center_TRK_FR_2022.pdf\">fran\u00adce\u00adz\u0103<\/a><\/p>\n","protected":false},"author":12,"featured_media":56947,"template":"","class_list":["post-12976","event","type-event","status-publish","has-post-thumbnail","hentry","event_category-munca"],"acf":{"event-recurring":true,"event-category":84,"event-is-language-course":false,"event-recurring-still-active":true,"event-display-details":true,"event-schedules-recurring":null,"event-schedules-calendar":null,"event-is-online":false,"event-online-url":"","event-location-building":"Welcome Center TechnologieRegion Karlsruhe","event-location-street":"Emmy-Noether-Stra\u00dfe 11","event-location-zip":"76131","event-location-city":"Karlsruhe","event-location-contact-person":"Petra Bender \/ Sin\u00e9ad O\u2018Brien","event-location-phone":"0721 402 44-713","event-location-phone-2":"","event-location-mail":"welcome@trk.de","event-location-mail-2":"","event-location-website":"https:\/\/trk.de\/wcc\/","event-target-group":[{"target-group":"adults"}],"event-target-group-comment":"","event-free":true,"event-organiser":[56973,16650,56992,23601],"event-header-copyright-overlay":false,"event-copyright-note-description-end":false},"featured_image_urls_v2":{"full":["https:\/\/www.anika-net.de\/wp-content\/uploads\/2019\/01\/logo-wcc_positive.png",386,128,false],"thumbnail":["https:\/\/www.anika-net.de\/wp-content\/uploads\/2019\/01\/logo-wcc_positive-150x128.png",150,128,true],"medium":["https:\/\/www.anika-net.de\/wp-content\/uploads\/2019\/01\/logo-wcc_positive-300x99.png",300,99,true],"medium_large":["https:\/\/www.anika-net.de\/wp-content\/uploads\/2019\/01\/logo-wcc_positive.png",386,128,false],"large":["https:\/\/www.anika-net.de\/wp-content\/uploads\/2019\/01\/logo-wcc_positive.png",386,128,false],"1536x1536":["https:\/\/www.anika-net.de\/wp-content\/uploads\/2019\/01\/logo-wcc_positive.png",386,128,false],"2048x2048":["https:\/\/www.anika-net.de\/wp-content\/uploads\/2019\/01\/logo-wcc_positive.png",386,128,false],"event-overview":["https:\/\/www.anika-net.de\/wp-content\/uploads\/2019\/01\/logo-wcc_positive.png",386,128,false],"event-archive-thumb":["https:\/\/www.anika-net.de\/wp-content\/uploads\/2019\/01\/logo-wcc_positive.png",386,128,false],"grid-item-thumbnail":["https:\/\/www.anika-net.de\/wp-content\/uploads\/2019\/01\/logo-wcc_positive-360x128.png",360,128,true],"network-partner-icon":["https:\/\/www.anika-net.de\/wp-content\/uploads\/2019\/01\/logo-wcc_positive-100x100.png",100,100,true],"organiser-icon":["https:\/\/www.anika-net.de\/wp-content\/uploads\/2019\/01\/logo-wcc_positive-200x128.png",200,128,true],"gform-image-choice-sm":["https:\/\/www.anika-net.de\/wp-content\/uploads\/2019\/01\/logo-wcc_positive-300x128.png",300,128,true],"gform-image-choice-md":["https:\/\/www.anika-net.de\/wp-content\/uploads\/2019\/01\/logo-wcc_positive.png",386,128,false],"gform-image-choice-lg":["https:\/\/www.anika-net.de\/wp-content\/uploads\/2019\/01\/logo-wcc_positive.png",386,128,false]},"post_excerpt_stackable_v2":"<p>Noi \u2014 Wel\u00adco\u00adme Cen\u00adter Tech\u00adno\u00adlo\u00adgi\u00ade\u00adRe\u00adgion Karl\u00adsru\u00adhe \u2014 ofe\u00adrim con\u00adsul\u00adtan\u00ad\u021b\u0103 pro\u00adfe\u00adsi\u00ado\u00adni\u0219\u00adti\u00adlor inter\u00adna\u021bio\u00adnali \u0219i tine\u00adri\u00adlor pro\u00adfe\u00adsi\u00ado\u00adni\u0219ti care doresc s\u0103 lucre\u00adze \u0219i s\u0103 locu\u00adias\u00adc\u0103 \u00een Tech\u00adno\u00adlo\u00adgi\u00ade\u00adRe\u00adgion. Ave\u021bi cali\u00adfi\u00adc\u0103ri pro\u00adfe\u00adsio\u00adna\u00adle? Dori\u021bi s\u0103 \u00eenv\u0103\u00ad\u021ba\u021bi o pro\u00adfe\u00adsie? C\u0103u\u00adta\u021bi un loc de mun\u00adc\u0103 care s\u0103 cores\u00adpun\u00add\u0103 cali\u00adfi\u00adc\u0103\u00adri\u00adlor dum\u00adne\u00ada\u00advoas\u00adtr\u0103? V\u0103 vom infor\u00adma cu pri\u00advi\u00adre la cerin\u00ad\u021be\u00adle pie\u00ad\u021bei regio\u00adna\u00adle de for\u00adma\u00adre pro\u00adfe\u00adsio\u00adna\u00adl\u0103 \u0219i de locuri de mun\u00adc\u0103 \u0219i la pro\u00adce\u00adsul de apli\u00adca\u00adre. \u00cen plus, v\u0103 st\u0103m la dis\u00adpo\u00adzi\u00ad\u021bie pen\u00adtru a v\u0103 aju\u00adta pe dum\u00adne\u00ada\u00advoas\u00adtr\u0103 \u0219i pe mem\u00adbrii fami\u00adli\u00adei dum\u00adne\u00ada\u00advoas\u00adtr\u0103 cu mul\u00adte \u00eentre\u00adb\u0103ri lega\u00adte de sosi\u00adrea \u0219i sta\u00adbi\u00adli\u00adrea \u00een regiu\u00adnea noas\u00adtr\u0103. De la A pen\u00adtru per\u00admi\u00adsul de \u0219ede\u00adre la&nbsp;Z\u2026<\/p>\n","category_list_v2":"","author_info_v2":{"name":"Andrea Ramirez","url":"https:\/\/www.anika-net.de\/ro\/author\/andrea-ramirez\/"},"comments_num_v2":"0 comments","uagb_featured_image_src":{"full":["https:\/\/www.anika-net.de\/wp-content\/uploads\/2019\/01\/logo-wcc_positive.png",386,128,false],"thumbnail":["https:\/\/www.anika-net.de\/wp-content\/uploads\/2019\/01\/logo-wcc_positive-150x128.png",150,128,true],"medium":["https:\/\/www.anika-net.de\/wp-content\/uploads\/2019\/01\/logo-wcc_positive-300x99.png",300,99,true],"medium_large":["https:\/\/www.anika-net.de\/wp-content\/uploads\/2019\/01\/logo-wcc_positive.png",386,128,false],"large":["https:\/\/www.anika-net.de\/wp-content\/uploads\/2019\/01\/logo-wcc_positive.png",386,128,false],"1536x1536":["https:\/\/www.anika-net.de\/wp-content\/uploads\/2019\/01\/logo-wcc_positive.png",386,128,false],"2048x2048":["https:\/\/www.anika-net.de\/wp-content\/uploads\/2019\/01\/logo-wcc_positive.png",386,128,false],"event-overview":["https:\/\/www.anika-net.de\/wp-content\/uploads\/2019\/01\/logo-wcc_positive.png",386,128,false],"event-archive-thumb":["https:\/\/www.anika-net.de\/wp-content\/uploads\/2019\/01\/logo-wcc_positive.png",386,128,false],"grid-item-thumbnail":["https:\/\/www.anika-net.de\/wp-content\/uploads\/2019\/01\/logo-wcc_positive-360x128.png",360,128,true],"network-partner-icon":["https:\/\/www.anika-net.de\/wp-content\/uploads\/2019\/01\/logo-wcc_positive-100x100.png",100,100,true],"organiser-icon":["https:\/\/www.anika-net.de\/wp-content\/uploads\/2019\/01\/logo-wcc_positive-200x128.png",200,128,true],"gform-image-choice-sm":["https:\/\/www.anika-net.de\/wp-content\/uploads\/2019\/01\/logo-wcc_positive-300x128.png",300,128,true],"gform-image-choice-md":["https:\/\/www.anika-net.de\/wp-content\/uploads\/2019\/01\/logo-wcc_positive.png",386,128,false],"gform-image-choice-lg":["https:\/\/www.anika-net.de\/wp-content\/uploads\/2019\/01\/logo-wcc_positive.png",386,128,false]},"uagb_author_info":{"display_name":"Andrea Ramirez","author_link":"https:\/\/www.anika-net.de\/ro\/author\/andrea-ramirez\/"},"uagb_comment_info":0,"uagb_excerpt":"Noi - Wel\u00adco\u00adme Cen\u00adter Tech\u00adno\u00adlo\u00adgi\u00ade\u00adRe\u00adgion Karl\u00adsru\u00adhe \u2014 ofe\u00adrim con\u00adsul\u00adtan\u00ad\u021b\u0103 pro\u00adfe\u00adsi\u00ado\u00adni\u0219\u00adti\u00adlor inter\u00adna\u021bio\u00adnali \u0219i tine\u00adri\u00adlor pro\u00adfe\u00adsi\u00ado\u00adni\u0219ti care doresc s\u0103 lucre\u00adze \u0219i s\u0103 locu\u00adias\u00adc\u0103 \u00een TechnologieRegion. Ave\u021bi cali\u00adfi\u00adc\u0103ri pro\u00adfe\u00adsio\u00adna\u00adle? Dori\u021bi s\u0103 \u00eenv\u0103\u00ad\u021ba\u021bi o&nbsp;Citi\u021bi mai mult","_links":{"self":[{"href":"https:\/\/www.anika-net.de\/ro\/wp-json\/wp\/v2\/event\/12976","targetHints":{"allow":["GET"]}}],"collection":[{"href":"https:\/\/www.anika-net.de\/ro\/wp-json\/wp\/v2\/event"}],"about":[{"href":"https:\/\/www.anika-net.de\/ro\/wp-json\/wp\/v2\/types\/event"}],"author":[{"embeddable":true,"href":"https:\/\/www.anika-net.de\/ro\/wp-json\/wp\/v2\/users\/12"}],"version-history":[{"count":0,"href":"https:\/\/www.anika-net.de\/ro\/wp-json\/wp\/v2\/event\/12976\/revisions"}],"acf:post":[{"embeddable":true,"href":"https:\/\/www.anika-net.de\/ro\/wp-json\/wp\/v2\/organiser\/23601"},{"embeddable":true,"href":"https:\/\/www.anika-net.de\/ro\/wp-json\/wp\/v2\/organiser\/56992"},{"embeddable":true,"href":"https:\/\/www.anika-net.de\/ro\/wp-json\/wp\/v2\/organiser\/16650"},{"embeddable":true,"href":"https:\/\/www.anika-net.de\/ro\/wp-json\/wp\/v2\/organiser\/56973"}],"acf:term":[{"embeddable":true,"taxonomy":"event_category","href":"https:\/\/www.anika-net.de\/ro\/wp-json\/wp\/v2\/event_category\/84"}],"wp:featuredmedia":[{"embeddable":true,"href":"https:\/\/www.anika-net.de\/ro\/wp-json\/wp\/v2\/media\/56947"}],"wp:attachment":[{"href":"https:\/\/www.anika-net.de\/ro\/wp-json\/wp\/v2\/media?parent=12976"}],"curies":[{"name":"wp","href":"https:\/\/api.w.org\/{rel}","templated":true}]}}

<p>Noi -<strong> Wel­co­me Cen­ter Tech­no­lo­gi­e­Re­gion Karl­sru­he</strong> — ofe­rim con­sul­tan­ță pro­fe­si­o­niș­ti­lor inter­națio­nali și tine­ri­lor pro­fe­si­o­niști care doresc să lucre­ze și să locu­ias­că în TechnologieRegion.</p>
<p><strong>Aveți cali­fi­cări pro­fe­sio­na­le?</strong> <strong>Doriți să învă­țați o pro­fe­sie?</strong> <strong>Cău­tați un loc de mun­că care să cores­pun­dă cali­fi­că­ri­lor dum­ne­a­voas­tră?</strong>  Vă vom infor­ma cu pri­vi­re la cerin­țe­le pie­ței regio­na­le de for­ma­re pro­fe­sio­na­lă și de locuri de mun­că și la pro­ce­sul de apli­ca­re. În plus, vă stăm la dis­po­zi­ție pen­tru a vă aju­ta pe dum­ne­a­voas­tră și pe mem­brii fami­li­ei dum­ne­a­voas­tră cu mul­te între­bări lega­te de sosi­rea și sta­bi­li­rea în regiu­nea noas­tră. De la A pen­tru per­mi­sul de șede­re la Z pen­tru&nbsp;casă.</p>
<p>Sun­tem un punct de con­tact cen­tral cu o func­ție pilot, ceea ce înseam­nă că lucrăm în strân­să legă­tu­ră cu mulți actori locali, regio­nali și inter­națio­nali (cen­tre de con­si­li­e­re, insti­tu­ții de ser­vi­cii, auto­ri­tăți, aso­ci­a­ții). Deo­a­re­ce sun­tem finan­țați, prin­tre alte­le, de Minis­te­rul Eco­no­mi­ei, Mun­cii și Turis­mu­lui din Baden-Würt­tem­berg, toa­te ser­vi­ci­i­le noas­tre sunt gratuite.<br>
Sun­tem bucu­roși să vă ofe­rim con­sul­tan­ță gra­tu­i­tă prin tele­fon, vir­tu­al, prin e‑mail sau la Cen­trul de primire.</p>
<p><strong>Grup țin­tă</strong></p>
<ul>
<li>Pro­fe­si­o­niști, stu­denți și sta­gi­ari inter­națio­nali din toa­te pro­fe­si­i­le și indus­tri­i­le, pre­cum și mem­brii fami­li­i­lor acestora:</li>
<li>Care sunt inte­re­sați de Tech­no­lo­gi­e­Re­gion Karl­sru­he și care locu­iesc în străinătate</li>
<li>Cine sunt nou-veniți din stră­i­nă­ta­te atunci când își încep&nbsp;munca</li>
<li>care locu­iesc deja de mai mulți ani în Tech­no­lo­gi­e­Re­gion Karl­sru­he și care doresc să se schim­be din punct de vede­re profesional</li>
</ul>
<p>&nbsp;</p>
<p><strong>Flyer</strong> de des­căr­cat <a href="https://www.anika-net.de/wp-content/uploads/2024/01/Flyer_Welcome-_Center_TRK_DE.pdf">în ger­ma­nă</a> / <a href="https://www.anika-net.de/wp-content/uploads/2024/01/Flyer_Welcome_Center_TRK_EN.pdf">în engle­ză</a> / în <a href="https://www.anika-net.de/wp-content/uploads/2022/09/Flyer_Welcome_Center_TRK_FR_2022.pdf">fran­ce­ză</a></p>

Emmy-Noether-Straße 11

Petra Bender / Sinéad O‘Brien

<p>Noi — Wel­co­me Cen­ter Tech­no­lo­gi­e­Re­gion Karl­sru­he — ofe­rim con­sul­tan­ță pro­fe­si­o­niș­ti­lor inter­națio­nali și tine­ri­lor pro­fe­si­o­niști care doresc să lucre­ze și să locu­ias­că în Tech­no­lo­gi­e­Re­gion. Aveți cali­fi­cări pro­fe­sio­na­le? Doriți să învă­țați o pro­fe­sie? Cău­tați un loc de mun­că care să cores­pun­dă cali­fi­că­ri­lor dum­ne­a­voas­tră? Vă vom infor­ma cu pri­vi­re la cerin­țe­le pie­ței regio­na­le de for­ma­re pro­fe­sio­na­lă și de locuri de mun­că și la pro­ce­sul de apli­ca­re. În plus, vă stăm la dis­po­zi­ție pen­tru a vă aju­ta pe dum­ne­a­voas­tră și pe mem­brii fami­li­ei dum­ne­a­voas­tră cu mul­te între­bări lega­te de sosi­rea și sta­bi­li­rea în regiu­nea noas­tră. De la A pen­tru per­mi­sul de șede­re la&nbsp;Z…</p>

Noi - Wel­co­me Cen­ter Tech­no­lo­gi­e­Re­gion Karl­sru­he — ofe­rim con­sul­tan­ță pro­fe­si­o­niș­ti­lor inter­națio­nali și tine­ri­lor pro­fe­si­o­niști care doresc să lucre­ze și să locu­ias­că în TechnologieRegion. Aveți cali­fi­cări pro­fe­sio­na­le? Doriți să învă­țați o&nbsp;Citiți mai mult
