{"id":12868,"date":"2019-02-04T14:51:58","date_gmt":"2019-02-04T13:51:58","guid":{"rendered":"https:\/\/www.anika-net.de\/event\/online-apartment-search\/"},"modified":"2024-09-11T13:12:13","modified_gmt":"2024-09-11T11:12:13","slug":"online-apartment-search","status":"publish","type":"event","link":"https:\/\/www.anika-net.de\/ro\/event\/online-apartment-search\/","title":{"rendered":"C\u0103u\u00adta\u00adre onli\u00adne de locu\u00adin\u00ad\u021be \u00een Karlsruhe"},"content":{"rendered":"<h1><span style=\"color: #993366;\"><strong>C\u0103u\u00adta\u00adre onli\u00adne de locu\u00adin\u00ad\u021be \u00een Karlsruhe&nbsp;<\/strong><\/span><\/h1>\n<p>  Exis\u00adt\u0103 o mul\u00ad\u021bi\u00adme de por\u00adta\u00adluri onli\u00adne de c\u0103u\u00adta\u00adre a locu\u00adin\u00ad\u021be\u00adlor. V\u0103 reco\u00adman\u00add\u0103m s\u0103 v\u0103 g\u00e2n\u00addi\u021bi la a\u0219tep\u00adt\u0103\u00adri\u00adle pe care le ave\u021bi de la vii\u00adtoa\u00adrea dvs. locu\u00adin\u00ad\u021b\u0103 \u00eena\u00adin\u00adte de a \u00eence\u00adpe c\u0103utarea.<br>\nAces\u00adtea includ, de exem\u00adplu, dimen\u00adsiu\u00adnea (de exem\u00adplu, apar\u00adta\u00adment cu 2 came\u00adre), loca\u00ad\u021bia, leg\u0103\u00adtu\u00adri\u00adle de trans\u00adport \u0219i nive\u00adlul chiriei.<br>\nCu c\u00e2t \u0219ti\u021bi mai exact ce c\u0103u\u00adta\u021bi, cu at\u00e2t c\u0103u\u00adta\u00adrea dvs. va fi mai u\u0219oa\u00adr\u0103 \u0219i mai direc\u021bionat\u0103.<br>\nIat\u0103 c\u00e2te\u00adva exem\u00adple: \ud83c\udf10Immo<a href=\"https:\/\/www.immobilienscout24.de\/wohnen\/baden-wuerttemberg,karlsruhe\/mietwohnungen.html\" rel=\"noopener\">Scout24<\/a> <a href=\"https:\/\/www.immobilo.de\/mieten\/karlsruhe\" rel=\"noopener\">\ud83c\udf10Immo\u00adbi\u00adlo<\/a> <a href=\"https:\/\/www.immonet.de\/\" rel=\"noopener\">\ud83c\udf10Immo\u00adnet<\/a> \ud83c\udf10Kle\u00adi\u00adnanzei\u00adgen<a href=\"https:\/\/www.ebay-kleinanzeigen.de\/s-wohnung-mieten\/karlsruhe\/c203l9186\" rel=\"noopener\">Karl\u00adsru\u00adhe<\/a> \ud83c\udf10mei\u00adne\u00adsta\u00addt<a href=\"https:\/\/www.meinestadt.de\/karlsruhe\/immobilien\/wohnungen\" rel=\"noopener\">.de<\/a> \ud83c\udf10Quo\u00adka<a href=\"https:\/\/www.quoka.de\/vermietungen\/vermietung-wohnungen\/karlsruhe\/cat_21_2103_ct_123473.html\" rel=\"noopener\">.de<\/a> <a href=\"https:\/\/www.wohnungsboerse.net\/Karlsruhe\/mieten\/wohnungen\" rel=\"noopener\">\ud83c\udf10Woh\u00adnun\u00adgs\u00adbo\u00adur\u00adse<\/a> \ud83c\udf10Woh\u00adnung<a href=\"https:\/\/www.wohnung24.de\/\" rel=\"noopener\">24<\/a> <a href=\"https:\/\/www.immowelt.de\/liste\/karlsruhe\/wohnungen\/mieten?sort=relevanz\" rel=\"noopener\">\ud83c\udf10Immowelt<\/a> Dac\u0103 dori\u021bi s\u0103 locu\u00adi\u021bi \u00eentr-un <strong>apar\u00adta\u00adment<\/strong> comun <strong>(WG)<\/strong>, pute\u021bi g\u0103si ofer\u00adte exce\u00adlen\u00adte aici: \ud83c\udf10WG-Gesu\u00adcht<a href=\"https:\/\/www.wg-gesucht.de\/wohnungen-in-Karlsruhe.68.2.1.0.html\" rel=\"noopener\">.de<\/a> <a href=\"https:\/\/www.homecompany.de\/en\/\" rel=\"noopener\">\ud83c\udf10Home\u00adcom\u00adpany<\/a> Exis\u00adt\u0103 o plat\u00adfor\u00adm\u0103 onli\u00adne de caza\u00adre pen\u00adtru <strong>stu\u00adden\u021bi \u0219i sta\u00adgi\u00adari<\/strong>. Este inter\u00adna\u021bio\u00adna\u00adl\u0103 \u0219i este spe\u00adcia\u00adli\u00adza\u00adt\u0103 \u00een came\u00adre \u0219i apar\u00adta\u00admen\u00adte comu\u00adne pen\u00adtru acest grup \u021bin\u00adt\u0103. \ud83c\udf10Hou\u00adsing<a href=\"https:\/\/housinganywhere.com\/de\/\" rel=\"noopener\">Anywhe\u00adre<\/a>   <\/p>\n","protected":false},"author":12,"featured_media":7545,"template":"","class_list":["post-12868","event","type-event","status-publish","has-post-thumbnail","hentry","event_category-cazare"],"acf":{"event-recurring":true,"event-category":80,"event-is-language-course":false,"event-recurring-still-active":true,"event-display-details":true,"event-schedules-recurring":null,"event-schedules-calendar":null,"event-is-online":true,"event-online-url":"","event-location-building":"","event-location-street":"","event-location-zip":"","event-location-city":"","event-location-contact-person":"","event-location-phone":"","event-location-phone-2":"","event-location-mail":"","event-location-mail-2":"","event-location-website":"","event-target-group":[{"target-group":"all"}],"event-target-group-comment":"","event-free":true,"event-organiser":[12673],"event-header-copyright-overlay":true,"event-copyright-note-description-end":true},"featured_image_urls_v2":{"full":["https:\/\/www.anika-net.de\/wp-content\/uploads\/2021\/10\/csm_patrick-perkins-340019-unsplash_6da2815a9c.jpg",1202,895,false],"thumbnail":["https:\/\/www.anika-net.de\/wp-content\/uploads\/2021\/10\/csm_patrick-perkins-340019-unsplash_6da2815a9c-150x150.jpg",150,150,true],"medium":["https:\/\/www.anika-net.de\/wp-content\/uploads\/2021\/10\/csm_patrick-perkins-340019-unsplash_6da2815a9c-300x223.jpg",300,223,true],"medium_large":["https:\/\/www.anika-net.de\/wp-content\/uploads\/2021\/10\/csm_patrick-perkins-340019-unsplash_6da2815a9c-768x572.jpg",640,477,true],"large":["https:\/\/www.anika-net.de\/wp-content\/uploads\/2021\/10\/csm_patrick-perkins-340019-unsplash_6da2815a9c-1024x762.jpg",640,476,true],"1536x1536":["https:\/\/www.anika-net.de\/wp-content\/uploads\/2021\/10\/csm_patrick-perkins-340019-unsplash_6da2815a9c.jpg",1202,895,false],"2048x2048":["https:\/\/www.anika-net.de\/wp-content\/uploads\/2021\/10\/csm_patrick-perkins-340019-unsplash_6da2815a9c.jpg",1202,895,false],"event-overview":["https:\/\/www.anika-net.de\/wp-content\/uploads\/2021\/10\/csm_patrick-perkins-340019-unsplash_6da2815a9c-960x640.jpg",960,640,true],"event-archive-thumb":["https:\/\/www.anika-net.de\/wp-content\/uploads\/2021\/10\/csm_patrick-perkins-340019-unsplash_6da2815a9c.jpg",480,357,false],"grid-item-thumbnail":["https:\/\/www.anika-net.de\/wp-content\/uploads\/2021\/10\/csm_patrick-perkins-340019-unsplash_6da2815a9c-360x200.jpg",360,200,true],"network-partner-icon":["https:\/\/www.anika-net.de\/wp-content\/uploads\/2021\/10\/csm_patrick-perkins-340019-unsplash_6da2815a9c-100x100.jpg",100,100,true],"organiser-icon":["https:\/\/www.anika-net.de\/wp-content\/uploads\/2021\/10\/csm_patrick-perkins-340019-unsplash_6da2815a9c-200x200.jpg",200,200,true],"gform-image-choice-sm":["https:\/\/www.anika-net.de\/wp-content\/uploads\/2021\/10\/csm_patrick-perkins-340019-unsplash_6da2815a9c.jpg",300,223,false],"gform-image-choice-md":["https:\/\/www.anika-net.de\/wp-content\/uploads\/2021\/10\/csm_patrick-perkins-340019-unsplash_6da2815a9c.jpg",400,298,false],"gform-image-choice-lg":["https:\/\/www.anika-net.de\/wp-content\/uploads\/2021\/10\/csm_patrick-perkins-340019-unsplash_6da2815a9c.jpg",600,447,false]},"post_excerpt_stackable_v2":"<p>C\u0103u\u00adta\u00adre onli\u00adne de locu\u00adin\u00ad\u021be \u00een Karl\u00adsru\u00adhe&nbsp; Exis\u00adt\u0103 o mul\u00ad\u021bi\u00adme de por\u00adta\u00adluri onli\u00adne de c\u0103u\u00adta\u00adre a locu\u00adin\u00ad\u021be\u00adlor. V\u0103 reco\u00adman\u00add\u0103m s\u0103 v\u0103 g\u00e2n\u00addi\u021bi la a\u0219tep\u00adt\u0103\u00adri\u00adle pe care le ave\u021bi de la vii\u00adtoa\u00adrea dvs. locu\u00adin\u00ad\u021b\u0103 \u00eena\u00adin\u00adte de a \u00eence\u00adpe c\u0103u\u00adta\u00adrea. Aces\u00adtea includ, de exem\u00adplu, dimen\u00adsiu\u00adnea (de exem\u00adplu, apar\u00adta\u00adment cu 2 came\u00adre), loca\u00ad\u021bia, leg\u0103\u00adtu\u00adri\u00adle de trans\u00adport \u0219i nive\u00adlul chi\u00adri\u00adei. Cu c\u00e2t \u0219ti\u021bi mai exact ce c\u0103u\u00adta\u021bi, cu at\u00e2t c\u0103u\u00adta\u00adrea dvs. va fi mai u\u0219oa\u00adr\u0103 \u0219i mai direc\u00ad\u021bio\u00adna\u00adt\u0103. Iat\u0103 c\u00e2te\u00adva exem\u00adple: \ud83c\udf10ImmoScout24 \ud83c\udf10Immo\u00adbi\u00adlo \ud83c\udf10Immo\u00adnet \ud83c\udf10Kle\u00adi\u00adnanzei\u00adgenKarl\u00adsru\u00adhe \ud83c\udf10mei\u00adne\u00adsta\u00addt.de \ud83c\udf10Quo\u00adka.de \ud83c\udf10Woh\u00adnun\u00adgs\u00adbo\u00adur\u00adse \ud83c\udf10Woh\u00adnung24 \ud83c\udf10Immowelt Dac\u0103 dori\u021bi s\u0103 locu\u00adi\u021bi \u00eentr-un apar\u00adta\u00adment comun (WG), pute\u021bi g\u0103si ofer\u00adte exce\u00adlen\u00adte aici: \ud83c\udf10WG-Gesu\u00adcht.de \ud83c\udf10Home\u00adcom\u00adpany\u2026<\/p>\n","category_list_v2":"","author_info_v2":{"name":"Andrea Ramirez","url":"https:\/\/www.anika-net.de\/ro\/author\/andrea-ramirez\/"},"comments_num_v2":"0 comments","uagb_featured_image_src":{"full":["https:\/\/www.anika-net.de\/wp-content\/uploads\/2021\/10\/csm_patrick-perkins-340019-unsplash_6da2815a9c.jpg",1202,895,false],"thumbnail":["https:\/\/www.anika-net.de\/wp-content\/uploads\/2021\/10\/csm_patrick-perkins-340019-unsplash_6da2815a9c-150x150.jpg",150,150,true],"medium":["https:\/\/www.anika-net.de\/wp-content\/uploads\/2021\/10\/csm_patrick-perkins-340019-unsplash_6da2815a9c-300x223.jpg",300,223,true],"medium_large":["https:\/\/www.anika-net.de\/wp-content\/uploads\/2021\/10\/csm_patrick-perkins-340019-unsplash_6da2815a9c-768x572.jpg",640,477,true],"large":["https:\/\/www.anika-net.de\/wp-content\/uploads\/2021\/10\/csm_patrick-perkins-340019-unsplash_6da2815a9c-1024x762.jpg",640,476,true],"1536x1536":["https:\/\/www.anika-net.de\/wp-content\/uploads\/2021\/10\/csm_patrick-perkins-340019-unsplash_6da2815a9c.jpg",1202,895,false],"2048x2048":["https:\/\/www.anika-net.de\/wp-content\/uploads\/2021\/10\/csm_patrick-perkins-340019-unsplash_6da2815a9c.jpg",1202,895,false],"event-overview":["https:\/\/www.anika-net.de\/wp-content\/uploads\/2021\/10\/csm_patrick-perkins-340019-unsplash_6da2815a9c-960x640.jpg",960,640,true],"event-archive-thumb":["https:\/\/www.anika-net.de\/wp-content\/uploads\/2021\/10\/csm_patrick-perkins-340019-unsplash_6da2815a9c.jpg",480,357,false],"grid-item-thumbnail":["https:\/\/www.anika-net.de\/wp-content\/uploads\/2021\/10\/csm_patrick-perkins-340019-unsplash_6da2815a9c-360x200.jpg",360,200,true],"network-partner-icon":["https:\/\/www.anika-net.de\/wp-content\/uploads\/2021\/10\/csm_patrick-perkins-340019-unsplash_6da2815a9c-100x100.jpg",100,100,true],"organiser-icon":["https:\/\/www.anika-net.de\/wp-content\/uploads\/2021\/10\/csm_patrick-perkins-340019-unsplash_6da2815a9c-200x200.jpg",200,200,true],"gform-image-choice-sm":["https:\/\/www.anika-net.de\/wp-content\/uploads\/2021\/10\/csm_patrick-perkins-340019-unsplash_6da2815a9c.jpg",300,223,false],"gform-image-choice-md":["https:\/\/www.anika-net.de\/wp-content\/uploads\/2021\/10\/csm_patrick-perkins-340019-unsplash_6da2815a9c.jpg",400,298,false],"gform-image-choice-lg":["https:\/\/www.anika-net.de\/wp-content\/uploads\/2021\/10\/csm_patrick-perkins-340019-unsplash_6da2815a9c.jpg",600,447,false]},"uagb_author_info":{"display_name":"Andrea Ramirez","author_link":"https:\/\/www.anika-net.de\/ro\/author\/andrea-ramirez\/"},"uagb_comment_info":0,"uagb_excerpt":"C\u0103u\u00adta\u00adre onli\u00adne de locu\u00adin\u00ad\u021be \u00een Karlsruhe&nbsp; Exis\u00adt\u0103 o mul\u00ad\u021bi\u00adme de por\u00adta\u00adluri onli\u00adne de c\u0103u\u00adta\u00adre a locu\u00adin\u00ad\u021be\u00adlor. V\u0103 reco\u00adman\u00add\u0103m s\u0103 v\u0103 g\u00e2n\u00addi\u021bi la a\u0219tep\u00adt\u0103\u00adri\u00adle pe care le ave\u021bi de la vii\u00adtoa\u00adrea&nbsp;Citi\u021bi mai mult","_links":{"self":[{"href":"https:\/\/www.anika-net.de\/ro\/wp-json\/wp\/v2\/event\/12868","targetHints":{"allow":["GET"]}}],"collection":[{"href":"https:\/\/www.anika-net.de\/ro\/wp-json\/wp\/v2\/event"}],"about":[{"href":"https:\/\/www.anika-net.de\/ro\/wp-json\/wp\/v2\/types\/event"}],"author":[{"embeddable":true,"href":"https:\/\/www.anika-net.de\/ro\/wp-json\/wp\/v2\/users\/12"}],"version-history":[{"count":1,"href":"https:\/\/www.anika-net.de\/ro\/wp-json\/wp\/v2\/event\/12868\/revisions"}],"predecessor-version":[{"id":53440,"href":"https:\/\/www.anika-net.de\/ro\/wp-json\/wp\/v2\/event\/12868\/revisions\/53440"}],"acf:post":[{"embeddable":true,"href":"https:\/\/www.anika-net.de\/ro\/wp-json\/wp\/v2\/organiser\/12673"}],"acf:term":[{"embeddable":true,"taxonomy":"event_category","href":"https:\/\/www.anika-net.de\/ro\/wp-json\/wp\/v2\/event_category\/80"}],"wp:featuredmedia":[{"embeddable":true,"href":"https:\/\/www.anika-net.de\/ro\/wp-json\/wp\/v2\/media\/7545"}],"wp:attachment":[{"href":"https:\/\/www.anika-net.de\/ro\/wp-json\/wp\/v2\/media?parent=12868"}],"curies":[{"name":"wp","href":"https:\/\/api.w.org\/{rel}","templated":true}]}}

Cău­ta­re onli­ne de locu­in­țe în Karlsruhe

<h1><span style="color: #993366;"><strong>Cău­ta­re onli­ne de locu­in­țe în Karlsruhe&nbsp;</strong></span></h1>
<p>  Exis­tă o mul­ți­me de por­ta­luri onli­ne de cău­ta­re a locu­in­țe­lor. Vă reco­man­dăm să vă gân­diți la aștep­tă­ri­le pe care le aveți de la vii­toa­rea dvs. locu­in­ță îna­in­te de a înce­pe căutarea.<br>
Aces­tea includ, de exem­plu, dimen­siu­nea (de exem­plu, apar­ta­ment cu 2 came­re), loca­ția, legă­tu­ri­le de trans­port și nive­lul chiriei.<br>
Cu cât știți mai exact ce cău­tați, cu atât cău­ta­rea dvs. va fi mai ușoa­ră și mai direcționată.<br>
Iată câte­va exem­ple: 🌐Immo<a href="https://www.immobilienscout24.de/wohnen/baden-wuerttemberg,karlsruhe/mietwohnungen.html" rel="noopener">Scout24</a> <a href="https://www.immobilo.de/mieten/karlsruhe" rel="noopener">🌐Immo­bi­lo</a> <a href="https://www.immonet.de/" rel="noopener">🌐Immo­net</a> 🌐Kle­i­nanzei­gen<a href="https://www.ebay-kleinanzeigen.de/s-wohnung-mieten/karlsruhe/c203l9186" rel="noopener">Karl­sru­he</a> 🌐mei­ne­sta­dt<a href="https://www.meinestadt.de/karlsruhe/immobilien/wohnungen" rel="noopener">.de</a> 🌐Quo­ka<a href="https://www.quoka.de/vermietungen/vermietung-wohnungen/karlsruhe/cat_21_2103_ct_123473.html" rel="noopener">.de</a> <a href="https://www.wohnungsboerse.net/Karlsruhe/mieten/wohnungen" rel="noopener">🌐Woh­nun­gs­bo­ur­se</a> 🌐Woh­nung<a href="https://www.wohnung24.de/" rel="noopener">24</a> <a href="https://www.immowelt.de/liste/karlsruhe/wohnungen/mieten?sort=relevanz" rel="noopener">🌐Immowelt</a> Dacă doriți să locu­iți într-un <strong>apar­ta­ment</strong> comun <strong>(WG)</strong>, puteți găsi ofer­te exce­len­te aici: 🌐WG-Gesu­cht<a href="https://www.wg-gesucht.de/wohnungen-in-Karlsruhe.68.2.1.0.html" rel="noopener">.de</a> <a href="https://www.homecompany.de/en/" rel="noopener">🌐Home­com­pany</a> Exis­tă o plat­for­mă onli­ne de caza­re pen­tru <strong>stu­denți și sta­gi­ari</strong>. Este inter­națio­na­lă și este spe­cia­li­za­tă în came­re și apar­ta­men­te comu­ne pen­tru acest grup țin­tă. 🌐Hou­sing<a href="https://housinganywhere.com/de/" rel="noopener">Anywhe­re</a>   </p>

<p>Cău­ta­re onli­ne de locu­in­țe în Karl­sru­he&nbsp; Exis­tă o mul­ți­me de por­ta­luri onli­ne de cău­ta­re a locu­in­țe­lor. Vă reco­man­dăm să vă gân­diți la aștep­tă­ri­le pe care le aveți de la vii­toa­rea dvs. locu­in­ță îna­in­te de a înce­pe cău­ta­rea. Aces­tea includ, de exem­plu, dimen­siu­nea (de exem­plu, apar­ta­ment cu 2 came­re), loca­ția, legă­tu­ri­le de trans­port și nive­lul chi­ri­ei. Cu cât știți mai exact ce cău­tați, cu atât cău­ta­rea dvs. va fi mai ușoa­ră și mai direc­țio­na­tă. Iată câte­va exem­ple: 🌐ImmoScout24 🌐Immo­bi­lo 🌐Immo­net 🌐Kle­i­nanzei­genKarl­sru­he 🌐mei­ne­sta­dt.de 🌐Quo­ka.de 🌐Woh­nun­gs­bo­ur­se 🌐Woh­nung24 🌐Immowelt Dacă doriți să locu­iți într-un apar­ta­ment comun (WG), puteți găsi ofer­te exce­len­te aici: 🌐WG-Gesu­cht.de 🌐Home­com­pany…</p>

Cău­ta­re onli­ne de locu­in­țe în Karlsruhe&nbsp; Exis­tă o mul­ți­me de por­ta­luri onli­ne de cău­ta­re a locu­in­țe­lor. Vă reco­man­dăm să vă gân­diți la aștep­tă­ri­le pe care le aveți de la vii­toa­rea&nbsp;Citiți mai mult
