{"id":12772,"date":"2019-12-02T14:42:39","date_gmt":"2019-12-02T13:42:39","guid":{"rendered":"https:\/\/www.anika-net.de\/event\/international-moms-get-together\/"},"modified":"2022-02-18T17:02:58","modified_gmt":"2022-02-18T16:02:58","slug":"international-moms-get-together","status":"publish","type":"event","link":"https:\/\/www.anika-net.de\/ro\/event\/international-moms-get-together\/","title":{"rendered":"M\u0103mi\u00adci\u00adle inter\u00adna\u021bio\u00adna\u00adle se \u00eent\u00e2lnesc"},"content":{"rendered":"<p><strong>la \u015ecoa\u00adla Pes\u00adta\u00adlo\u00adzzi din Durlach&nbsp;<\/strong><\/p>\n<p>Cafe\u00adnea\u00adua pen\u00adtru mame <em>(M\u00fct\u00adter\u00adca\u00adf\u00e9)<\/em> este des\u00adchi\u00ads\u0103 tutu\u00adror mame\u00adlor \u0219co\u00adlii Pes\u00adta\u00adlo\u00adzzi (\u00een aceas\u00adt\u0103 peri\u00adoa\u00add\u0103 este dis\u00adpo\u00adni\u00adbi\u00adl\u0103 \u00eengri\u00adji\u00adrea copi\u00adi\u00adlor). Mame\u00adle au posi\u00adbi\u00adli\u00adta\u00adtea de a face schimb de idei \u0219i expe\u00adrien\u00ad\u021be cu cei\u00adlal\u021bi \u0219i de a bene\u00adfi\u00adcia de ofer\u00adte de asis\u00adten\u00ad\u021b\u0103 pen\u00adtru inte\u00adgra\u00adre, pre\u00adcum \u0219i de cur\u00adsuri de lim\u00adb\u0103 \u0219i orientare.<\/p>\n<p>&nbsp;<\/p>\n<p>Flyer de <a href=\"https:\/\/www.anika-net.de\/wp-content\/uploads\/2021\/10\/Flyer_Internationales_Cafe_fuer_Muetter.pdf\" target=\"_blank\" rel=\"noopener\">des\u00adc\u0103r\u00adcat<\/a><\/p>\n","protected":false},"author":1,"featured_media":27778,"template":"","class_list":["post-12772","event","type-event","status-publish","has-post-thumbnail","hentry","event_category-timp-liber"],"acf":{"event-recurring":true,"event-category":83,"event-is-language-course":false,"event-recurring-still-active":true,"event-display-details":true,"event-schedules-recurring":[{"event-recurring-week-day":"0","event-recurring-time":"11:30","event-recurring-time-text":""},{"event-recurring-week-day":"1","event-recurring-time":"11:30","event-recurring-time-text":""}],"event-schedules-calendar":null,"event-is-online":false,"event-online-url":"","event-location-building":"Pestalozzischule in Durlach","event-location-street":"Bleichstr.  9","event-location-zip":"76227","event-location-city":"Karlsruhe","event-location-contact-person":"Firdevs Kaplaner","event-location-phone":"0721 98 96 33-12","event-location-phone-2":"","event-location-mail":"f.kaplaner@awo-karlsruhe.de","event-location-mail-2":"","event-location-website":"","event-target-group":[{"target-group":"women"}],"event-target-group-comment":"","event-free":true,"event-organiser":[15662],"event-header-copyright-overlay":true,"event-copyright-note-description-end":true},"featured_image_urls_v2":{"full":["https:\/\/www.anika-net.de\/wp-content\/uploads\/2019\/12\/coffee-1850612-scaled.jpg",2560,1706,false],"thumbnail":["https:\/\/www.anika-net.de\/wp-content\/uploads\/2019\/12\/coffee-1850612-150x150.jpg",150,150,true],"medium":["https:\/\/www.anika-net.de\/wp-content\/uploads\/2019\/12\/coffee-1850612-300x200.jpg",300,200,true],"medium_large":["https:\/\/www.anika-net.de\/wp-content\/uploads\/2019\/12\/coffee-1850612-768x512.jpg",640,427,true],"large":["https:\/\/www.anika-net.de\/wp-content\/uploads\/2019\/12\/coffee-1850612-1024x682.jpg",640,426,true],"1536x1536":["https:\/\/www.anika-net.de\/wp-content\/uploads\/2019\/12\/coffee-1850612-1536x1024.jpg",1536,1024,true],"2048x2048":["https:\/\/www.anika-net.de\/wp-content\/uploads\/2019\/12\/coffee-1850612-2048x1365.jpg",2048,1365,true],"event-overview":["https:\/\/www.anika-net.de\/wp-content\/uploads\/2019\/12\/coffee-1850612-960x640.jpg",960,640,true],"event-archive-thumb":["https:\/\/www.anika-net.de\/wp-content\/uploads\/2019\/12\/coffee-1850612-480x320.jpg",480,320,true],"grid-item-thumbnail":["https:\/\/www.anika-net.de\/wp-content\/uploads\/2019\/12\/coffee-1850612-360x200.jpg",360,200,true],"network-partner-icon":["https:\/\/www.anika-net.de\/wp-content\/uploads\/2019\/12\/coffee-1850612-100x100.jpg",100,100,true],"organiser-icon":["https:\/\/www.anika-net.de\/wp-content\/uploads\/2019\/12\/coffee-1850612-200x200.jpg",200,200,true],"gform-image-choice-sm":["https:\/\/www.anika-net.de\/wp-content\/uploads\/2019\/12\/coffee-1850612-scaled.jpg",300,200,false],"gform-image-choice-md":["https:\/\/www.anika-net.de\/wp-content\/uploads\/2019\/12\/coffee-1850612-scaled.jpg",400,267,false],"gform-image-choice-lg":["https:\/\/www.anika-net.de\/wp-content\/uploads\/2019\/12\/coffee-1850612-scaled.jpg",600,400,false]},"post_excerpt_stackable_v2":"<p>la \u015ecoa\u00adla Pes\u00adta\u00adlo\u00adzzi din Dur\u00adla\u00adch&nbsp; Cafe\u00adnea\u00adua pen\u00adtru mame (M\u00fct\u00adter\u00adca\u00adf\u00e9) este des\u00adchi\u00ads\u0103 tutu\u00adror mame\u00adlor \u0219co\u00adlii Pes\u00adta\u00adlo\u00adzzi (\u00een aceas\u00adt\u0103 peri\u00adoa\u00add\u0103 este dis\u00adpo\u00adni\u00adbi\u00adl\u0103 \u00eengri\u00adji\u00adrea copi\u00adi\u00adlor). Mame\u00adle au posi\u00adbi\u00adli\u00adta\u00adtea de a face schimb de idei \u0219i expe\u00adrien\u00ad\u021be cu cei\u00adlal\u021bi \u0219i de a bene\u00adfi\u00adcia de ofer\u00adte de asis\u00adten\u00ad\u021b\u0103 pen\u00adtru inte\u00adgra\u00adre, pre\u00adcum \u0219i de cur\u00adsuri de lim\u00adb\u0103 \u0219i orien\u00adta\u00adre. &nbsp; Flyer de desc\u0103rcat<\/p>\n","category_list_v2":"","author_info_v2":{"name":"saasweb-admin","url":"https:\/\/www.anika-net.de\/ro\/author\/saasweb-admin\/"},"comments_num_v2":"0 comments","uagb_featured_image_src":{"full":["https:\/\/www.anika-net.de\/wp-content\/uploads\/2019\/12\/coffee-1850612-scaled.jpg",2560,1706,false],"thumbnail":["https:\/\/www.anika-net.de\/wp-content\/uploads\/2019\/12\/coffee-1850612-150x150.jpg",150,150,true],"medium":["https:\/\/www.anika-net.de\/wp-content\/uploads\/2019\/12\/coffee-1850612-300x200.jpg",300,200,true],"medium_large":["https:\/\/www.anika-net.de\/wp-content\/uploads\/2019\/12\/coffee-1850612-768x512.jpg",640,427,true],"large":["https:\/\/www.anika-net.de\/wp-content\/uploads\/2019\/12\/coffee-1850612-1024x682.jpg",640,426,true],"1536x1536":["https:\/\/www.anika-net.de\/wp-content\/uploads\/2019\/12\/coffee-1850612-1536x1024.jpg",1536,1024,true],"2048x2048":["https:\/\/www.anika-net.de\/wp-content\/uploads\/2019\/12\/coffee-1850612-2048x1365.jpg",2048,1365,true],"event-overview":["https:\/\/www.anika-net.de\/wp-content\/uploads\/2019\/12\/coffee-1850612-960x640.jpg",960,640,true],"event-archive-thumb":["https:\/\/www.anika-net.de\/wp-content\/uploads\/2019\/12\/coffee-1850612-480x320.jpg",480,320,true],"grid-item-thumbnail":["https:\/\/www.anika-net.de\/wp-content\/uploads\/2019\/12\/coffee-1850612-360x200.jpg",360,200,true],"network-partner-icon":["https:\/\/www.anika-net.de\/wp-content\/uploads\/2019\/12\/coffee-1850612-100x100.jpg",100,100,true],"organiser-icon":["https:\/\/www.anika-net.de\/wp-content\/uploads\/2019\/12\/coffee-1850612-200x200.jpg",200,200,true],"gform-image-choice-sm":["https:\/\/www.anika-net.de\/wp-content\/uploads\/2019\/12\/coffee-1850612-scaled.jpg",300,200,false],"gform-image-choice-md":["https:\/\/www.anika-net.de\/wp-content\/uploads\/2019\/12\/coffee-1850612-scaled.jpg",400,267,false],"gform-image-choice-lg":["https:\/\/www.anika-net.de\/wp-content\/uploads\/2019\/12\/coffee-1850612-scaled.jpg",600,400,false]},"uagb_author_info":{"display_name":"saasweb-admin","author_link":"https:\/\/www.anika-net.de\/ro\/author\/saasweb-admin\/"},"uagb_comment_info":0,"uagb_excerpt":"la \u015ecoa\u00adla Pes\u00adta\u00adlo\u00adzzi din Durlach&nbsp; Cafe\u00adnea\u00adua pen\u00adtru mame (M\u00fct\u00adter\u00adca\u00adf\u00e9) este des\u00adchi\u00ads\u0103 tutu\u00adror mame\u00adlor \u0219co\u00adlii Pes\u00adta\u00adlo\u00adzzi (\u00een aceas\u00adt\u0103 peri\u00adoa\u00add\u0103 este dis\u00adpo\u00adni\u00adbi\u00adl\u0103 \u00eengri\u00adji\u00adrea copi\u00adi\u00adlor). Mame\u00adle au posi\u00adbi\u00adli\u00adta\u00adtea de a face schimb de&nbsp;Citi\u021bi mai mult","_links":{"self":[{"href":"https:\/\/www.anika-net.de\/ro\/wp-json\/wp\/v2\/event\/12772","targetHints":{"allow":["GET"]}}],"collection":[{"href":"https:\/\/www.anika-net.de\/ro\/wp-json\/wp\/v2\/event"}],"about":[{"href":"https:\/\/www.anika-net.de\/ro\/wp-json\/wp\/v2\/types\/event"}],"author":[{"embeddable":true,"href":"https:\/\/www.anika-net.de\/ro\/wp-json\/wp\/v2\/users\/1"}],"version-history":[{"count":0,"href":"https:\/\/www.anika-net.de\/ro\/wp-json\/wp\/v2\/event\/12772\/revisions"}],"acf:post":[{"embeddable":true,"href":"https:\/\/www.anika-net.de\/ro\/wp-json\/wp\/v2\/organiser\/15662"}],"acf:term":[{"embeddable":true,"taxonomy":"event_category","href":"https:\/\/www.anika-net.de\/ro\/wp-json\/wp\/v2\/event_category\/83"}],"wp:featuredmedia":[{"embeddable":true,"href":"https:\/\/www.anika-net.de\/ro\/wp-json\/wp\/v2\/media\/27778"}],"wp:attachment":[{"href":"https:\/\/www.anika-net.de\/ro\/wp-json\/wp\/v2\/media?parent=12772"}],"curies":[{"name":"wp","href":"https:\/\/api.w.org\/{rel}","templated":true}]}}

Mămi­ci­le inter­națio­na­le se întâlnesc

<p><strong>la Şcoa­la Pes­ta­lo­zzi din Durlach&nbsp;</strong></p>
<p>Cafe­nea­ua pen­tru mame <em>(Müt­ter­ca­fé)</em> este des­chi­să tutu­ror mame­lor șco­lii Pes­ta­lo­zzi (în aceas­tă peri­oa­dă este dis­po­ni­bi­lă îngri­ji­rea copi­i­lor). Mame­le au posi­bi­li­ta­tea de a face schimb de idei și expe­rien­țe cu cei­lalți și de a bene­fi­cia de ofer­te de asis­ten­ță pen­tru inte­gra­re, pre­cum și de cur­suri de lim­bă și orientare.</p>
<p>&nbsp;</p>
<p>Flyer de <a href="https://www.anika-net.de/wp-content/uploads/2021/10/Flyer_Internationales_Cafe_fuer_Muetter.pdf" target="_blank" rel="noopener">des­căr­cat</a></p>

<p>la Şcoa­la Pes­ta­lo­zzi din Dur­la­ch&nbsp; Cafe­nea­ua pen­tru mame (Müt­ter­ca­fé) este des­chi­să tutu­ror mame­lor șco­lii Pes­ta­lo­zzi (în aceas­tă peri­oa­dă este dis­po­ni­bi­lă îngri­ji­rea copi­i­lor). Mame­le au posi­bi­li­ta­tea de a face schimb de idei și expe­rien­țe cu cei­lalți și de a bene­fi­cia de ofer­te de asis­ten­ță pen­tru inte­gra­re, pre­cum și de cur­suri de lim­bă și orien­ta­re. &nbsp; Flyer de descărcat</p>

la Şcoa­la Pes­ta­lo­zzi din Durlach&nbsp; Cafe­nea­ua pen­tru mame (Müt­ter­ca­fé) este des­chi­să tutu­ror mame­lor șco­lii Pes­ta­lo­zzi (în aceas­tă peri­oa­dă este dis­po­ni­bi­lă îngri­ji­rea copi­i­lor). Mame­le au posi­bi­li­ta­tea de a face schimb de&nbsp;Citiți mai mult
