{"id":12667,"date":"2019-02-07T10:53:41","date_gmt":"2019-02-07T09:53:41","guid":{"rendered":"https:\/\/www.anika-net.de\/event\/counseling-center-karlsruhe-profamilia-karlsruhe\/"},"modified":"2024-05-07T11:35:23","modified_gmt":"2024-05-07T09:35:23","slug":"counseling-center-karlsruhe-profamilia-karlsruhe","status":"publish","type":"event","link":"https:\/\/www.anika-net.de\/ro\/event\/counseling-center-karlsruhe-profamilia-karlsruhe\/","title":{"rendered":"Cen\u00adtrul de con\u00adsi\u00adli\u00ade\u00adre pro\u00adfa\u00admi\u00adlia Karlsruhe"},"content":{"rendered":"<h2><span style=\"color: #ffcc00;\"><strong>Pro\u00adfa\u00admi\u00adlia Karlsruhe<\/strong><\/span><\/h2>\n<blockquote>\n<h2><strong><em>Ave\u021bi \u00eentre\u00adb\u0103ri des\u00adpre sar\u00adci\u00adn\u0103, sexu\u00ada\u00adli\u00adta\u00adte, par\u00adte\u00adne\u00adri\u00adat sau pater\u00adni\u00adta\u00adte? La pro fami\u00adlia, ve\u021bi pri\u00admi con\u00adsi\u00adli\u00ade\u00adre pro\u00adfe\u00adsio\u00adna\u00adl\u0103 \u0219i con\u00adfi\u00adden\u00ad\u021bi\u00ada\u00adl\u0103. Drep\u00adtu\u00adri\u00adle dum\u00adne\u00ada\u00advoas\u00adtr\u0103 sunt \u00een prim-pla\u00adnul acti\u00advi\u00adt\u0103\u00ad\u021bii noastre.<\/em><\/strong><\/h2>\n<\/blockquote>\n<p>Dorim ca to\u021bi oame\u00adnii s\u0103 \u00ee\u0219i poa\u00adt\u0103 tr\u0103i sexu\u00ada\u00adli\u00adta\u00adtea \u00eentr-un mod auto\u00adde\u00adter\u00admi\u00adnat \u0219i s\u0103 deci\u00add\u0103 \u00een mod liber dac\u0103 vor deve\u00adni p\u0103rin\u021bi.<\/p>\n<h4><span style=\"color: #008080;\">Ser\u00advi\u00adcii de consiliere<\/span><\/h4>\n<ul>\n<li>Con\u00adsi\u00adli\u00ade\u00adre pri\u00advind con\u00adflic\u00adtul de sarcin\u0103<\/li>\n<li>Con\u00adsi\u00adli\u00ade\u00adre juri\u00addi\u00adc\u0103 social\u0103<\/li>\n<li>Con\u00adsi\u00adli\u00ade\u00adre medical\u0103<\/li>\n<li>Con\u00adsul\u00adta\u00adrea tinerilor<\/li>\n<li>Edu\u00adca\u00ad\u021bie sexual\u0103<\/li>\n<li>Con\u00adsi\u00adli\u00ade\u00adre LGBTTIQ*<\/li>\n<li>Sexu\u00ada\u00adli\u00adta\u00adte&nbsp;\u0219i\u2026<\/li>\n<li>Psi\u00adho\u00adlo\u00adgie. consiliere<\/li>\n<li>Medi\u00ade\u00adre<\/li>\n<li>Infor\u00adma\u00ad\u021bii juridice<\/li>\n<li>dorin\u00ad\u021ba de a avea&nbsp;copii<\/li>\n<li>Moa\u00ad\u0219\u0103 de familie<\/li>\n<li>Run\u00adda de&nbsp;joi<\/li>\n<li>\u201cBel\u00adly to&nbsp;belly\u201d<\/li>\n<li>Edu\u00adca\u00ad\u021bia sexu\u00ada\u00adl\u0103 \u00een \u00eenv\u0103\u00ad\u021b\u0103m\u00e2n\u00adtul primar<\/li>\n<li>Punc\u00adtul de ple\u00adca\u00adre Cafe\u00adnea\u00adua p\u0103rin\u021bilor<\/li>\n<li>S\u0103 vor\u00adbim despre\u2026<\/li>\n<li>Con\u00adsi\u00adli\u00ade\u00adre juri\u00addi\u00adc\u0103 pen\u00adtru mame\u00adle sin\u00adgu\u00adre (\u00eens\u0103r\u00adci\u00adna\u00adte)<\/li>\n<\/ul>\n<p>&nbsp;<\/p>\n","protected":false},"author":12,"featured_media":49075,"template":"","class_list":["post-12667","event","type-event","status-publish","has-post-thumbnail","hentry","event_category-asistenta"],"acf":{"event-recurring":true,"event-category":81,"event-is-language-course":false,"event-recurring-still-active":true,"event-display-details":true,"event-schedules-recurring":[{"event-recurring-week-day":false,"event-recurring-time":"09:00 - 10:00 \/ 15:00 - 18:00","event-recurring-time-text":""},{"event-recurring-week-day":"1","event-recurring-time":"09:00 - 10:00 ","event-recurring-time-text":""},{"event-recurring-week-day":"2","event-recurring-time":"09:00 - 12:00 ","event-recurring-time-text":""},{"event-recurring-week-day":"3","event-recurring-time":"15:00 - 16:00","event-recurring-time-text":""},{"event-recurring-week-day":"4","event-recurring-time":"09:00 - 12:00","event-recurring-time-text":""}],"event-schedules-calendar":null,"event-is-online":false,"event-online-url":"","event-location-building":"profamilia Karlsruhe","event-location-street":"Leopoldstra\u00dfe 5","event-location-zip":"76133","event-location-city":"Karlsruhe","event-location-contact-person":"Beratungsstelle Karlsruhe","event-location-phone":"0721 920505","event-location-phone-2":"","event-location-mail":"karlsruhe@profamilia.de","event-location-mail-2":"","event-location-website":"http:\/\/profamilia.de\/karlsruhe","event-target-group":[{"target-group":"adults"}],"event-target-group-comment":"","event-free":true,"event-organiser":[16421],"event-header-copyright-overlay":false,"event-copyright-note-description-end":false},"featured_image_urls_v2":{"full":["https:\/\/www.anika-net.de\/wp-content\/uploads\/2019\/02\/profamilia-logo.png",235,83,false],"thumbnail":["https:\/\/www.anika-net.de\/wp-content\/uploads\/2019\/02\/profamilia-logo-150x83.png",150,83,true],"medium":["https:\/\/www.anika-net.de\/wp-content\/uploads\/2019\/02\/profamilia-logo.png",235,83,false],"medium_large":["https:\/\/www.anika-net.de\/wp-content\/uploads\/2019\/02\/profamilia-logo.png",235,83,false],"large":["https:\/\/www.anika-net.de\/wp-content\/uploads\/2019\/02\/profamilia-logo.png",235,83,false],"1536x1536":["https:\/\/www.anika-net.de\/wp-content\/uploads\/2019\/02\/profamilia-logo.png",235,83,false],"2048x2048":["https:\/\/www.anika-net.de\/wp-content\/uploads\/2019\/02\/profamilia-logo.png",235,83,false],"event-overview":["https:\/\/www.anika-net.de\/wp-content\/uploads\/2019\/02\/profamilia-logo.png",235,83,false],"event-archive-thumb":["https:\/\/www.anika-net.de\/wp-content\/uploads\/2019\/02\/profamilia-logo.png",235,83,false],"grid-item-thumbnail":["https:\/\/www.anika-net.de\/wp-content\/uploads\/2019\/02\/profamilia-logo.png",235,83,false],"network-partner-icon":["https:\/\/www.anika-net.de\/wp-content\/uploads\/2019\/02\/profamilia-logo-100x83.png",100,83,true],"organiser-icon":["https:\/\/www.anika-net.de\/wp-content\/uploads\/2019\/02\/profamilia-logo-200x83.png",200,83,true],"gform-image-choice-sm":["https:\/\/www.anika-net.de\/wp-content\/uploads\/2019\/02\/profamilia-logo.png",235,83,false],"gform-image-choice-md":["https:\/\/www.anika-net.de\/wp-content\/uploads\/2019\/02\/profamilia-logo.png",235,83,false],"gform-image-choice-lg":["https:\/\/www.anika-net.de\/wp-content\/uploads\/2019\/02\/profamilia-logo.png",235,83,false]},"post_excerpt_stackable_v2":"<p>Pro\u00adfa\u00admi\u00adlia Karl\u00adsru\u00adhe Ave\u021bi \u00eentre\u00adb\u0103ri des\u00adpre sar\u00adci\u00adn\u0103, sexu\u00ada\u00adli\u00adta\u00adte, par\u00adte\u00adne\u00adri\u00adat sau pater\u00adni\u00adta\u00adte? La pro fami\u00adlia, ve\u021bi pri\u00admi con\u00adsi\u00adli\u00ade\u00adre pro\u00adfe\u00adsio\u00adna\u00adl\u0103 \u0219i con\u00adfi\u00adden\u00ad\u021bi\u00ada\u00adl\u0103. Drep\u00adtu\u00adri\u00adle dum\u00adne\u00ada\u00advoas\u00adtr\u0103 sunt \u00een prim-pla\u00ad\u00ad\u00adnul acti\u00advi\u00adt\u0103\u00ad\u021bii noas\u00adtre. Dorim ca to\u021bi oame\u00adnii s\u0103 \u00ee\u0219i poa\u00adt\u0103 tr\u0103i sexu\u00ada\u00adli\u00adta\u00adtea \u00eentr-un mod auto\u00adde\u00adter\u00admi\u00adnat \u0219i s\u0103 deci\u00add\u0103 \u00een mod liber dac\u0103 vor deve\u00adni p\u0103rin\u021bi. Ser\u00advi\u00adcii de con\u00adsi\u00adli\u00ade\u00adre Con\u00adsi\u00adli\u00ade\u00adre pri\u00advind con\u00adflic\u00adtul de sar\u00adci\u00adn\u0103 Con\u00adsi\u00adli\u00ade\u00adre juri\u00addi\u00adc\u0103 soci\u00ada\u00adl\u0103 Con\u00adsi\u00adli\u00ade\u00adre medi\u00adca\u00adl\u0103 Con\u00adsul\u00adta\u00adrea tine\u00adri\u00adlor Edu\u00adca\u00ad\u021bie sexu\u00ada\u00adl\u0103 Con\u00adsi\u00adli\u00ade\u00adre LGBTTIQ* Sexu\u00ada\u00adli\u00adta\u00adte&nbsp;\u0219i\u2026 Psi\u00adho\u00adlo\u00adgie. con\u00adsi\u00adli\u00ade\u00adre Medi\u00ade\u00adre Infor\u00adma\u00ad\u021bii juri\u00addi\u00adce dorin\u00ad\u021ba de a avea&nbsp;copii Moa\u00ad\u0219\u0103 de fami\u00adlie Run\u00adda de&nbsp;joi \u201cBel\u00adly to&nbsp;bel\u00adly\u201d Edu\u00adca\u00ad\u021bia sexu\u00ada\u00adl\u0103 \u00een \u00eenv\u0103\u00ad\u021b\u0103m\u00e2n\u00adtul pri\u00admar Punc\u00adtul de ple\u00adca\u00adre Cafe\u00adnea\u00adua p\u0103rin\u00ad\u021bi\u00adlor S\u0103 vor\u00adbim des\u00adpre\u2026 Con\u00adsi\u00adli\u00ade\u00adre juri\u00addi\u00adc\u0103 pentru\u2026<\/p>\n","category_list_v2":"","author_info_v2":{"name":"Andrea Ramirez","url":"https:\/\/www.anika-net.de\/ro\/author\/andrea-ramirez\/"},"comments_num_v2":"0 comments","uagb_featured_image_src":{"full":["https:\/\/www.anika-net.de\/wp-content\/uploads\/2019\/02\/profamilia-logo.png",235,83,false],"thumbnail":["https:\/\/www.anika-net.de\/wp-content\/uploads\/2019\/02\/profamilia-logo-150x83.png",150,83,true],"medium":["https:\/\/www.anika-net.de\/wp-content\/uploads\/2019\/02\/profamilia-logo.png",235,83,false],"medium_large":["https:\/\/www.anika-net.de\/wp-content\/uploads\/2019\/02\/profamilia-logo.png",235,83,false],"large":["https:\/\/www.anika-net.de\/wp-content\/uploads\/2019\/02\/profamilia-logo.png",235,83,false],"1536x1536":["https:\/\/www.anika-net.de\/wp-content\/uploads\/2019\/02\/profamilia-logo.png",235,83,false],"2048x2048":["https:\/\/www.anika-net.de\/wp-content\/uploads\/2019\/02\/profamilia-logo.png",235,83,false],"event-overview":["https:\/\/www.anika-net.de\/wp-content\/uploads\/2019\/02\/profamilia-logo.png",235,83,false],"event-archive-thumb":["https:\/\/www.anika-net.de\/wp-content\/uploads\/2019\/02\/profamilia-logo.png",235,83,false],"grid-item-thumbnail":["https:\/\/www.anika-net.de\/wp-content\/uploads\/2019\/02\/profamilia-logo.png",235,83,false],"network-partner-icon":["https:\/\/www.anika-net.de\/wp-content\/uploads\/2019\/02\/profamilia-logo-100x83.png",100,83,true],"organiser-icon":["https:\/\/www.anika-net.de\/wp-content\/uploads\/2019\/02\/profamilia-logo-200x83.png",200,83,true],"gform-image-choice-sm":["https:\/\/www.anika-net.de\/wp-content\/uploads\/2019\/02\/profamilia-logo.png",235,83,false],"gform-image-choice-md":["https:\/\/www.anika-net.de\/wp-content\/uploads\/2019\/02\/profamilia-logo.png",235,83,false],"gform-image-choice-lg":["https:\/\/www.anika-net.de\/wp-content\/uploads\/2019\/02\/profamilia-logo.png",235,83,false]},"uagb_author_info":{"display_name":"Andrea Ramirez","author_link":"https:\/\/www.anika-net.de\/ro\/author\/andrea-ramirez\/"},"uagb_comment_info":0,"uagb_excerpt":"Pro\u00adfa\u00admi\u00adlia Karlsruhe Ave\u021bi \u00eentre\u00adb\u0103ri des\u00adpre sar\u00adci\u00adn\u0103, sexu\u00ada\u00adli\u00adta\u00adte, par\u00adte\u00adne\u00adri\u00adat sau pater\u00adni\u00adta\u00adte? La pro fami\u00adlia, ve\u021bi pri\u00admi con\u00adsi\u00adli\u00ade\u00adre pro\u00adfe\u00adsio\u00adna\u00adl\u0103 \u0219i con\u00adfi\u00adden\u00ad\u021bi\u00ada\u00adl\u0103. Drep\u00adtu\u00adri\u00adle dum\u00adne\u00ada\u00advoas\u00adtr\u0103 sunt \u00een prim-pla\u00adnul acti\u00advi\u00adt\u0103\u00ad\u021bii noastre. Dorim ca to\u021bi oame\u00adnii&nbsp;Citi\u021bi mai mult","_links":{"self":[{"href":"https:\/\/www.anika-net.de\/ro\/wp-json\/wp\/v2\/event\/12667","targetHints":{"allow":["GET"]}}],"collection":[{"href":"https:\/\/www.anika-net.de\/ro\/wp-json\/wp\/v2\/event"}],"about":[{"href":"https:\/\/www.anika-net.de\/ro\/wp-json\/wp\/v2\/types\/event"}],"author":[{"embeddable":true,"href":"https:\/\/www.anika-net.de\/ro\/wp-json\/wp\/v2\/users\/12"}],"version-history":[{"count":0,"href":"https:\/\/www.anika-net.de\/ro\/wp-json\/wp\/v2\/event\/12667\/revisions"}],"acf:post":[{"embeddable":true,"href":"https:\/\/www.anika-net.de\/ro\/wp-json\/wp\/v2\/organiser\/16421"}],"acf:term":[{"embeddable":true,"taxonomy":"event_category","href":"https:\/\/www.anika-net.de\/ro\/wp-json\/wp\/v2\/event_category\/81"}],"wp:featuredmedia":[{"embeddable":true,"href":"https:\/\/www.anika-net.de\/ro\/wp-json\/wp\/v2\/media\/49075"}],"wp:attachment":[{"href":"https:\/\/www.anika-net.de\/ro\/wp-json\/wp\/v2\/media?parent=12667"}],"curies":[{"name":"wp","href":"https:\/\/api.w.org\/{rel}","templated":true}]}}

<h2><span style="color: #ffcc00;"><strong>Pro­fa­mi­lia Karlsruhe</strong></span></h2>
<blockquote>
<h2><strong><em>Aveți între­bări des­pre sar­ci­nă, sexu­a­li­ta­te, par­te­ne­ri­at sau pater­ni­ta­te? La pro fami­lia, veți pri­mi con­si­li­e­re pro­fe­sio­na­lă și con­fi­den­ți­a­lă. Drep­tu­ri­le dum­ne­a­voas­tră sunt în prim-pla­nul acti­vi­tă­ții noastre.</em></strong></h2>
</blockquote>
<p>Dorim ca toți oame­nii să își poa­tă trăi sexu­a­li­ta­tea într-un mod auto­de­ter­mi­nat și să deci­dă în mod liber dacă vor deve­ni părinți.</p>
<h4><span style="color: #008080;">Ser­vi­cii de consiliere</span></h4>
<ul>
<li>Con­si­li­e­re pri­vind con­flic­tul de sarcină</li>
<li>Con­si­li­e­re juri­di­că socială</li>
<li>Con­si­li­e­re medicală</li>
<li>Con­sul­ta­rea tinerilor</li>
<li>Edu­ca­ție sexuală</li>
<li>Con­si­li­e­re LGBTTIQ*</li>
<li>Sexu­a­li­ta­te&nbsp;și…</li>
<li>Psi­ho­lo­gie. consiliere</li>
<li>Medi­e­re</li>
<li>Infor­ma­ții juridice</li>
<li>dorin­ța de a avea&nbsp;copii</li>
<li>Moa­șă de familie</li>
<li>Run­da de&nbsp;joi</li>
<li>“Bel­ly to&nbsp;belly”</li>
<li>Edu­ca­ția sexu­a­lă în învă­țămân­tul primar</li>
<li>Punc­tul de ple­ca­re Cafe­nea­ua părinților</li>
<li>Să vor­bim despre…</li>
<li>Con­si­li­e­re juri­di­că pen­tru mame­le sin­gu­re (însăr­ci­na­te)</li>
</ul>
<p>&nbsp;</p>

Leopoldstraße 5

<p>Pro­fa­mi­lia Karl­sru­he Aveți între­bări des­pre sar­ci­nă, sexu­a­li­ta­te, par­te­ne­ri­at sau pater­ni­ta­te? La pro fami­lia, veți pri­mi con­si­li­e­re pro­fe­sio­na­lă și con­fi­den­ți­a­lă. Drep­tu­ri­le dum­ne­a­voas­tră sunt în prim-pla­­­nul acti­vi­tă­ții noas­tre. Dorim ca toți oame­nii să își poa­tă trăi sexu­a­li­ta­tea într-un mod auto­de­ter­mi­nat și să deci­dă în mod liber dacă vor deve­ni părinți. Ser­vi­cii de con­si­li­e­re Con­si­li­e­re pri­vind con­flic­tul de sar­ci­nă Con­si­li­e­re juri­di­că soci­a­lă Con­si­li­e­re medi­ca­lă Con­sul­ta­rea tine­ri­lor Edu­ca­ție sexu­a­lă Con­si­li­e­re LGBTTIQ* Sexu­a­li­ta­te&nbsp;și… Psi­ho­lo­gie. con­si­li­e­re Medi­e­re Infor­ma­ții juri­di­ce dorin­ța de a avea&nbsp;copii Moa­șă de fami­lie Run­da de&nbsp;joi “Bel­ly to&nbsp;bel­ly” Edu­ca­ția sexu­a­lă în învă­țămân­tul pri­mar Punc­tul de ple­ca­re Cafe­nea­ua părin­ți­lor Să vor­bim des­pre… Con­si­li­e­re juri­di­că pentru…</p>

Pro­fa­mi­lia Karlsruhe Aveți între­bări des­pre sar­ci­nă, sexu­a­li­ta­te, par­te­ne­ri­at sau pater­ni­ta­te? La pro fami­lia, veți pri­mi con­si­li­e­re pro­fe­sio­na­lă și con­fi­den­ți­a­lă. Drep­tu­ri­le dum­ne­a­voas­tră sunt în prim-pla­nul acti­vi­tă­ții noastre. Dorim ca toți oame­nii&nbsp;Citiți mai mult
