{"id":12621,"date":"2020-01-07T09:52:29","date_gmt":"2020-01-07T08:52:29","guid":{"rendered":"https:\/\/www.anika-net.de\/event\/de-beratung-zum-wiedereinstieg\/"},"modified":"2024-09-09T12:15:36","modified_gmt":"2024-09-09T10:15:36","slug":"de-beratung-zum-wiedereinstieg","status":"publish","type":"event","link":"https:\/\/www.anika-net.de\/ro\/event\/de-beratung-zum-wiedereinstieg\/","title":{"rendered":"Sfa\u00adturi pen\u00adtru reintrare"},"content":{"rendered":"<h2><span style=\"color: #008080;\"><strong>Rein\u00adtra\u00adrea profesional\u0103<\/strong><\/span><\/h2>\n<ul>\n<li>Te \u00eentrebi une\u00adori dac\u0103 ai \u0219anse pe actu\u00ada\u00adla pia\u00ad\u021b\u0103 a muncii?<\/li>\n<li>Sau v\u0103 g\u00e2n\u00addi\u021bi dac\u0103 ar fi posi\u00adbil s\u0103 face\u021bi o ucenicie?<br>\nPoa\u00adte chiar part-time?&nbsp;<\/li>\n<li>Poa\u00adte \u00eentr\u2011o pro\u00adfe\u00adsie care te \u00eempli\u00adne\u0219\u00adte \u0219i \u00ee\u021bi per\u00admi\u00adte s\u0103 tr\u0103\u00adie\u0219ti f\u0103r\u0103 aju\u00adtor financiar?<\/li>\n<\/ul>\n<p><span style=\"color: #008080;\"><strong>Gra\u00adtu\u00adit \u0219i f\u0103r\u0103 obli\u00adga\u00ad\u021bii<\/strong><\/span> Con\u00adsi\u00adli\u00ade\u00adrii no\u0219\u00adtri de carie\u00adr\u0103 v\u0103 stau la dis\u00adpo\u00adzi\u00ad\u021bie cu toa\u00adte cuno\u0219\u00adtin\u00ad\u021be\u00adle \u0219i con\u00adtac\u00adte\u00adle lor pen\u00adtru con\u00adsi\u00adli\u00ade\u00adrea de orien\u00adta\u00adre. Ei \u00ee\u0219i fac timp pen\u00adtru pre\u00ado\u00adcu\u00adp\u0103\u00adri\u00adle dvs. \u0219i pot dis\u00adcu\u00adta cu dvs. ide\u00adi\u00adle \u0219i poa\u00adte ini\u00ad\u021bia deja urm\u0103\u00adto\u00adrii pa\u0219i. <strong>\ud83d\udccedes\u00adc\u0103r\u00adca\u021bi <\/strong><a href=\"https:\/\/www.anika-net.de\/wp-content\/uploads\/2022\/11\/2106_Flyer-BBiE.pdf\"><strong>Flyer<\/strong><\/a> \ud83d\udce7 <strong><a href=\"https:\/\/web.arbeitsagentur.de\/portal\/kontakt\/de\" rel=\"noopener\"><span style=\"color: #800080;\">face\u021bi o pro\u00adgra\u00adma\u00adre<\/span> <\/a><\/strong> <\/p>\n","protected":false},"author":12,"featured_media":9008,"template":"","class_list":["post-12621","event","type-event","status-publish","has-post-thumbnail","hentry","event_category-munca"],"acf":{"event-recurring":true,"event-category":84,"event-is-language-course":false,"event-recurring-still-active":true,"event-display-details":true,"event-schedules-recurring":null,"event-schedules-calendar":null,"event-is-online":false,"event-online-url":"","event-location-building":"Agentur f\u00fcr Arbeit Karlsruhe-Rastatt","event-location-street":"Brauerstr. 10","event-location-zip":"76135","event-location-city":"Karlsruhe","event-location-contact-person":"Berufsberatung im Erwerbsleben (BBiE)","event-location-phone":"+49 721 823 2555 Beratungshotline","event-location-phone-2":"","event-location-mail":"Oberrhein.BBiE@arbeitsagentur.de","event-location-mail-2":"","event-location-website":"https:\/\/www.arbeitsagentur.de\/datei\/die-lebensbegleitende-berufsberatung-der-ba_ba035445.pdf","event-target-group":[{"target-group":"all"}],"event-target-group-comment":"Persoane \u00eenainte de reintrarea profesional\u0103","event-free":true,"event-organiser":[15670],"event-header-copyright-overlay":false,"event-copyright-note-description-end":true},"featured_image_urls_v2":{"full":["https:\/\/www.anika-net.de\/wp-content\/uploads\/2021\/10\/870x489_bundesagentur_fuer_arbeit_logo-1280x640-1.jpg",870,489,false],"thumbnail":["https:\/\/www.anika-net.de\/wp-content\/uploads\/2021\/10\/870x489_bundesagentur_fuer_arbeit_logo-1280x640-1-150x150.jpg",150,150,true],"medium":["https:\/\/www.anika-net.de\/wp-content\/uploads\/2021\/10\/870x489_bundesagentur_fuer_arbeit_logo-1280x640-1-300x169.jpg",300,169,true],"medium_large":["https:\/\/www.anika-net.de\/wp-content\/uploads\/2021\/10\/870x489_bundesagentur_fuer_arbeit_logo-1280x640-1-768x432.jpg",640,360,true],"large":["https:\/\/www.anika-net.de\/wp-content\/uploads\/2021\/10\/870x489_bundesagentur_fuer_arbeit_logo-1280x640-1.jpg",640,360,false],"1536x1536":["https:\/\/www.anika-net.de\/wp-content\/uploads\/2021\/10\/870x489_bundesagentur_fuer_arbeit_logo-1280x640-1.jpg",870,489,false],"2048x2048":["https:\/\/www.anika-net.de\/wp-content\/uploads\/2021\/10\/870x489_bundesagentur_fuer_arbeit_logo-1280x640-1.jpg",870,489,false],"event-overview":["https:\/\/www.anika-net.de\/wp-content\/uploads\/2021\/10\/870x489_bundesagentur_fuer_arbeit_logo-1280x640-1.jpg",870,489,false],"event-archive-thumb":["https:\/\/www.anika-net.de\/wp-content\/uploads\/2021\/10\/870x489_bundesagentur_fuer_arbeit_logo-1280x640-1-480x270.jpg",480,270,true],"grid-item-thumbnail":["https:\/\/www.anika-net.de\/wp-content\/uploads\/2021\/10\/870x489_bundesagentur_fuer_arbeit_logo-1280x640-1-360x200.jpg",360,200,true],"network-partner-icon":["https:\/\/www.anika-net.de\/wp-content\/uploads\/2021\/10\/870x489_bundesagentur_fuer_arbeit_logo-1280x640-1-100x100.jpg",100,100,true],"organiser-icon":["https:\/\/www.anika-net.de\/wp-content\/uploads\/2021\/10\/870x489_bundesagentur_fuer_arbeit_logo-1280x640-1-200x200.jpg",200,200,true],"gform-image-choice-sm":["https:\/\/www.anika-net.de\/wp-content\/uploads\/2021\/10\/870x489_bundesagentur_fuer_arbeit_logo-1280x640-1.jpg",300,169,false],"gform-image-choice-md":["https:\/\/www.anika-net.de\/wp-content\/uploads\/2021\/10\/870x489_bundesagentur_fuer_arbeit_logo-1280x640-1.jpg",400,225,false],"gform-image-choice-lg":["https:\/\/www.anika-net.de\/wp-content\/uploads\/2021\/10\/870x489_bundesagentur_fuer_arbeit_logo-1280x640-1.jpg",600,337,false]},"post_excerpt_stackable_v2":"<p>Rein\u00adtra\u00adrea pro\u00adfe\u00adsio\u00adna\u00adl\u0103 Te \u00eentrebi une\u00adori dac\u0103 ai \u0219anse pe actu\u00ada\u00adla pia\u00ad\u021b\u0103 a mun\u00adcii? Sau v\u0103 g\u00e2n\u00addi\u021bi dac\u0103 ar fi posi\u00adbil s\u0103 face\u021bi o uce\u00adni\u00adcie? Poa\u00adte chiar part-time?&nbsp; Poa\u00adte \u00eentr\u2011o pro\u00adfe\u00adsie care te \u00eempli\u00adne\u0219\u00adte \u0219i \u00ee\u021bi per\u00admi\u00adte s\u0103 tr\u0103\u00adie\u0219ti f\u0103r\u0103 aju\u00adtor finan\u00adci\u00adar? Gra\u00adtu\u00adit \u0219i f\u0103r\u0103 obli\u00adga\u00ad\u021bii Con\u00adsi\u00adli\u00ade\u00adrii no\u0219\u00adtri de carie\u00adr\u0103 v\u0103 stau la dis\u00adpo\u00adzi\u00ad\u021bie cu toa\u00adte cuno\u0219\u00adtin\u00ad\u021be\u00adle \u0219i con\u00adtac\u00adte\u00adle lor pen\u00adtru con\u00adsi\u00adli\u00ade\u00adrea de orien\u00adta\u00adre. Ei \u00ee\u0219i fac timp pen\u00adtru pre\u00ado\u00adcu\u00adp\u0103\u00adri\u00adle dvs. \u0219i pot dis\u00adcu\u00adta cu dvs. ide\u00adi\u00adle \u0219i poa\u00adte ini\u00ad\u021bia deja urm\u0103\u00adto\u00adrii pa\u0219i. \ud83d\udccedes\u00adc\u0103r\u00adca\u021bi Flyer \ud83d\udce7 face\u021bi o programare<\/p>\n","category_list_v2":"","author_info_v2":{"name":"Andrea Ramirez","url":"https:\/\/www.anika-net.de\/ro\/author\/andrea-ramirez\/"},"comments_num_v2":"0 comments","uagb_featured_image_src":{"full":["https:\/\/www.anika-net.de\/wp-content\/uploads\/2021\/10\/870x489_bundesagentur_fuer_arbeit_logo-1280x640-1.jpg",870,489,false],"thumbnail":["https:\/\/www.anika-net.de\/wp-content\/uploads\/2021\/10\/870x489_bundesagentur_fuer_arbeit_logo-1280x640-1-150x150.jpg",150,150,true],"medium":["https:\/\/www.anika-net.de\/wp-content\/uploads\/2021\/10\/870x489_bundesagentur_fuer_arbeit_logo-1280x640-1-300x169.jpg",300,169,true],"medium_large":["https:\/\/www.anika-net.de\/wp-content\/uploads\/2021\/10\/870x489_bundesagentur_fuer_arbeit_logo-1280x640-1-768x432.jpg",640,360,true],"large":["https:\/\/www.anika-net.de\/wp-content\/uploads\/2021\/10\/870x489_bundesagentur_fuer_arbeit_logo-1280x640-1.jpg",640,360,false],"1536x1536":["https:\/\/www.anika-net.de\/wp-content\/uploads\/2021\/10\/870x489_bundesagentur_fuer_arbeit_logo-1280x640-1.jpg",870,489,false],"2048x2048":["https:\/\/www.anika-net.de\/wp-content\/uploads\/2021\/10\/870x489_bundesagentur_fuer_arbeit_logo-1280x640-1.jpg",870,489,false],"event-overview":["https:\/\/www.anika-net.de\/wp-content\/uploads\/2021\/10\/870x489_bundesagentur_fuer_arbeit_logo-1280x640-1.jpg",870,489,false],"event-archive-thumb":["https:\/\/www.anika-net.de\/wp-content\/uploads\/2021\/10\/870x489_bundesagentur_fuer_arbeit_logo-1280x640-1-480x270.jpg",480,270,true],"grid-item-thumbnail":["https:\/\/www.anika-net.de\/wp-content\/uploads\/2021\/10\/870x489_bundesagentur_fuer_arbeit_logo-1280x640-1-360x200.jpg",360,200,true],"network-partner-icon":["https:\/\/www.anika-net.de\/wp-content\/uploads\/2021\/10\/870x489_bundesagentur_fuer_arbeit_logo-1280x640-1-100x100.jpg",100,100,true],"organiser-icon":["https:\/\/www.anika-net.de\/wp-content\/uploads\/2021\/10\/870x489_bundesagentur_fuer_arbeit_logo-1280x640-1-200x200.jpg",200,200,true],"gform-image-choice-sm":["https:\/\/www.anika-net.de\/wp-content\/uploads\/2021\/10\/870x489_bundesagentur_fuer_arbeit_logo-1280x640-1.jpg",300,169,false],"gform-image-choice-md":["https:\/\/www.anika-net.de\/wp-content\/uploads\/2021\/10\/870x489_bundesagentur_fuer_arbeit_logo-1280x640-1.jpg",400,225,false],"gform-image-choice-lg":["https:\/\/www.anika-net.de\/wp-content\/uploads\/2021\/10\/870x489_bundesagentur_fuer_arbeit_logo-1280x640-1.jpg",600,337,false]},"uagb_author_info":{"display_name":"Andrea Ramirez","author_link":"https:\/\/www.anika-net.de\/ro\/author\/andrea-ramirez\/"},"uagb_comment_info":0,"uagb_excerpt":"Rein\u00adtra\u00adrea profesional\u0103 Te \u00eentrebi une\u00adori dac\u0103 ai \u0219anse pe actu\u00ada\u00adla pia\u00ad\u021b\u0103 a muncii? Sau v\u0103 g\u00e2n\u00addi\u021bi dac\u0103 ar fi posi\u00adbil s\u0103 face\u021bi o ucenicie? Poa\u00adte chiar part-time?&nbsp; Poa\u00adte \u00eentr\u2011o pro\u00adfe\u00adsie&nbsp;Citi\u021bi mai mult","_links":{"self":[{"href":"https:\/\/www.anika-net.de\/ro\/wp-json\/wp\/v2\/event\/12621","targetHints":{"allow":["GET"]}}],"collection":[{"href":"https:\/\/www.anika-net.de\/ro\/wp-json\/wp\/v2\/event"}],"about":[{"href":"https:\/\/www.anika-net.de\/ro\/wp-json\/wp\/v2\/types\/event"}],"author":[{"embeddable":true,"href":"https:\/\/www.anika-net.de\/ro\/wp-json\/wp\/v2\/users\/12"}],"version-history":[{"count":1,"href":"https:\/\/www.anika-net.de\/ro\/wp-json\/wp\/v2\/event\/12621\/revisions"}],"predecessor-version":[{"id":53302,"href":"https:\/\/www.anika-net.de\/ro\/wp-json\/wp\/v2\/event\/12621\/revisions\/53302"}],"acf:post":[{"embeddable":true,"href":"https:\/\/www.anika-net.de\/ro\/wp-json\/wp\/v2\/organiser\/15670"}],"acf:term":[{"embeddable":true,"taxonomy":"event_category","href":"https:\/\/www.anika-net.de\/ro\/wp-json\/wp\/v2\/event_category\/84"}],"wp:featuredmedia":[{"embeddable":true,"href":"https:\/\/www.anika-net.de\/ro\/wp-json\/wp\/v2\/media\/9008"}],"wp:attachment":[{"href":"https:\/\/www.anika-net.de\/ro\/wp-json\/wp\/v2\/media?parent=12621"}],"curies":[{"name":"wp","href":"https:\/\/api.w.org\/{rel}","templated":true}]}}

<h2><span style="color: #008080;"><strong>Rein­tra­rea profesională</strong></span></h2>
<ul>
<li>Te întrebi une­ori dacă ai șanse pe actu­a­la pia­ță a muncii?</li>
<li>Sau vă gân­diți dacă ar fi posi­bil să faceți o ucenicie?<br>
Poa­te chiar part-time?&nbsp;</li>
<li>Poa­te într‑o pro­fe­sie care te împli­neș­te și îți per­mi­te să tră­iești fără aju­tor financiar?</li>
</ul>
<p><span style="color: #008080;"><strong>Gra­tu­it și fără obli­ga­ții</strong></span> Con­si­li­e­rii noș­tri de carie­ră vă stau la dis­po­zi­ție cu toa­te cunoș­tin­țe­le și con­tac­te­le lor pen­tru con­si­li­e­rea de orien­ta­re. Ei își fac timp pen­tru pre­o­cu­pă­ri­le dvs. și pot dis­cu­ta cu dvs. ide­i­le și poa­te ini­ția deja urmă­to­rii pași. <strong>📎des­căr­cați </strong><a href="https://www.anika-net.de/wp-content/uploads/2022/11/2106_Flyer-BBiE.pdf"><strong>Flyer</strong></a> 📧 <strong><a href="https://web.arbeitsagentur.de/portal/kontakt/de" rel="noopener"><span style="color: #800080;">faceți o pro­gra­ma­re</span> </a></strong> </p>

Agentur für Arbeit Karlsruhe-Rastatt

Persoane înainte de reintrarea profesională

<p>Rein­tra­rea pro­fe­sio­na­lă Te întrebi une­ori dacă ai șanse pe actu­a­la pia­ță a mun­cii? Sau vă gân­diți dacă ar fi posi­bil să faceți o uce­ni­cie? Poa­te chiar part-time?&nbsp; Poa­te într‑o pro­fe­sie care te împli­neș­te și îți per­mi­te să tră­iești fără aju­tor finan­ci­ar? Gra­tu­it și fără obli­ga­ții Con­si­li­e­rii noș­tri de carie­ră vă stau la dis­po­zi­ție cu toa­te cunoș­tin­țe­le și con­tac­te­le lor pen­tru con­si­li­e­rea de orien­ta­re. Ei își fac timp pen­tru pre­o­cu­pă­ri­le dvs. și pot dis­cu­ta cu dvs. ide­i­le și poa­te ini­ția deja urmă­to­rii pași. 📎des­căr­cați Flyer 📧 faceți o programare</p>

Rein­tra­rea profesională Te întrebi une­ori dacă ai șanse pe actu­a­la pia­ță a muncii? Sau vă gân­diți dacă ar fi posi­bil să faceți o ucenicie? Poa­te chiar part-time?&nbsp; Poa­te într‑o pro­fe­sie&nbsp;Citiți mai mult
