{"id":121872,"date":"2026-04-30T19:15:43","date_gmt":"2026-04-30T17:15:43","guid":{"rendered":"https:\/\/www.anika-net.de\/event\/cafenea-deschisa-pentru-parinti-cu-servicii-de-ingrijire-a-copiilor\/"},"modified":"2026-04-30T19:19:34","modified_gmt":"2026-04-30T17:19:34","slug":"cafenea-deschisa-pentru-parinti-cu-servicii-de-ingrijire-a-copiilor","status":"publish","type":"event","link":"https:\/\/www.anika-net.de\/ro\/event\/cafenea-deschisa-pentru-parinti-cu-servicii-de-ingrijire-a-copiilor\/","title":{"rendered":"Cafe\u00adnea des\u00adchi\u00ads\u0103 pen\u00adtru p\u0103rin\u021bi (cu ser\u00advi\u00adcii de \u00eengri\u00adji\u00adre a copiilor)"},"content":{"rendered":"\n<p>Cafe\u00adnea\u00adua <strong>des\u00adchi\u00ads\u0103 pen\u00adtru p\u0103rin\u021bi<\/strong> ofe\u00adr\u0103 fami\u00adli\u00adi\u00adlor cu copii un spa\u00ad\u021biu pri\u00admi\u00adtor \u0219i rela\u00adxat pen\u00adtru a se \u00eent\u00e2l\u00adni, a cunoa\u0219\u00adte al\u021bi p\u0103rin\u021bi \u0219i a \u00eemp\u0103r\u00adt\u0103\u0219i expe\u00adrien\u00ad\u021be\u00adle de zi cu zi. \u00centr\u2011o atmosfe\u00adr\u0103 cal\u00add\u0103 \u0219i de sus\u00ad\u021bi\u00adne\u00adre, con\u00adver\u00adsa\u00ad\u021bi\u00adi\u00adle se dezvol\u00adt\u0103 \u00een mod natu\u00adral \u00een jurul subiec\u00adte\u00adlor care con\u00adtea\u00adz\u0103 cel mai mult pen\u00adtru participan\u021bi.&nbsp;<\/p>\n\n<p>\u00cen timp ce adul\u00ad\u021bii se bucu\u00adr\u0103 de schimb \u0219i spri\u00adjin \u00een con\u00adver\u00adsa\u00ad\u021bie, copi\u00adii sunt \u00eengri\u00adji\u021bi \u00een tim\u00adpul sesiu\u00adnii, per\u00admi\u021b\u00e2nd p\u0103rin\u00ad\u021bi\u00adlor s\u0103 ia o pau\u00adz\u0103, s\u0103 se conec\u00adte\u00adze cu al\u021bii \u0219i s\u0103 vor\u00adbeas\u00adc\u0103 liber f\u0103r\u0103 stres sau \u00eentrerupere.<\/p>\n\n<h4 class=\"wp-block-heading\">Cafe\u00adnea\u00adua des\u00adchi\u00ads\u0103 pen\u00adtru p\u0103rin\u021bi are loc \u00een fie\u00adca\u00adre mier\u00adcuri la Kul\u00adtur\u00adk\u00fc\u00adche Karl\u00adsru\u00adhe. Par\u00adti\u00adci\u00adpa\u00adrea este gra\u00adtu\u00adi\u00adt\u0103, inclu\u00adsiv \u00eengri\u00adji\u00adrea copi\u00adi\u00adlor \u00een tim\u00adpul \u00eent\u00e2l\u00adni\u00adrii, \u0219i nu este nece\u00adsa\u00adr\u0103 \u00eenregistrarea.&nbsp;<\/h4>\n\n<p>Pur \u0219i sim\u00adplu veni\u021bi \u0219i participa\u021bi!<\/p>\n\n<p><\/p>\n","protected":false},"author":16,"featured_media":121871,"template":"","class_list":["post-121872","event","type-event","status-publish","has-post-thumbnail","hentry","event_category-timp-liber"],"acf":{"event-recurring":false,"event-category":83,"event-is-language-course":false,"event-recurring-still-active":true,"event-display-details":true,"event-schedules-recurring":null,"event-schedules-calendar":[{"event-calendar-day":"20260506","event-calendar-time":"15:00 - 17:00","event-calendar-time-text":""},{"event-calendar-day":"20260513","event-calendar-time":"15:00 - 17:00","event-calendar-time-text":""},{"event-calendar-day":"20260520","event-calendar-time":"15:00 - 17:00","event-calendar-time-text":""},{"event-calendar-day":"20260527","event-calendar-time":"15:00 - 17:00","event-calendar-time-text":""},{"event-calendar-day":"20260603","event-calendar-time":"15:00 - 17:00","event-calendar-time-text":""},{"event-calendar-day":"20260610","event-calendar-time":"15:00 - 17:00","event-calendar-time-text":""},{"event-calendar-day":"20260617","event-calendar-time":"15:00 - 17:00","event-calendar-time-text":""},{"event-calendar-day":"20260624","event-calendar-time":"15:00 - 17:00","event-calendar-time-text":""},{"event-calendar-day":"20260701","event-calendar-time":"15:00 - 17:00","event-calendar-time-text":""},{"event-calendar-day":"20260708","event-calendar-time":"15:00 - 17:00","event-calendar-time-text":""},{"event-calendar-day":"20260715","event-calendar-time":"15:00 - 17:00","event-calendar-time-text":""},{"event-calendar-day":"20260722","event-calendar-time":"15:00 - 17:00","event-calendar-time-text":""},{"event-calendar-day":"20260729","event-calendar-time":"15:00 - 17:00","event-calendar-time-text":""}],"event-is-online":false,"event-online-url":"","event-location-building":"Kulturk\u00fcche","event-location-street":"Kaiserstra\u00dfe 47","event-location-zip":"76131","event-location-city":"Karlsruhe","event-location-contact-person":"","event-location-phone":"","event-location-phone-2":"","event-location-mail":"","event-location-mail-2":"","event-location-website":"","event-target-group":[{"target-group":"children"},{"target-group":"parents"}],"event-target-group-comment":"","event-free":true,"event-organiser":[16315,42765],"event-header-copyright-overlay":true,"event-copyright-note-description-end":false},"featured_image_urls_v2":{"full":["https:\/\/www.anika-net.de\/wp-content\/uploads\/2026\/04\/elterncafe-mutter-1536x1213-1.webp",1536,1213,false],"thumbnail":["https:\/\/www.anika-net.de\/wp-content\/uploads\/2026\/04\/elterncafe-mutter-1536x1213-1-150x150.webp",150,150,true],"medium":["https:\/\/www.anika-net.de\/wp-content\/uploads\/2026\/04\/elterncafe-mutter-1536x1213-1-300x237.webp",300,237,true],"medium_large":["https:\/\/www.anika-net.de\/wp-content\/uploads\/2026\/04\/elterncafe-mutter-1536x1213-1-768x607.webp",640,506,true],"large":["https:\/\/www.anika-net.de\/wp-content\/uploads\/2026\/04\/elterncafe-mutter-1536x1213-1-1024x809.webp",640,506,true],"1536x1536":["https:\/\/www.anika-net.de\/wp-content\/uploads\/2026\/04\/elterncafe-mutter-1536x1213-1.webp",1536,1213,false],"2048x2048":["https:\/\/www.anika-net.de\/wp-content\/uploads\/2026\/04\/elterncafe-mutter-1536x1213-1.webp",1536,1213,false],"event-overview":["https:\/\/www.anika-net.de\/wp-content\/uploads\/2026\/04\/elterncafe-mutter-1536x1213-1-960x640.webp",960,640,true],"event-archive-thumb":["https:\/\/www.anika-net.de\/wp-content\/uploads\/2026\/04\/elterncafe-mutter-1536x1213-1-480x379.webp",480,379,true],"grid-item-thumbnail":["https:\/\/www.anika-net.de\/wp-content\/uploads\/2026\/04\/elterncafe-mutter-1536x1213-1-360x200.webp",360,200,true],"network-partner-icon":["https:\/\/www.anika-net.de\/wp-content\/uploads\/2026\/04\/elterncafe-mutter-1536x1213-1-100x100.webp",100,100,true],"organiser-icon":["https:\/\/www.anika-net.de\/wp-content\/uploads\/2026\/04\/elterncafe-mutter-1536x1213-1-200x200.webp",200,200,true],"gform-image-choice-sm":["https:\/\/www.anika-net.de\/wp-content\/uploads\/2026\/04\/elterncafe-mutter-1536x1213-1.webp",300,237,false],"gform-image-choice-md":["https:\/\/www.anika-net.de\/wp-content\/uploads\/2026\/04\/elterncafe-mutter-1536x1213-1.webp",400,316,false],"gform-image-choice-lg":["https:\/\/www.anika-net.de\/wp-content\/uploads\/2026\/04\/elterncafe-mutter-1536x1213-1.webp",600,474,false]},"post_excerpt_stackable_v2":"<p>Cafe\u00adnea\u00adua des\u00adchi\u00ads\u0103 pen\u00adtru p\u0103rin\u021bi ofe\u00adr\u0103 fami\u00adli\u00adi\u00adlor cu copii un spa\u00ad\u021biu pri\u00admi\u00adtor \u0219i rela\u00adxat pen\u00adtru a se \u00eent\u00e2l\u00adni, a cunoa\u0219\u00adte al\u021bi p\u0103rin\u021bi \u0219i a \u00eemp\u0103r\u00adt\u0103\u0219i expe\u00adrien\u00ad\u021be\u00adle de zi cu zi. \u00centr\u2011o atmosfe\u00adr\u0103 cal\u00add\u0103 \u0219i de sus\u00ad\u021bi\u00adne\u00adre, con\u00adver\u00adsa\u00ad\u021bi\u00adi\u00adle se dezvol\u00adt\u0103 \u00een mod natu\u00adral \u00een jurul subiec\u00adte\u00adlor care con\u00adtea\u00adz\u0103 cel mai mult pen\u00adtru par\u00adti\u00adci\u00adpan\u021bi.&nbsp; \u00cen timp ce adul\u00ad\u021bii se bucu\u00adr\u0103 de schimb \u0219i spri\u00adjin \u00een con\u00adver\u00adsa\u00ad\u021bie, copi\u00adii sunt \u00eengri\u00adji\u021bi \u00een tim\u00adpul sesiu\u00adnii, per\u00admi\u021b\u00e2nd p\u0103rin\u00ad\u021bi\u00adlor s\u0103 ia o pau\u00adz\u0103, s\u0103 se conec\u00adte\u00adze cu al\u021bii \u0219i s\u0103 vor\u00adbeas\u00adc\u0103 liber f\u0103r\u0103 stres sau \u00eentre\u00adru\u00adpe\u00adre. Cafe\u00adnea\u00adua des\u00adchi\u00ads\u0103 pen\u00adtru p\u0103rin\u021bi are loc \u00een fie\u00adca\u00adre mier\u00adcuri la Kul\u00adtur\u00adk\u00fc\u00adche Karlsruhe.\u2026<\/p>\n","category_list_v2":"","author_info_v2":{"name":"Valentina Patterson","url":"https:\/\/www.anika-net.de\/ro\/author\/valentinapatterson\/"},"comments_num_v2":"0 comments","uagb_featured_image_src":{"full":["https:\/\/www.anika-net.de\/wp-content\/uploads\/2026\/04\/elterncafe-mutter-1536x1213-1.webp",1536,1213,false],"thumbnail":["https:\/\/www.anika-net.de\/wp-content\/uploads\/2026\/04\/elterncafe-mutter-1536x1213-1-150x150.webp",150,150,true],"medium":["https:\/\/www.anika-net.de\/wp-content\/uploads\/2026\/04\/elterncafe-mutter-1536x1213-1-300x237.webp",300,237,true],"medium_large":["https:\/\/www.anika-net.de\/wp-content\/uploads\/2026\/04\/elterncafe-mutter-1536x1213-1-768x607.webp",640,506,true],"large":["https:\/\/www.anika-net.de\/wp-content\/uploads\/2026\/04\/elterncafe-mutter-1536x1213-1-1024x809.webp",640,506,true],"1536x1536":["https:\/\/www.anika-net.de\/wp-content\/uploads\/2026\/04\/elterncafe-mutter-1536x1213-1.webp",1536,1213,false],"2048x2048":["https:\/\/www.anika-net.de\/wp-content\/uploads\/2026\/04\/elterncafe-mutter-1536x1213-1.webp",1536,1213,false],"event-overview":["https:\/\/www.anika-net.de\/wp-content\/uploads\/2026\/04\/elterncafe-mutter-1536x1213-1-960x640.webp",960,640,true],"event-archive-thumb":["https:\/\/www.anika-net.de\/wp-content\/uploads\/2026\/04\/elterncafe-mutter-1536x1213-1-480x379.webp",480,379,true],"grid-item-thumbnail":["https:\/\/www.anika-net.de\/wp-content\/uploads\/2026\/04\/elterncafe-mutter-1536x1213-1-360x200.webp",360,200,true],"network-partner-icon":["https:\/\/www.anika-net.de\/wp-content\/uploads\/2026\/04\/elterncafe-mutter-1536x1213-1-100x100.webp",100,100,true],"organiser-icon":["https:\/\/www.anika-net.de\/wp-content\/uploads\/2026\/04\/elterncafe-mutter-1536x1213-1-200x200.webp",200,200,true],"gform-image-choice-sm":["https:\/\/www.anika-net.de\/wp-content\/uploads\/2026\/04\/elterncafe-mutter-1536x1213-1.webp",300,237,false],"gform-image-choice-md":["https:\/\/www.anika-net.de\/wp-content\/uploads\/2026\/04\/elterncafe-mutter-1536x1213-1.webp",400,316,false],"gform-image-choice-lg":["https:\/\/www.anika-net.de\/wp-content\/uploads\/2026\/04\/elterncafe-mutter-1536x1213-1.webp",600,474,false]},"uagb_author_info":{"display_name":"Valentina Patterson","author_link":"https:\/\/www.anika-net.de\/ro\/author\/valentinapatterson\/"},"uagb_comment_info":0,"uagb_excerpt":"Cafe\u00adnea\u00adua des\u00adchi\u00ads\u0103 pen\u00adtru p\u0103rin\u021bi ofe\u00adr\u0103 fami\u00adli\u00adi\u00adlor cu copii un spa\u00ad\u021biu pri\u00admi\u00adtor \u0219i rela\u00adxat pen\u00adtru a se \u00eent\u00e2l\u00adni, a cunoa\u0219\u00adte al\u021bi p\u0103rin\u021bi \u0219i a \u00eemp\u0103r\u00adt\u0103\u0219i expe\u00adrien\u00ad\u021be\u00adle de zi cu zi. \u00centr\u2011o&nbsp;Citi\u021bi mai mult","_links":{"self":[{"href":"https:\/\/www.anika-net.de\/ro\/wp-json\/wp\/v2\/event\/121872","targetHints":{"allow":["GET"]}}],"collection":[{"href":"https:\/\/www.anika-net.de\/ro\/wp-json\/wp\/v2\/event"}],"about":[{"href":"https:\/\/www.anika-net.de\/ro\/wp-json\/wp\/v2\/types\/event"}],"author":[{"embeddable":true,"href":"https:\/\/www.anika-net.de\/ro\/wp-json\/wp\/v2\/users\/16"}],"version-history":[{"count":1,"href":"https:\/\/www.anika-net.de\/ro\/wp-json\/wp\/v2\/event\/121872\/revisions"}],"predecessor-version":[{"id":121873,"href":"https:\/\/www.anika-net.de\/ro\/wp-json\/wp\/v2\/event\/121872\/revisions\/121873"}],"acf:post":[{"embeddable":true,"href":"https:\/\/www.anika-net.de\/ro\/wp-json\/wp\/v2\/organiser\/42765"},{"embeddable":true,"href":"https:\/\/www.anika-net.de\/ro\/wp-json\/wp\/v2\/organiser\/16315"}],"acf:term":[{"embeddable":true,"taxonomy":"event_category","href":"https:\/\/www.anika-net.de\/ro\/wp-json\/wp\/v2\/event_category\/83"}],"wp:featuredmedia":[{"embeddable":true,"href":"https:\/\/www.anika-net.de\/ro\/wp-json\/wp\/v2\/media\/121871"}],"wp:attachment":[{"href":"https:\/\/www.anika-net.de\/ro\/wp-json\/wp\/v2\/media?parent=121872"}],"curies":[{"name":"wp","href":"https:\/\/api.w.org\/{rel}","templated":true}]}}

Cafe­nea des­chi­să pen­tru părinți (cu ser­vi­cii de îngri­ji­re a copiilor)

<p>Cafe­nea­ua <strong>des­chi­să pen­tru părinți</strong> ofe­ră fami­li­i­lor cu copii un spa­țiu pri­mi­tor și rela­xat pen­tru a se întâl­ni, a cunoaș­te alți părinți și a împăr­tăși expe­rien­țe­le de zi cu zi. Într‑o atmosfe­ră cal­dă și de sus­ți­ne­re, con­ver­sa­ți­i­le se dezvol­tă în mod natu­ral în jurul subiec­te­lor care con­tea­ză cel mai mult pen­tru participanți.&nbsp;</p>

<p>În timp ce adul­ții se bucu­ră de schimb și spri­jin în con­ver­sa­ție, copi­ii sunt îngri­jiți în tim­pul sesiu­nii, per­mițând părin­ți­lor să ia o pau­ză, să se conec­te­ze cu alții și să vor­beas­că liber fără stres sau întrerupere.</p>

<h4 class="wp-block-heading">Cafe­nea­ua des­chi­să pen­tru părinți are loc în fie­ca­re mier­curi la Kul­tur­kü­che Karl­sru­he. Par­ti­ci­pa­rea este gra­tu­i­tă, inclu­siv îngri­ji­rea copi­i­lor în tim­pul întâl­ni­rii, și nu este nece­sa­ră înregistrarea.&nbsp;</h4>

<p>Pur și sim­plu veniți și participați!</p>

<p></p>

Kulturküche

Kaiserstraße 47

<p>Cafe­nea­ua des­chi­să pen­tru părinți ofe­ră fami­li­i­lor cu copii un spa­țiu pri­mi­tor și rela­xat pen­tru a se întâl­ni, a cunoaș­te alți părinți și a împăr­tăși expe­rien­țe­le de zi cu zi. Într‑o atmosfe­ră cal­dă și de sus­ți­ne­re, con­ver­sa­ți­i­le se dezvol­tă în mod natu­ral în jurul subiec­te­lor care con­tea­ză cel mai mult pen­tru par­ti­ci­panți.&nbsp; În timp ce adul­ții se bucu­ră de schimb și spri­jin în con­ver­sa­ție, copi­ii sunt îngri­jiți în tim­pul sesiu­nii, per­mițând părin­ți­lor să ia o pau­ză, să se conec­te­ze cu alții și să vor­beas­că liber fără stres sau între­ru­pe­re. Cafe­nea­ua des­chi­să pen­tru părinți are loc în fie­ca­re mier­curi la Kul­tur­kü­che Karlsruhe.…</p>

Cafe­nea­ua des­chi­să pen­tru părinți ofe­ră fami­li­i­lor cu copii un spa­țiu pri­mi­tor și rela­xat pen­tru a se întâl­ni, a cunoaș­te alți părinți și a împăr­tăși expe­rien­țe­le de zi cu zi. Într‑o&nbsp;Citiți mai mult
