{"id":119601,"date":"2026-03-04T15:32:26","date_gmt":"2026-03-04T14:32:26","guid":{"rendered":"https:\/\/www.anika-net.de\/event\/elterntalk-baden-wurttemberg\/"},"modified":"2026-03-09T12:06:02","modified_gmt":"2026-03-09T11:06:02","slug":"elterntalk-baden-wurttemberg","status":"publish","type":"event","link":"https:\/\/www.anika-net.de\/ro\/event\/elterntalk-baden-wurttemberg\/","title":{"rendered":"Eltern\u00adta\u00adlk Baden-W\u00fcrttemberg"},"content":{"rendered":"\n<h2 class=\"wp-block-heading\">Eltern\u00adta\u00adlk \u2014 Un spa\u00ad\u021biu de \u00eent\u00e2l\u00adni\u00adre pen\u00adtru p\u0103rin\u021bi pen\u00adtru a dis\u00adcu\u00adta des\u00adpre via\u00ad\u021ba de fami\u00adlie \u0219i mass-media<\/h2>\n\n<h3 class=\"wp-block-heading\">Ce este Elterntalk?<\/h3>\n\n<p>Eltern\u00adta\u00adlk este un loc \u00een care mame\u00adle \u0219i ta\u021bii se pot \u00eent\u00e2l\u00adni \u00eentr-un cadru rela\u00adxat pen\u00adtru a dis\u00adcu\u00adta des\u00adpre via\u00ad\u021ba de fami\u00adlie de zi cu zi, uti\u00adli\u00adza\u00adrea mass-media, expe\u00adrien\u00ad\u021be\u00adle cu smar\u00adtpho\u00adne-uri\u00adle \u0219i inter\u00adne\u00adtul, jocu\u00adri\u00adle digi\u00adta\u00adle \u0219i alte subiec\u00adte lega\u00adte de paren\u00adting. \u00cent\u00e2l\u00adni\u00adri\u00adle sunt mode\u00adra\u00adte de p\u0103rin\u021bi instru\u00adi\u021bi, sunt gra\u00adtu\u00adi\u00adte \u0219i pot avea loc \u00een dife\u00adri\u00adte lim\u00adbi, dac\u0103 este nece\u00adsar. \u00cent\u00e2l\u00adni\u00adri\u00adle au loc \u00eentr-un cadru pri\u00advat, per\u00adso\u00adnal \u2014 de exem\u00adplu, la domi\u00adci\u00adli\u00adul p\u0103rin\u00ad\u021bi\u00adlor sau \u00een locuri fami\u00adli\u00ada\u00adre din cartier.&nbsp;<\/p>\n\n<p>Eltern\u00adta\u00adlk face par\u00adte din\u00adtr-un pro\u00adiect la nivel de stat deru\u00adlat de Aktion Jugen\u00adds\u00adchutz Lan\u00adde\u00adsar\u00adbe\u00adit\u00adss\u00adte\u00adl\u00adle Baden-W\u00fcrt\u00adtem\u00adberg e. V. (ajs). Aces\u00adta este finan\u00ad\u021bat de Fun\u00adda\u00ad\u021bia Kin\u00adder\u00adland Baden-W\u00fcrt\u00adtem\u00adberg \u0219i de fon\u00adduri de stat apro\u00adba\u00adte de par\u00adla\u00admen\u00adtul lan\u00addu\u00adlui Baden-W\u00fcrttemberg.&nbsp;<\/p>\n\n<p>\u00cen Karl\u00adsru\u00adhe, ora\u00ad\u0219ul este una din\u00adtre pri\u00adme\u00adle loca\u00ad\u021bii de pro\u00adiect din stat cu biro\u00adul s\u0103u pen\u00adtru copii \u00een dome\u00adni\u00adul pro\u00adtec\u00ad\u021bi\u00adei copi\u00adi\u00adlor \u0219i tinerilor.<\/p>\n\n<h3 class=\"wp-block-heading\">Cum pot participa?<\/h3>\n\n<p>\u00cen <strong>cali\u00adta\u00adte de oas\u00adpe\u00adte<\/strong>, sun\u00adte\u021bi invi\u00adtat s\u0103 v\u0103 \u00eemp\u0103r\u00adt\u0103\u00ad\u0219i\u021bi expe\u00adrien\u00ad\u021be\u00adle \u0219i \u00eentreb\u0103rile.<\/p>\n\n<p>\u00cen <strong>cali\u00adta\u00adte de gaz\u00add\u0103<\/strong>, invi\u00adta\u021bi al\u021bi patru p\u00e2n\u0103 la \u0219ase p\u0103rin\u021bi la un grup de discu\u021bii.<\/p>\n\n<p>\u00cen <strong>cali\u00adta\u00adte de mode\u00adra\u00adtor<\/strong>, sun\u00adte\u021bi p\u0103rin\u00adte \u0219i v\u0103 pla\u00adce s\u0103 faci\u00adli\u00adta\u021bi gru\u00adpuri de dis\u00adcu\u00ad\u021bii. Mode\u00adra\u00adto\u00adrii par\u00adti\u00adci\u00adp\u0103 la cur\u00adsuri de for\u00adma\u00adre \u0219i pri\u00admesc o indem\u00adni\u00adza\u00ad\u021bie pen\u00adtru chel\u00adtu\u00adieli. Sunt fur\u00adni\u00adza\u00adte mate\u00adri\u00ada\u00adle informative.&nbsp;<\/p>\n\n<div class=\"wp-block-stackable-divider stk-block-divider stk-block stk-17f5163\" data-block-id=\"17f5163\"><hr class=\"stk-block-divider__hr\"><\/div>\n\n<p><strong>Other offers from the Karl\u00adsru\u00adhe Children\u2019s Offi\u00adce<\/strong><br>\u2197\ufe0f <a href=\"https:\/\/www.anika-net.de\/event\/kinderburo-on-air-online-information-for-parents\/\">Kin\u00adder\u00adb\u00fcro ON AIR \u2013 Onli\u00adne Infor\u00adma\u00adtion for Parents<\/a><\/p>\n\n<div class=\"wp-block-stackable-spacer stk-block-spacer stk--no-padding stk-block stk-ff5b50c\" data-block-id=\"ff5b50c\"><\/div>\n","protected":false},"author":12,"featured_media":119600,"template":"","class_list":["post-119601","event","type-event","status-publish","has-post-thumbnail","hentry","event_category-educatie"],"acf":{"event-recurring":true,"event-category":82,"event-is-language-course":false,"event-recurring-still-active":true,"event-display-details":true,"event-schedules-recurring":null,"event-schedules-calendar":null,"event-is-online":false,"event-online-url":"","event-location-building":"Kinderb\u00fcro - Stadt Karlsruhe","event-location-street":"Ernst-Frey-Stra\u00dfe 10","event-location-zip":"76135","event-location-city":"Karlruhe","event-location-contact-person":"Svenja Stober (Regional representative for the city of Karlsruhe)","event-location-phone":"0152 072 62 908","event-location-phone-2":"","event-location-mail":"elterntalk@sjb.karlsruhe.de","event-location-mail-2":"","event-location-website":"https:\/\/www.elterntalk-bw.de\/","event-target-group":[{"target-group":"parents"}],"event-target-group-comment":"a copiilor cu v\u00e2rste cuprinse \u00eentre 0 \u0219i 14 ani","event-free":true,"event-organiser":[46610],"event-header-copyright-overlay":true,"event-copyright-note-description-end":false},"featured_image_urls_v2":{"full":["https:\/\/www.anika-net.de\/wp-content\/uploads\/2026\/03\/ajs_logo_elterntalk_4c.jpg",1280,603,false],"thumbnail":["https:\/\/www.anika-net.de\/wp-content\/uploads\/2026\/03\/ajs_logo_elterntalk_4c-150x150.jpg",150,150,true],"medium":["https:\/\/www.anika-net.de\/wp-content\/uploads\/2026\/03\/ajs_logo_elterntalk_4c-300x141.jpg",300,141,true],"medium_large":["https:\/\/www.anika-net.de\/wp-content\/uploads\/2026\/03\/ajs_logo_elterntalk_4c-768x362.jpg",640,302,true],"large":["https:\/\/www.anika-net.de\/wp-content\/uploads\/2026\/03\/ajs_logo_elterntalk_4c-1024x482.jpg",640,301,true],"1536x1536":["https:\/\/www.anika-net.de\/wp-content\/uploads\/2026\/03\/ajs_logo_elterntalk_4c.jpg",1280,603,false],"2048x2048":["https:\/\/www.anika-net.de\/wp-content\/uploads\/2026\/03\/ajs_logo_elterntalk_4c.jpg",1280,603,false],"event-overview":["https:\/\/www.anika-net.de\/wp-content\/uploads\/2026\/03\/ajs_logo_elterntalk_4c-960x603.jpg",960,603,true],"event-archive-thumb":["https:\/\/www.anika-net.de\/wp-content\/uploads\/2026\/03\/ajs_logo_elterntalk_4c-480x226.jpg",480,226,true],"grid-item-thumbnail":["https:\/\/www.anika-net.de\/wp-content\/uploads\/2026\/03\/ajs_logo_elterntalk_4c-360x200.jpg",360,200,true],"network-partner-icon":["https:\/\/www.anika-net.de\/wp-content\/uploads\/2026\/03\/ajs_logo_elterntalk_4c-100x100.jpg",100,100,true],"organiser-icon":["https:\/\/www.anika-net.de\/wp-content\/uploads\/2026\/03\/ajs_logo_elterntalk_4c-200x200.jpg",200,200,true],"gform-image-choice-sm":["https:\/\/www.anika-net.de\/wp-content\/uploads\/2026\/03\/ajs_logo_elterntalk_4c.jpg",300,141,false],"gform-image-choice-md":["https:\/\/www.anika-net.de\/wp-content\/uploads\/2026\/03\/ajs_logo_elterntalk_4c.jpg",400,188,false],"gform-image-choice-lg":["https:\/\/www.anika-net.de\/wp-content\/uploads\/2026\/03\/ajs_logo_elterntalk_4c.jpg",600,283,false]},"post_excerpt_stackable_v2":"<p>Eltern\u00adta\u00adlk \u2014 Un spa\u00ad\u021biu de \u00eent\u00e2l\u00adni\u00adre pen\u00adtru p\u0103rin\u021bi pen\u00adtru a dis\u00adcu\u00adta des\u00adpre via\u00ad\u021ba de fami\u00adlie \u0219i mass-media Ce este Eltern\u00adta\u00adlk? Eltern\u00adta\u00adlk este un loc \u00een care mame\u00adle \u0219i ta\u021bii se pot \u00eent\u00e2l\u00adni \u00eentr-un cadru rela\u00adxat pen\u00adtru a dis\u00adcu\u00adta des\u00adpre via\u00ad\u021ba de fami\u00adlie de zi cu zi, uti\u00adli\u00adza\u00adrea mass-media, expe\u00adrien\u00ad\u021be\u00adle cu sma\u00adr\u00ad\u00adtpho\u00ad\u00adne-uri\u00ad\u00ad\u00adle \u0219i inter\u00adne\u00adtul, jocu\u00adri\u00adle digi\u00adta\u00adle \u0219i alte subiec\u00adte lega\u00adte de paren\u00adting. \u00cent\u00e2l\u00adni\u00adri\u00adle sunt mode\u00adra\u00adte de p\u0103rin\u021bi instru\u00adi\u021bi, sunt gra\u00adtu\u00adi\u00adte \u0219i pot avea loc \u00een dife\u00adri\u00adte lim\u00adbi, dac\u0103 este nece\u00adsar. \u00cent\u00e2l\u00adni\u00adri\u00adle au loc \u00eentr-un cadru pri\u00advat, per\u00adso\u00adnal \u2014 de exem\u00adplu, la domi\u00adci\u00adli\u00adul p\u0103rin\u00ad\u021bi\u00adlor sau \u00een locuri fami\u00adli\u00ada\u00adre din car\u00adti\u00ader.&nbsp; Eltern\u00adta\u00adlk&nbsp;face\u2026<\/p>\n","category_list_v2":"","author_info_v2":{"name":"Andrea Ramirez","url":"https:\/\/www.anika-net.de\/ro\/author\/andrea-ramirez\/"},"comments_num_v2":"0 comments","uagb_featured_image_src":{"full":["https:\/\/www.anika-net.de\/wp-content\/uploads\/2026\/03\/ajs_logo_elterntalk_4c.jpg",1280,603,false],"thumbnail":["https:\/\/www.anika-net.de\/wp-content\/uploads\/2026\/03\/ajs_logo_elterntalk_4c-150x150.jpg",150,150,true],"medium":["https:\/\/www.anika-net.de\/wp-content\/uploads\/2026\/03\/ajs_logo_elterntalk_4c-300x141.jpg",300,141,true],"medium_large":["https:\/\/www.anika-net.de\/wp-content\/uploads\/2026\/03\/ajs_logo_elterntalk_4c-768x362.jpg",640,302,true],"large":["https:\/\/www.anika-net.de\/wp-content\/uploads\/2026\/03\/ajs_logo_elterntalk_4c-1024x482.jpg",640,301,true],"1536x1536":["https:\/\/www.anika-net.de\/wp-content\/uploads\/2026\/03\/ajs_logo_elterntalk_4c.jpg",1280,603,false],"2048x2048":["https:\/\/www.anika-net.de\/wp-content\/uploads\/2026\/03\/ajs_logo_elterntalk_4c.jpg",1280,603,false],"event-overview":["https:\/\/www.anika-net.de\/wp-content\/uploads\/2026\/03\/ajs_logo_elterntalk_4c-960x603.jpg",960,603,true],"event-archive-thumb":["https:\/\/www.anika-net.de\/wp-content\/uploads\/2026\/03\/ajs_logo_elterntalk_4c-480x226.jpg",480,226,true],"grid-item-thumbnail":["https:\/\/www.anika-net.de\/wp-content\/uploads\/2026\/03\/ajs_logo_elterntalk_4c-360x200.jpg",360,200,true],"network-partner-icon":["https:\/\/www.anika-net.de\/wp-content\/uploads\/2026\/03\/ajs_logo_elterntalk_4c-100x100.jpg",100,100,true],"organiser-icon":["https:\/\/www.anika-net.de\/wp-content\/uploads\/2026\/03\/ajs_logo_elterntalk_4c-200x200.jpg",200,200,true],"gform-image-choice-sm":["https:\/\/www.anika-net.de\/wp-content\/uploads\/2026\/03\/ajs_logo_elterntalk_4c.jpg",300,141,false],"gform-image-choice-md":["https:\/\/www.anika-net.de\/wp-content\/uploads\/2026\/03\/ajs_logo_elterntalk_4c.jpg",400,188,false],"gform-image-choice-lg":["https:\/\/www.anika-net.de\/wp-content\/uploads\/2026\/03\/ajs_logo_elterntalk_4c.jpg",600,283,false]},"uagb_author_info":{"display_name":"Andrea Ramirez","author_link":"https:\/\/www.anika-net.de\/ro\/author\/andrea-ramirez\/"},"uagb_comment_info":0,"uagb_excerpt":"Eltern\u00adta\u00adlk \u2014 Un spa\u00ad\u021biu de \u00eent\u00e2l\u00adni\u00adre pen\u00adtru p\u0103rin\u021bi pen\u00adtru a dis\u00adcu\u00adta des\u00adpre via\u00ad\u021ba de fami\u00adlie \u0219i mass-media Ce este Elterntalk? Eltern\u00adta\u00adlk este un loc \u00een care mame\u00adle \u0219i ta\u021bii se&nbsp;Citi\u021bi mai mult","_links":{"self":[{"href":"https:\/\/www.anika-net.de\/ro\/wp-json\/wp\/v2\/event\/119601","targetHints":{"allow":["GET"]}}],"collection":[{"href":"https:\/\/www.anika-net.de\/ro\/wp-json\/wp\/v2\/event"}],"about":[{"href":"https:\/\/www.anika-net.de\/ro\/wp-json\/wp\/v2\/types\/event"}],"author":[{"embeddable":true,"href":"https:\/\/www.anika-net.de\/ro\/wp-json\/wp\/v2\/users\/12"}],"version-history":[{"count":2,"href":"https:\/\/www.anika-net.de\/ro\/wp-json\/wp\/v2\/event\/119601\/revisions"}],"predecessor-version":[{"id":119690,"href":"https:\/\/www.anika-net.de\/ro\/wp-json\/wp\/v2\/event\/119601\/revisions\/119690"}],"acf:post":[{"embeddable":true,"href":"https:\/\/www.anika-net.de\/ro\/wp-json\/wp\/v2\/organiser\/46610"}],"acf:term":[{"embeddable":true,"taxonomy":"event_category","href":"https:\/\/www.anika-net.de\/ro\/wp-json\/wp\/v2\/event_category\/82"}],"wp:featuredmedia":[{"embeddable":true,"href":"https:\/\/www.anika-net.de\/ro\/wp-json\/wp\/v2\/media\/119600"}],"wp:attachment":[{"href":"https:\/\/www.anika-net.de\/ro\/wp-json\/wp\/v2\/media?parent=119601"}],"curies":[{"name":"wp","href":"https:\/\/api.w.org\/{rel}","templated":true}]}}

Eltern­ta­lk Baden-Württemberg

<h2 class="wp-block-heading">Eltern­ta­lk — Un spa­țiu de întâl­ni­re pen­tru părinți pen­tru a dis­cu­ta des­pre via­ța de fami­lie și mass-media</h2>

<h3 class="wp-block-heading">Ce este Elterntalk?</h3>

<p>Eltern­ta­lk este un loc în care mame­le și tații se pot întâl­ni într-un cadru rela­xat pen­tru a dis­cu­ta des­pre via­ța de fami­lie de zi cu zi, uti­li­za­rea mass-media, expe­rien­țe­le cu smar­tpho­ne-uri­le și inter­ne­tul, jocu­ri­le digi­ta­le și alte subiec­te lega­te de paren­ting. Întâl­ni­ri­le sunt mode­ra­te de părinți instru­iți, sunt gra­tu­i­te și pot avea loc în dife­ri­te lim­bi, dacă este nece­sar. Întâl­ni­ri­le au loc într-un cadru pri­vat, per­so­nal — de exem­plu, la domi­ci­li­ul părin­ți­lor sau în locuri fami­li­a­re din cartier.&nbsp;</p>

<p>Eltern­ta­lk face par­te din­tr-un pro­iect la nivel de stat deru­lat de Aktion Jugen­ds­chutz Lan­de­sar­be­it­ss­te­l­le Baden-Würt­tem­berg e. V. (ajs). Aces­ta este finan­țat de Fun­da­ția Kin­der­land Baden-Würt­tem­berg și de fon­duri de stat apro­ba­te de par­la­men­tul lan­du­lui Baden-Württemberg.&nbsp;</p>

<p>În Karl­sru­he, ora­șul este una din­tre pri­me­le loca­ții de pro­iect din stat cu biro­ul său pen­tru copii în dome­ni­ul pro­tec­ți­ei copi­i­lor și tinerilor.</p>

<h3 class="wp-block-heading">Cum pot participa?</h3>

<p>În <strong>cali­ta­te de oas­pe­te</strong>, sun­teți invi­tat să vă împăr­tă­șiți expe­rien­țe­le și întrebările.</p>

<p>În <strong>cali­ta­te de gaz­dă</strong>, invi­tați alți patru până la șase părinți la un grup de discuții.</p>

<p>În <strong>cali­ta­te de mode­ra­tor</strong>, sun­teți părin­te și vă pla­ce să faci­li­tați gru­puri de dis­cu­ții. Mode­ra­to­rii par­ti­ci­pă la cur­suri de for­ma­re și pri­mesc o indem­ni­za­ție pen­tru chel­tu­ieli. Sunt fur­ni­za­te mate­ri­a­le informative.&nbsp;</p>

<div class="wp-block-stackable-divider stk-block-divider stk-block stk-17f5163" data-block-id="17f5163"><hr class="stk-block-divider__hr"></div>

<p><strong>Other offers from the Karl­sru­he Children’s Offi­ce</strong><br>↗️ <a href="https://www.anika-net.de/event/kinderburo-on-air-online-information-for-parents/">Kin­der­büro ON AIR – Onli­ne Infor­ma­tion for Parents</a></p>

<div class="wp-block-stackable-spacer stk-block-spacer stk--no-padding stk-block stk-ff5b50c" data-block-id="ff5b50c"></div>

Kinderbüro - Stadt Karlsruhe

Ernst-Frey-Straße 10

a copiilor cu vârste cuprinse între 0 și 14 ani

<p>Eltern­ta­lk — Un spa­țiu de întâl­ni­re pen­tru părinți pen­tru a dis­cu­ta des­pre via­ța de fami­lie și mass-media Ce este Eltern­ta­lk? Eltern­ta­lk este un loc în care mame­le și tații se pot întâl­ni într-un cadru rela­xat pen­tru a dis­cu­ta des­pre via­ța de fami­lie de zi cu zi, uti­li­za­rea mass-media, expe­rien­țe­le cu sma­r­­tpho­­ne-uri­­­le și inter­ne­tul, jocu­ri­le digi­ta­le și alte subiec­te lega­te de paren­ting. Întâl­ni­ri­le sunt mode­ra­te de părinți instru­iți, sunt gra­tu­i­te și pot avea loc în dife­ri­te lim­bi, dacă este nece­sar. Întâl­ni­ri­le au loc într-un cadru pri­vat, per­so­nal — de exem­plu, la domi­ci­li­ul părin­ți­lor sau în locuri fami­li­a­re din car­ti­er.&nbsp; Eltern­ta­lk&nbsp;face…</p>

Eltern­ta­lk — Un spa­țiu de întâl­ni­re pen­tru părinți pen­tru a dis­cu­ta des­pre via­ța de fami­lie și mass-media Ce este Elterntalk? Eltern­ta­lk este un loc în care mame­le și tații se&nbsp;Citiți mai mult
