{"id":118467,"date":"2026-01-28T19:07:04","date_gmt":"2026-01-28T18:07:04","guid":{"rendered":"https:\/\/www.anika-net.de\/event\/cafenea-lingvistica-pentru-femeile-cu-experienta-in-domeniul-migratiei\/"},"modified":"2026-01-28T19:07:07","modified_gmt":"2026-01-28T18:07:07","slug":"cafenea-lingvistica-pentru-femeile-cu-experienta-in-domeniul-migratiei","status":"publish","type":"event","link":"https:\/\/www.anika-net.de\/ro\/event\/cafenea-lingvistica-pentru-femeile-cu-experienta-in-domeniul-migratiei\/","title":{"rendered":"Cafe\u00adnea ling\u00advis\u00adti\u00adc\u0103 pen\u00adtru feme\u00adi\u00adle cu expe\u00adrien\u00ad\u021b\u0103 \u00een dome\u00adni\u00adul migra\u021biei"},"content":{"rendered":"\n<p>\u00cen fie\u00adca\u00adre <strong>a doua dup\u0103-ami\u00ada\u00adz\u0103 de mier\u00adcuri<\/strong>, <em>Fre\u00adun\u00addes\u00adkre\u00adis Asyl Karl\u00adsru\u00adhe e.V.<\/em> g\u0103z\u00addu\u00adie\u0219\u00adte o Cafe\u00adnea <strong>ling\u00advis\u00adti\u00adc\u0103 pen\u00adtru feme\u00adi\u00adle cu expe\u00adrien\u00ad\u021b\u0103 \u00een migra\u00ad\u021bie<\/strong>.<br>Par\u00adti\u00adci\u00adpa\u00adrea este <strong>gra\u00adtu\u00adi\u00adt\u0103<\/strong>.<\/p>\n\n<p>A\u021bi dori&nbsp;s\u0103:<\/p>\n\n<ul class=\"wp-block-list\">\n<li>exer\u00adsa\u021bi vor\u00adbi\u00adrea lim\u00adbii ger\u00adma\u00adne, dar nu ave\u021bi oca\u00adzia s\u0103 o face\u021bi?<\/li>\n\n\n\n<li>s\u0103 vor\u00adbi\u021bi ger\u00adma\u00adna \u00eentr-un mediu rela\u00adxat, deo\u00ada\u00adre\u00adce tim\u00adpul alo\u00adcat cur\u00adsu\u00adri\u00adlor de lim\u00adbi str\u0103\u00adi\u00adne este&nbsp;scurt?<\/li>\n\n\n\n<li>s\u0103 v\u0103 \u00eembu\u00adn\u0103\u00adt\u0103\u00ad\u021bi\u021bi cuno\u0219\u00adtin\u00ad\u021be\u00adle de ger\u00adma\u00adn\u0103 chiar dac\u0103 nu pute\u021bi par\u00adti\u00adci\u00adpa la un (alt) curs de&nbsp;limb\u0103?<\/li>\n\n\n\n<li>s\u0103 cunoa\u0219\u00adte\u021bi alte femei \u0219i s\u0103 v\u0103 face\u021bi noi prieteni?<\/li>\n<\/ul>\n\n<p>Atunci Cafe\u00adnea\u00adua noas\u00adtr\u0103 <strong>ling\u00advis\u00adti\u00adc\u0103<\/strong> este locul potri\u00advit pen\u00adtru&nbsp;tine&nbsp;\ud83d\udcd5\u2615<\/p>\n\n<p>Cafe\u00adnea\u00adua ling\u00advis\u00adti\u00adc\u0103 este des\u00adchi\u00ads\u0103 <strong>tutu\u00adror feme\u00adi\u00adlor cu expe\u00adrien\u00ad\u021b\u0103 \u00een dome\u00adni\u00adul migra\u00ad\u021bi\u00adei<\/strong> care \u00een\u021be\u00adleg deja un pic de ger\u00adma\u00adn\u0103 \u0219i doresc s\u0103 exer\u00adse\u00adze vor\u00adbi\u00adrea \u2014 indi\u00adfe\u00adrent dac\u0103 au urmat sau nu un curs de lim\u00adb\u0103.<br>\ud83d\udc49 <strong>Nu <\/strong>este nece\u00adsar <strong>niciun cer\u00adti\u00adfi\u00adcat ling\u00advis\u00adtic <\/strong>.<\/p>\n\n<p>Ne \u00eent\u00e2l\u00adnim \u00eentr-un cadru pri\u00ade\u00adte\u00adnos \u0219i infor\u00admal pen\u00adtru a savu\u00adra cafea\u00adua \u00eempre\u00adu\u00adn\u0103, pen\u00adtru a ne cunoa\u0219\u00adte \u0219i pen\u00adtru a dis\u00adcu\u00adta des\u00adpre subiec\u00adte coti\u00addie\u00adne.<br>\ud83d\udc49 <strong>Nu <\/strong>este nece\u00adsa\u00adr\u0103 <strong>\u00eenre\u00adgis\u00adtra\u00adrea <\/strong>.<\/p>\n\n<p><\/p>\n","protected":false},"author":12,"featured_media":118466,"template":"","class_list":["post-118467","event","type-event","status-publish","has-post-thumbnail","hentry","event_category-educatie"],"acf":{"event-recurring":false,"event-category":82,"event-is-language-course":false,"event-recurring-still-active":true,"event-display-details":true,"event-schedules-recurring":null,"event-schedules-calendar":[{"event-calendar-day":"20260204","event-calendar-time":"","event-calendar-time-text":""},{"event-calendar-day":"20260218","event-calendar-time":"","event-calendar-time-text":""},{"event-calendar-day":"20260304","event-calendar-time":"","event-calendar-time-text":""},{"event-calendar-day":"20260318","event-calendar-time":"14:30 - 16:30","event-calendar-time-text":""}],"event-is-online":false,"event-online-url":"","event-location-building":"","event-location-street":"Kronenplatz 1","event-location-zip":"76133","event-location-city":"Karlsruhe","event-location-contact-person":"Yassmin Dawallu-P\u00f6hler \/ Sophie Burkart","event-location-phone":"0176 4229 7070","event-location-phone-2":"0160 147 0188","event-location-mail":"yassmin.dawallu-poehler@fka-ka.de","event-location-mail-2":"sophie.burkart@fka-ka.de","event-location-website":"https:\/\/fka-ka.de\/sprachcafe-fuer-frauen-mit-migrationserfahrung\/","event-target-group":[{"target-group":"women"}],"event-target-group-comment":"","event-free":true,"event-organiser":[16111],"event-header-copyright-overlay":true,"event-copyright-note-description-end":false},"featured_image_urls_v2":{"full":["https:\/\/www.anika-net.de\/wp-content\/uploads\/2026\/01\/sprachcafe.jpg",1082,395,false],"thumbnail":["https:\/\/www.anika-net.de\/wp-content\/uploads\/2026\/01\/sprachcafe-150x150.jpg",150,150,true],"medium":["https:\/\/www.anika-net.de\/wp-content\/uploads\/2026\/01\/sprachcafe-300x110.jpg",300,110,true],"medium_large":["https:\/\/www.anika-net.de\/wp-content\/uploads\/2026\/01\/sprachcafe-768x280.jpg",640,233,true],"large":["https:\/\/www.anika-net.de\/wp-content\/uploads\/2026\/01\/sprachcafe-1024x374.jpg",640,234,true],"1536x1536":["https:\/\/www.anika-net.de\/wp-content\/uploads\/2026\/01\/sprachcafe.jpg",1082,395,false],"2048x2048":["https:\/\/www.anika-net.de\/wp-content\/uploads\/2026\/01\/sprachcafe.jpg",1082,395,false],"event-overview":["https:\/\/www.anika-net.de\/wp-content\/uploads\/2026\/01\/sprachcafe-960x395.jpg",960,395,true],"event-archive-thumb":["https:\/\/www.anika-net.de\/wp-content\/uploads\/2026\/01\/sprachcafe-480x175.jpg",480,175,true],"grid-item-thumbnail":["https:\/\/www.anika-net.de\/wp-content\/uploads\/2026\/01\/sprachcafe-360x200.jpg",360,200,true],"network-partner-icon":["https:\/\/www.anika-net.de\/wp-content\/uploads\/2026\/01\/sprachcafe-100x100.jpg",100,100,true],"organiser-icon":["https:\/\/www.anika-net.de\/wp-content\/uploads\/2026\/01\/sprachcafe-200x200.jpg",200,200,true],"gform-image-choice-sm":["https:\/\/www.anika-net.de\/wp-content\/uploads\/2026\/01\/sprachcafe.jpg",300,110,false],"gform-image-choice-md":["https:\/\/www.anika-net.de\/wp-content\/uploads\/2026\/01\/sprachcafe.jpg",400,146,false],"gform-image-choice-lg":["https:\/\/www.anika-net.de\/wp-content\/uploads\/2026\/01\/sprachcafe.jpg",600,219,false]},"post_excerpt_stackable_v2":"<p>\u00cen fie\u00adca\u00adre a doua dup\u0103-ami\u00ad\u00ada\u00ad\u00ad\u00adz\u0103 de mier\u00adcuri, Fre\u00adun\u00addes\u00adkre\u00adis Asyl Karl\u00adsru\u00adhe e.V. g\u0103z\u00addu\u00adie\u0219\u00adte o Cafe\u00adnea ling\u00advis\u00adti\u00adc\u0103 pen\u00adtru feme\u00adi\u00adle cu expe\u00adrien\u00ad\u021b\u0103 \u00een migra\u00ad\u021bie.Par\u00adti\u00adci\u00adpa\u00adrea este gra\u00adtu\u00adi\u00adt\u0103. A\u021bi dori&nbsp;s\u0103: exer\u00adsa\u021bi vor\u00adbi\u00adrea lim\u00adbii ger\u00adma\u00adne, dar nu ave\u021bi oca\u00adzia s\u0103 o face\u021bi? s\u0103 vor\u00adbi\u021bi ger\u00adma\u00adna \u00eentr-un mediu rela\u00adxat, deo\u00ada\u00adre\u00adce tim\u00adpul alo\u00adcat cur\u00adsu\u00adri\u00adlor de lim\u00adbi str\u0103\u00adi\u00adne este&nbsp;scurt? s\u0103 v\u0103 \u00eembu\u00adn\u0103\u00adt\u0103\u00ad\u021bi\u021bi cuno\u0219\u00adtin\u00ad\u021be\u00adle de ger\u00adma\u00adn\u0103 chiar dac\u0103 nu pute\u021bi par\u00adti\u00adci\u00adpa la un (alt) curs de&nbsp;lim\u00adb\u0103? s\u0103 cunoa\u0219\u00adte\u021bi alte femei \u0219i s\u0103 v\u0103 face\u021bi noi pri\u00ade\u00adte\u00adni? Atunci Cafe\u00adnea\u00adua noas\u00adtr\u0103 ling\u00advis\u00adti\u00adc\u0103 este locul potri\u00advit pen\u00adtru&nbsp;tine&nbsp;\ud83d\udcd5\u2615 Cafe\u00adnea\u00adua ling\u00advis\u00adti\u00adc\u0103 este des\u00adchi\u00ads\u0103 tutu\u00adror feme\u00adi\u00adlor cu expe\u00adrien\u00ad\u021b\u0103 \u00een dome\u00adni\u00adul migra\u00ad\u021bi\u00adei care \u00een\u021be\u00adleg deja un&nbsp;pic\u2026<\/p>\n","category_list_v2":"","author_info_v2":{"name":"Andrea Ramirez","url":"https:\/\/www.anika-net.de\/ro\/author\/andrea-ramirez\/"},"comments_num_v2":"0 comments","uagb_featured_image_src":{"full":["https:\/\/www.anika-net.de\/wp-content\/uploads\/2026\/01\/sprachcafe.jpg",1082,395,false],"thumbnail":["https:\/\/www.anika-net.de\/wp-content\/uploads\/2026\/01\/sprachcafe-150x150.jpg",150,150,true],"medium":["https:\/\/www.anika-net.de\/wp-content\/uploads\/2026\/01\/sprachcafe-300x110.jpg",300,110,true],"medium_large":["https:\/\/www.anika-net.de\/wp-content\/uploads\/2026\/01\/sprachcafe-768x280.jpg",640,233,true],"large":["https:\/\/www.anika-net.de\/wp-content\/uploads\/2026\/01\/sprachcafe-1024x374.jpg",640,234,true],"1536x1536":["https:\/\/www.anika-net.de\/wp-content\/uploads\/2026\/01\/sprachcafe.jpg",1082,395,false],"2048x2048":["https:\/\/www.anika-net.de\/wp-content\/uploads\/2026\/01\/sprachcafe.jpg",1082,395,false],"event-overview":["https:\/\/www.anika-net.de\/wp-content\/uploads\/2026\/01\/sprachcafe-960x395.jpg",960,395,true],"event-archive-thumb":["https:\/\/www.anika-net.de\/wp-content\/uploads\/2026\/01\/sprachcafe-480x175.jpg",480,175,true],"grid-item-thumbnail":["https:\/\/www.anika-net.de\/wp-content\/uploads\/2026\/01\/sprachcafe-360x200.jpg",360,200,true],"network-partner-icon":["https:\/\/www.anika-net.de\/wp-content\/uploads\/2026\/01\/sprachcafe-100x100.jpg",100,100,true],"organiser-icon":["https:\/\/www.anika-net.de\/wp-content\/uploads\/2026\/01\/sprachcafe-200x200.jpg",200,200,true],"gform-image-choice-sm":["https:\/\/www.anika-net.de\/wp-content\/uploads\/2026\/01\/sprachcafe.jpg",300,110,false],"gform-image-choice-md":["https:\/\/www.anika-net.de\/wp-content\/uploads\/2026\/01\/sprachcafe.jpg",400,146,false],"gform-image-choice-lg":["https:\/\/www.anika-net.de\/wp-content\/uploads\/2026\/01\/sprachcafe.jpg",600,219,false]},"uagb_author_info":{"display_name":"Andrea Ramirez","author_link":"https:\/\/www.anika-net.de\/ro\/author\/andrea-ramirez\/"},"uagb_comment_info":0,"uagb_excerpt":"\u00cen fie\u00adca\u00adre a doua dup\u0103-ami\u00ada\u00adz\u0103 de mier\u00adcuri, Fre\u00adun\u00addes\u00adkre\u00adis Asyl Karl\u00adsru\u00adhe e.V. g\u0103z\u00addu\u00adie\u0219\u00adte o Cafe\u00adnea ling\u00advis\u00adti\u00adc\u0103 pen\u00adtru feme\u00adi\u00adle cu expe\u00adrien\u00ad\u021b\u0103 \u00een migra\u00ad\u021bie.Par\u00adti\u00adci\u00adpa\u00adrea este gra\u00adtu\u00adi\u00adt\u0103. A\u021bi dori&nbsp;s\u0103: Atunci Cafe\u00adnea\u00adua noas\u00adtr\u0103 ling\u00advis\u00adti\u00adc\u0103 este&nbsp;Citi\u021bi mai mult","_links":{"self":[{"href":"https:\/\/www.anika-net.de\/ro\/wp-json\/wp\/v2\/event\/118467","targetHints":{"allow":["GET"]}}],"collection":[{"href":"https:\/\/www.anika-net.de\/ro\/wp-json\/wp\/v2\/event"}],"about":[{"href":"https:\/\/www.anika-net.de\/ro\/wp-json\/wp\/v2\/types\/event"}],"author":[{"embeddable":true,"href":"https:\/\/www.anika-net.de\/ro\/wp-json\/wp\/v2\/users\/12"}],"version-history":[{"count":2,"href":"https:\/\/www.anika-net.de\/ro\/wp-json\/wp\/v2\/event\/118467\/revisions"}],"predecessor-version":[{"id":118469,"href":"https:\/\/www.anika-net.de\/ro\/wp-json\/wp\/v2\/event\/118467\/revisions\/118469"}],"acf:post":[{"embeddable":true,"href":"https:\/\/www.anika-net.de\/ro\/wp-json\/wp\/v2\/organiser\/16111"}],"acf:term":[{"embeddable":true,"taxonomy":"event_category","href":"https:\/\/www.anika-net.de\/ro\/wp-json\/wp\/v2\/event_category\/82"}],"wp:featuredmedia":[{"embeddable":true,"href":"https:\/\/www.anika-net.de\/ro\/wp-json\/wp\/v2\/media\/118466"}],"wp:attachment":[{"href":"https:\/\/www.anika-net.de\/ro\/wp-json\/wp\/v2\/media?parent=118467"}],"curies":[{"name":"wp","href":"https:\/\/api.w.org\/{rel}","templated":true}]}}

Cafe­nea ling­vis­ti­că pen­tru feme­i­le cu expe­rien­ță în dome­ni­ul migrației

<p>În fie­ca­re <strong>a doua după-ami­a­ză de mier­curi</strong>, <em>Fre­un­des­kre­is Asyl Karl­sru­he e.V.</em> găz­du­ieș­te o Cafe­nea <strong>ling­vis­ti­că pen­tru feme­i­le cu expe­rien­ță în migra­ție</strong>.<br>Par­ti­ci­pa­rea este <strong>gra­tu­i­tă</strong>.</p>

<p>Ați dori&nbsp;să:</p>

<ul class="wp-block-list">
<li>exer­sați vor­bi­rea lim­bii ger­ma­ne, dar nu aveți oca­zia să o faceți?</li>



<li>să vor­biți ger­ma­na într-un mediu rela­xat, deo­a­re­ce tim­pul alo­cat cur­su­ri­lor de lim­bi stră­i­ne este&nbsp;scurt?</li>



<li>să vă îmbu­nă­tă­țiți cunoș­tin­țe­le de ger­ma­nă chiar dacă nu puteți par­ti­ci­pa la un (alt) curs de&nbsp;limbă?</li>



<li>să cunoaș­teți alte femei și să vă faceți noi prieteni?</li>
</ul>

<p>Atunci Cafe­nea­ua noas­tră <strong>ling­vis­ti­că</strong> este locul potri­vit pen­tru&nbsp;tine&nbsp;📕☕</p>

<p>Cafe­nea­ua ling­vis­ti­că este des­chi­să <strong>tutu­ror feme­i­lor cu expe­rien­ță în dome­ni­ul migra­ți­ei</strong> care înțe­leg deja un pic de ger­ma­nă și doresc să exer­se­ze vor­bi­rea — indi­fe­rent dacă au urmat sau nu un curs de lim­bă.<br>👉 <strong>Nu </strong>este nece­sar <strong>niciun cer­ti­fi­cat ling­vis­tic </strong>.</p>

<p>Ne întâl­nim într-un cadru pri­e­te­nos și infor­mal pen­tru a savu­ra cafea­ua împre­u­nă, pen­tru a ne cunoaș­te și pen­tru a dis­cu­ta des­pre subiec­te coti­die­ne.<br>👉 <strong>Nu </strong>este nece­sa­ră <strong>înre­gis­tra­rea </strong>.</p>

<p></p>

Yassmin Dawallu-Pöhler / Sophie Burkart

<p>În fie­ca­re a doua după-ami­­a­­­ză de mier­curi, Fre­un­des­kre­is Asyl Karl­sru­he e.V. găz­du­ieș­te o Cafe­nea ling­vis­ti­că pen­tru feme­i­le cu expe­rien­ță în migra­ție.Par­ti­ci­pa­rea este gra­tu­i­tă. Ați dori&nbsp;să: exer­sați vor­bi­rea lim­bii ger­ma­ne, dar nu aveți oca­zia să o faceți? să vor­biți ger­ma­na într-un mediu rela­xat, deo­a­re­ce tim­pul alo­cat cur­su­ri­lor de lim­bi stră­i­ne este&nbsp;scurt? să vă îmbu­nă­tă­țiți cunoș­tin­țe­le de ger­ma­nă chiar dacă nu puteți par­ti­ci­pa la un (alt) curs de&nbsp;lim­bă? să cunoaș­teți alte femei și să vă faceți noi pri­e­te­ni? Atunci Cafe­nea­ua noas­tră ling­vis­ti­că este locul potri­vit pen­tru&nbsp;tine&nbsp;📕☕ Cafe­nea­ua ling­vis­ti­că este des­chi­să tutu­ror feme­i­lor cu expe­rien­ță în dome­ni­ul migra­ți­ei care înțe­leg deja un&nbsp;pic…</p>

În fie­ca­re a doua după-ami­a­ză de mier­curi, Fre­un­des­kre­is Asyl Karl­sru­he e.V. găz­du­ieș­te o Cafe­nea ling­vis­ti­că pen­tru feme­i­le cu expe­rien­ță în migra­ție.Par­ti­ci­pa­rea este gra­tu­i­tă. Ați dori&nbsp;să: Atunci Cafe­nea­ua noas­tră ling­vis­ti­că este&nbsp;Citiți mai mult
