{"id":60598,"date":"2025-04-16T14:06:59","date_gmt":"2025-04-16T12:06:59","guid":{"rendered":"https:\/\/www.anika-net.de\/rejestracja-w-firmie-ubezpieczeniowej\/"},"modified":"2025-04-16T14:29:57","modified_gmt":"2025-04-16T12:29:57","slug":"rejestracja-w-firmie-ubezpieczeniowej","status":"publish","type":"page","link":"https:\/\/www.anika-net.de\/pl\/pierwsze-kroki\/opieka-zdrowotna\/rejestracja-w-firmie-ubezpieczeniowej\/","title":{"rendered":"Reje\u00adstra\u00adcja w fir\u00admie ubezpieczeniowej"},"content":{"rendered":"\n<p>Ka\u017c\u00addy w Niem\u00adczech ma obo\u00adwi\u0105\u00adzek posia\u00adda\u00adnia ubez\u00adpie\u00adcze\u00adnia zdro\u00adwot\u00adne\u00adgo, a do wybo\u00adru jest wie\u00adle kas cho\u00adrych. Sam mo\u017cesz zde\u00adcy\u00addo\u00adwa\u0107, w kt\u00f3\u00adrej <strong><em>Kran\u00adken\u00adkas\u00adse<\/em> (<em>kasie<\/em> cho\u00adrych)<\/strong> chcesz si\u0119 zarejestrowa\u0107.&nbsp;<\/p>\n\n<p><strong>Wska\u00adz\u00f3w\u00adka:<\/strong><\/p>\n\n<ul class=\"wp-block-list\"><li>Je\u015bli masz pra\u00adc\u0119 lub otrzy\u00admu\u00adjesz \u015bwiad\u00adcze\u00adnia socjal\u00adne, Tw\u00f3j pra\u00adco\u00addaw\u00adca lub urz\u0105d pra\u00adcy mo\u017ce r\u00f3w\u00adnie\u017c zare\u00adje\u00adstro\u00adwa\u0107 Ci\u0119 w fir\u00admie ubezpieczeniowej.<\/li><li>List\u0119 usta\u00adwo\u00adwych zak\u0142a\u00add\u00f3w ubez\u00adpie\u00adcze\u0144 zdro\u00adwot\u00adnych mo\u017c\u00adna zna\u00adle\u017a\u0107 tutaj: <a href=\"http:\/\/www.krankenkassen.de\/gesetzliche-krankenkassen\/\" target=\"_blank\" data-type=\"URL\" data-id=\"www.krankenkassen.de\/gesetzliche-krankenkassen\/\" rel=\"noreferrer noopener\">www.krankenkassen.de\/gesetzliche-krankenkassen\/<\/a><\/li><li>Je\u015bli jeden z rodzi\u00adc\u00f3w posia\u00adda ju\u017c ubez\u00adpie\u00adcze\u00adnie zdro\u00adwot\u00adne, jego wsp\u00f3\u0142\u00adma\u0142\u00ad\u017co\u00adnek i dzie\u00adci mog\u0105 zosta\u0107 bez\u00adp\u0142at\u00adnie ubez\u00adpie\u00adcze\u00adni jako cz\u0142on\u00adko\u00adwie rodzi\u00adny w tej samej fir\u00admie ubezpieczeniowej.<\/li><\/ul>\n\n<p><strong>Otrzy\u00admasz kar\u00adt\u0119 ubez\u00adpie\u00adcze\u00adnia zdro\u00adwot\u00adne\u00adgo <em>(Kran\u00adke\u00adnver\u00adsi\u00adcher\u00adten\u00adkar\u00adte)<\/em>, kt\u00f3\u00adr\u0105 musisz zabra\u0107 ze sob\u0105 na ka\u017c\u00add\u0105 wizy\u00adt\u0119 u lekarza.<\/strong><\/p>\n\n<p class=\"has-black-color has-light-green-cyan-background-color has-text-color has-background\"><strong>War\u00adto wie\u00addzie\u0107:<\/strong> Urz\u0119d\u00adni\u00adcy s\u0142u\u017c\u00adby cywil\u00adnej, oso\u00adby o wyso\u00adkich docho\u00addach i fre\u00adelan\u00adce\u00adrzy mog\u0105 zare\u00adje\u00adstro\u00adwa\u0107 si\u0119 w pry\u00adwat\u00adnej fir\u00admie ubez\u00adpie\u00adcze\u00adnio\u00adwej w Niemczech.<\/p>\n","protected":false},"excerpt":{"rendered":"<p>Ka\u017c\u00addy w Niem\u00adczech ma obo\u00adwi\u0105\u00adzek posia\u00adda\u00adnia ubez\u00adpie\u00adcze\u00adnia zdro\u00adwot\u00adne\u00adgo, a do wybo\u00adru jest wie\u00adle kas cho\u00adrych. Sam mo\u017cesz zde\u00adcy\u00addo\u00adwa\u0107, w kt\u00f3\u00adrej Kran\u00adken\u00adkas\u00adse (kasie cho\u00adrych) chcesz si\u0119 zare\u00adje\u00adstro\u00adwa\u0107.&nbsp; Wska\u00adz\u00f3w\u00adka: Je\u015bli masz pra\u00adc\u0119&nbsp;<a class=\"moretag\" href=\"https:\/\/www.anika-net.de\/pl\/pierwsze-kroki\/opieka-zdrowotna\/rejestracja-w-firmie-ubezpieczeniowej\/\">czy\u00adtaj wi\u0119cej<\/a><\/p>\n","protected":false},"author":12,"featured_media":0,"parent":60622,"menu_order":0,"comment_status":"closed","ping_status":"closed","template":"","meta":{"_acf_changed":false,"inline_featured_image":false,"_uag_custom_page_level_css":"","wp_typography_post_enhancements_disabled":false,"footnotes":""},"class_list":["post-60598","page","type-page","status-publish","hentry"],"acf":[],"featured_image_urls_v2":{"full":"","thumbnail":"","medium":"","medium_large":"","large":"","1536x1536":"","2048x2048":"","event-overview":"","event-archive-thumb":"","grid-item-thumbnail":"","network-partner-icon":"","organiser-icon":"","gform-image-choice-sm":"","gform-image-choice-md":"","gform-image-choice-lg":""},"post_excerpt_stackable_v2":"<p>Ka\u017c\u00addy w Niem\u00adczech ma obo\u00adwi\u0105\u00adzek posia\u00adda\u00adnia ubez\u00adpie\u00adcze\u00adnia zdro\u00adwot\u00adne\u00adgo, a do wybo\u00adru jest wie\u00adle kas cho\u00adrych. Sam mo\u017cesz zde\u00adcy\u00addo\u00adwa\u0107, w kt\u00f3\u00adrej Kran\u00adken\u00adkas\u00adse (kasie cho\u00adrych) chcesz si\u0119 zare\u00adje\u00adstro\u00adwa\u0107.&nbsp; Wska\u00adz\u00f3w\u00adka: Je\u015bli masz pra\u00adc\u0119 lub otrzy\u00admu\u00adjesz \u015bwiad\u00adcze\u00adnia socjal\u00adne, Tw\u00f3j pra\u00adco\u00addaw\u00adca lub urz\u0105d pra\u00adcy mo\u017ce r\u00f3w\u00adnie\u017c zare\u00adje\u00adstro\u00adwa\u0107 Ci\u0119 w fir\u00admie ubezpieczeniowej.List\u0119 usta\u00adwo\u00adwych zak\u0142a\u00add\u00f3w ubez\u00adpie\u00adcze\u0144 zdro\u00adwot\u00adnych mo\u017c\u00adna zna\u00adle\u017a\u0107 tutaj: www.krankenkassen.de\/gesetzliche-krankenkassen\/Je\u015bli jeden z rodzi\u00adc\u00f3w posia\u00adda ju\u017c ubez\u00adpie\u00adcze\u00adnie zdro\u00adwot\u00adne, jego wsp\u00f3\u0142\u00adma\u0142\u00ad\u017co\u00adnek i dzie\u00adci mog\u0105 zosta\u0107 bez\u00adp\u0142at\u00adnie ubez\u00adpie\u00adcze\u00adni jako cz\u0142on\u00adko\u00adwie rodzi\u00adny w tej samej fir\u00admie ubez\u00adpie\u00adcze\u00adnio\u00adwej. Otrzy\u00admasz kar\u00adt\u0119 ubez\u00adpie\u00adcze\u00adnia zdro\u00adwot\u00adne\u00adgo (Kran\u00adke\u00adnver\u00adsi\u00adcher\u00adten\u00adkar\u00adte), kt\u00f3\u00adr\u0105 musisz zabra\u0107 ze sob\u0105 na ka\u017c\u00add\u0105 wizy\u00adt\u0119 u leka\u00adrza. War\u00adto wie\u00addzie\u0107: Urz\u0119d\u00adni\u00adcy s\u0142u\u017c\u00adby cywil\u00adnej, oso\u00adby o wysokich\u2026<\/p>\n","category_list_v2":"","author_info_v2":{"name":"Andrea Ramirez","url":"https:\/\/www.anika-net.de\/pl\/author\/andrea-ramirez\/"},"comments_num_v2":"0 comments","uagb_featured_image_src":{"full":false,"thumbnail":false,"medium":false,"medium_large":false,"large":false,"1536x1536":false,"2048x2048":false,"event-overview":false,"event-archive-thumb":false,"grid-item-thumbnail":false,"network-partner-icon":false,"organiser-icon":false,"gform-image-choice-sm":false,"gform-image-choice-md":false,"gform-image-choice-lg":false},"uagb_author_info":{"display_name":"Andrea Ramirez","author_link":"https:\/\/www.anika-net.de\/pl\/author\/andrea-ramirez\/"},"uagb_comment_info":0,"uagb_excerpt":"Ka\u017c\u00addy w Niem\u00adczech ma obo\u00adwi\u0105\u00adzek posia\u00adda\u00adnia ubez\u00adpie\u00adcze\u00adnia zdro\u00adwot\u00adne\u00adgo, a do wybo\u00adru jest wie\u00adle kas cho\u00adrych. Sam mo\u017cesz zde\u00adcy\u00addo\u00adwa\u0107, w kt\u00f3\u00adrej Kran\u00adken\u00adkas\u00adse (kasie cho\u00adrych) chcesz si\u0119 zarejestrowa\u0107.&nbsp; Wska\u00adz\u00f3w\u00adka: Je\u015bli masz pra\u00adc\u0119&nbsp;czytaj wi\u0119cej","_links":{"self":[{"href":"https:\/\/www.anika-net.de\/pl\/wp-json\/wp\/v2\/pages\/60598","targetHints":{"allow":["GET"]}}],"collection":[{"href":"https:\/\/www.anika-net.de\/pl\/wp-json\/wp\/v2\/pages"}],"about":[{"href":"https:\/\/www.anika-net.de\/pl\/wp-json\/wp\/v2\/types\/page"}],"author":[{"embeddable":true,"href":"https:\/\/www.anika-net.de\/pl\/wp-json\/wp\/v2\/users\/12"}],"replies":[{"embeddable":true,"href":"https:\/\/www.anika-net.de\/pl\/wp-json\/wp\/v2\/comments?post=60598"}],"version-history":[{"count":1,"href":"https:\/\/www.anika-net.de\/pl\/wp-json\/wp\/v2\/pages\/60598\/revisions"}],"predecessor-version":[{"id":60599,"href":"https:\/\/www.anika-net.de\/pl\/wp-json\/wp\/v2\/pages\/60598\/revisions\/60599"}],"up":[{"embeddable":true,"href":"https:\/\/www.anika-net.de\/pl\/wp-json\/wp\/v2\/pages\/60622"}],"wp:attachment":[{"href":"https:\/\/www.anika-net.de\/pl\/wp-json\/wp\/v2\/media?parent=60598"}],"curies":[{"name":"wp","href":"https:\/\/api.w.org\/{rel}","templated":true}]}}

<p>Każ­dy w Niem­czech ma obo­wią­zek posia­da­nia ubez­pie­cze­nia zdro­wot­ne­go, a do wybo­ru jest wie­le kas cho­rych. Sam możesz zde­cy­do­wać, w któ­rej <strong><em>Kran­ken­kas­se</em> (<em>kasie</em> cho­rych)</strong> chcesz się zarejestrować.&nbsp;</p>

<p><strong>Wska­zów­ka:</strong></p>

<ul class="wp-block-list"><li>Jeśli masz pra­cę lub otrzy­mu­jesz świad­cze­nia socjal­ne, Twój pra­co­daw­ca lub urząd pra­cy może rów­nież zare­je­stro­wać Cię w fir­mie ubezpieczeniowej.</li><li>Listę usta­wo­wych zakła­dów ubez­pie­czeń zdro­wot­nych moż­na zna­leźć tutaj: <a href="http://www.krankenkassen.de/gesetzliche-krankenkassen/" target="_blank" data-type="URL" data-id="www.krankenkassen.de/gesetzliche-krankenkassen/" rel="noreferrer noopener">www.krankenkassen.de/gesetzliche-krankenkassen/</a></li><li>Jeśli jeden z rodzi­ców posia­da już ubez­pie­cze­nie zdro­wot­ne, jego współ­mał­żo­nek i dzie­ci mogą zostać bez­płat­nie ubez­pie­cze­ni jako człon­ko­wie rodzi­ny w tej samej fir­mie ubezpieczeniowej.</li></ul>

<p><strong>Otrzy­masz kar­tę ubez­pie­cze­nia zdro­wot­ne­go <em>(Kran­ke­nver­si­cher­ten­kar­te)</em>, któ­rą musisz zabrać ze sobą na każ­dą wizy­tę u lekarza.</strong></p>

<p class="has-black-color has-light-green-cyan-background-color has-text-color has-background"><strong>War­to wie­dzieć:</strong> Urzęd­ni­cy służ­by cywil­nej, oso­by o wyso­kich docho­dach i fre­elan­ce­rzy mogą zare­je­stro­wać się w pry­wat­nej fir­mie ubez­pie­cze­nio­wej w Niemczech.</p>

<p>Każ­dy w Niem­czech ma obo­wią­zek posia­da­nia ubez­pie­cze­nia zdro­wot­ne­go, a do wybo­ru jest wie­le kas cho­rych. Sam możesz zde­cy­do­wać, w któ­rej Kran­ken­kas­se (kasie cho­rych) chcesz się zare­je­stro­wać.&nbsp; Wska­zów­ka: Jeśli masz pra­cę&nbsp;<a class="moretag" href="https://www.anika-net.de/pl/pierwsze-kroki/opieka-zdrowotna/rejestracja-w-firmie-ubezpieczeniowej/">czy­taj więcej</a></p>

<p>Każ­dy w Niem­czech ma obo­wią­zek posia­da­nia ubez­pie­cze­nia zdro­wot­ne­go, a do wybo­ru jest wie­le kas cho­rych. Sam możesz zde­cy­do­wać, w któ­rej Kran­ken­kas­se (kasie cho­rych) chcesz się zare­je­stro­wać.&nbsp; Wska­zów­ka: Jeśli masz pra­cę lub otrzy­mu­jesz świad­cze­nia socjal­ne, Twój pra­co­daw­ca lub urząd pra­cy może rów­nież zare­je­stro­wać Cię w fir­mie ubezpieczeniowej.Listę usta­wo­wych zakła­dów ubez­pie­czeń zdro­wot­nych moż­na zna­leźć tutaj: www.krankenkassen.de/gesetzliche-krankenkassen/Jeśli jeden z rodzi­ców posia­da już ubez­pie­cze­nie zdro­wot­ne, jego współ­mał­żo­nek i dzie­ci mogą zostać bez­płat­nie ubez­pie­cze­ni jako człon­ko­wie rodzi­ny w tej samej fir­mie ubez­pie­cze­nio­wej. Otrzy­masz kar­tę ubez­pie­cze­nia zdro­wot­ne­go (Kran­ke­nver­si­cher­ten­kar­te), któ­rą musisz zabrać ze sobą na każ­dą wizy­tę u leka­rza. War­to wie­dzieć: Urzęd­ni­cy służ­by cywil­nej, oso­by o wysokich…</p>

Każ­dy w Niem­czech ma obo­wią­zek posia­da­nia ubez­pie­cze­nia zdro­wot­ne­go, a do wybo­ru jest wie­le kas cho­rych. Sam możesz zde­cy­do­wać, w któ­rej Kran­ken­kas­se (kasie cho­rych) chcesz się zarejestrować.&nbsp; Wska­zów­ka: Jeśli masz pra­cę&nbsp;czytaj więcej
