{"id":56391,"date":"2024-12-03T18:16:29","date_gmt":"2024-12-03T17:16:29","guid":{"rendered":"https:\/\/www.anika-net.de\/spolecznosci\/"},"modified":"2024-12-03T18:16:36","modified_gmt":"2024-12-03T17:16:36","slug":"spolecznosci","status":"publish","type":"page","link":"https:\/\/www.anika-net.de\/pl\/spolecznosci\/","title":{"rendered":"Spo\u00ad\u0142ecz\u00adno\u00ad\u015bci"},"content":{"rendered":"\n<p>W Karls\u00adru\u00adhe ist\u00adnie\u00adje oko\u00ad\u0142o 70 orga\u00adni\u00adza\u00adcji i spo\u00ad\u0142ecz\u00adno\u00ad\u015bci migran\u00adt\u00f3w, repre\u00adzen\u00adtu\u00adj\u0105\u00adcych r\u00f3\u017c\u00adne gru\u00adpy etnicz\u00adne i kul\u00adtu\u00adro\u00adwe. Orga\u00adni\u00adza\u00adcje te dzia\u00ad\u0142a\u00adj\u0105 w r\u00f3\u017c\u00adnych obsza\u00adrach, takich jak inte\u00adgra\u00adcja, edu\u00adka\u00adcja, kul\u00adtu\u00adra i wspar\u00adcie spo\u00ad\u0142ecz\u00adne i s\u0105 wa\u017c\u00adnym fila\u00adrem spo\u00ad\u0142ecz\u00adno\u00ad\u015bci migran\u00adt\u00f3w w mie\u015bcie.&nbsp;<\/p>\n\n<p>Tutaj znaj\u00addziesz infor\u00adma\u00adcje i dane kon\u00adtak\u00adto\u00adwe orga\u00adni\u00adza\u00adcji migran\u00adt\u00f3w, spo\u00ad\u0142ecz\u00adno\u00ad\u015bci i ini\u00adcja\u00adtyw mi\u0119\u00addzy\u00adkul\u00adtu\u00adro\u00adwych w Karls\u00adru\u00adhe.<br>Wi\u0119k\u00adszo\u015b\u0107 orga\u00adni\u00adza\u00adcji migran\u00adt\u00f3w dzia\u00ad\u0142a na pozio\u00admie lokal\u00adnym jako sto\u00adwa\u00adrzy\u00adsze\u00adnia i pra\u00adcu\u00adje na zasa\u00addzie wolon\u00adta\u00adria\u00adtu.<br><br><span style=\"color: #4381a5;\" class=\"stk-highlight\"><strong>Czy jeste\u015b aktyw\u00adnie zaan\u00adga\u00ad\u017co\u00adwa\u00adny w inte\u00adgra\u00adcj\u0119 i wymia\u00adn\u0119 mi\u0119\u00addzy\u00adkul\u00adtu\u00adro\u00adw\u0105 na zasa\u00addzie wolon\u00adta\u00adria\u00adtu?<\/strong><br><strong>Czy jeste\u015b cz\u0119\u00ad\u015bci\u0105 spo\u00ad\u0142ecz\u00adno\u00ad\u015bci, sto\u00adwa\u00adrzy\u00adsze\u00adnia migran\u00adt\u00f3w lub gru\u00adpy migrant\u00f3w?<\/strong><\/span><\/p>\n\n<h3 class=\"wp-block-heading\">\ud83d\udcdd <strong><span style=\"color: #711e7e;\" class=\"stk-highlight\"><a href=\"https:\/\/www.anika-net.de\/pl\/spolecznosci\/podziel-sie-swoja-inicjatywa-na-anika\/\">Opu\u00adbli\u00adkuj swo\u00adj\u0105 ini\u00adcja\u00adty\u00adw\u0119 w Ani\u00adKA&nbsp;tutaj!<\/a><\/span><\/strong><\/h3>\n","protected":false},"excerpt":{"rendered":"<p>W Karls\u00adru\u00adhe ist\u00adnie\u00adje oko\u00ad\u0142o 70 orga\u00adni\u00adza\u00adcji i spo\u00ad\u0142ecz\u00adno\u00ad\u015bci migran\u00adt\u00f3w, repre\u00adzen\u00adtu\u00adj\u0105\u00adcych r\u00f3\u017c\u00adne gru\u00adpy etnicz\u00adne i kul\u00adtu\u00adro\u00adwe. Orga\u00adni\u00adza\u00adcje te dzia\u00ad\u0142a\u00adj\u0105 w r\u00f3\u017c\u00adnych obsza\u00adrach, takich jak inte\u00adgra\u00adcja, edu\u00adka\u00adcja, kul\u00adtu\u00adra i wspar\u00adcie spo\u00ad\u0142ecz\u00adne i&nbsp;<a class=\"moretag\" href=\"https:\/\/www.anika-net.de\/pl\/spolecznosci\/\">czy\u00adtaj wi\u0119cej<\/a><\/p>\n","protected":false},"author":12,"featured_media":0,"parent":0,"menu_order":30,"comment_status":"closed","ping_status":"closed","template":"page-toc.php","meta":{"_acf_changed":false,"inline_featured_image":false,"_uag_custom_page_level_css":"","wp_typography_post_enhancements_disabled":false,"footnotes":""},"class_list":["post-56391","page","type-page","status-publish","hentry"],"acf":[],"featured_image_urls_v2":{"full":"","thumbnail":"","medium":"","medium_large":"","large":"","1536x1536":"","2048x2048":"","event-overview":"","event-archive-thumb":"","grid-item-thumbnail":"","network-partner-icon":"","organiser-icon":"","gform-image-choice-sm":"","gform-image-choice-md":"","gform-image-choice-lg":""},"post_excerpt_stackable_v2":"<p>W Karls\u00adru\u00adhe ist\u00adnie\u00adje oko\u00ad\u0142o 70 orga\u00adni\u00adza\u00adcji i spo\u00ad\u0142ecz\u00adno\u00ad\u015bci migran\u00adt\u00f3w, repre\u00adzen\u00adtu\u00adj\u0105\u00adcych r\u00f3\u017c\u00adne gru\u00adpy etnicz\u00adne i kul\u00adtu\u00adro\u00adwe. Orga\u00adni\u00adza\u00adcje te dzia\u00ad\u0142a\u00adj\u0105 w r\u00f3\u017c\u00adnych obsza\u00adrach, takich jak inte\u00adgra\u00adcja, edu\u00adka\u00adcja, kul\u00adtu\u00adra i wspar\u00adcie spo\u00ad\u0142ecz\u00adne i s\u0105 wa\u017c\u00adnym fila\u00adrem spo\u00ad\u0142ecz\u00adno\u00ad\u015bci migran\u00adt\u00f3w w mie\u00ad\u015bcie.&nbsp; Tutaj znaj\u00addziesz infor\u00adma\u00adcje i dane kon\u00adtak\u00adto\u00adwe orga\u00adni\u00adza\u00adcji migran\u00adt\u00f3w, spo\u00ad\u0142ecz\u00adno\u00ad\u015bci i ini\u00adcja\u00adtyw mi\u0119\u00addzy\u00adkul\u00adtu\u00adro\u00adwych w Karls\u00adru\u00adhe.Wi\u0119k\u00adszo\u015b\u0107 orga\u00adni\u00adza\u00adcji migran\u00adt\u00f3w dzia\u00ad\u0142a na pozio\u00admie lokal\u00adnym jako sto\u00adwa\u00adrzy\u00adsze\u00adnia i pra\u00adcu\u00adje na zasa\u00addzie wolon\u00adta\u00adria\u00adtu.Czy jeste\u015b aktyw\u00adnie zaan\u00adga\u00ad\u017co\u00adwa\u00adny w inte\u00adgra\u00adcj\u0119 i wymia\u00adn\u0119 mi\u0119\u00addzy\u00adkul\u00adtu\u00adro\u00adw\u0105 na zasa\u00addzie wolon\u00adta\u00adria\u00adtu?Czy jeste\u015b cz\u0119\u00ad\u015bci\u0105 spo\u00ad\u0142ecz\u00adno\u00ad\u015bci, sto\u00adwa\u00adrzy\u00adsze\u00adnia migran\u00adt\u00f3w lub gru\u00adpy migran\u00adt\u00f3w? \ud83d\udcdd Opu\u00adbli\u00adkuj swo\u00adj\u0105 ini\u00adcja\u00adty\u00adw\u0119 w Ani\u00adKA&nbsp;tutaj!<\/p>\n","category_list_v2":"","author_info_v2":{"name":"Andrea Ramirez","url":"https:\/\/www.anika-net.de\/pl\/author\/andrea-ramirez\/"},"comments_num_v2":"0 comments","uagb_featured_image_src":{"full":false,"thumbnail":false,"medium":false,"medium_large":false,"large":false,"1536x1536":false,"2048x2048":false,"event-overview":false,"event-archive-thumb":false,"grid-item-thumbnail":false,"network-partner-icon":false,"organiser-icon":false,"gform-image-choice-sm":false,"gform-image-choice-md":false,"gform-image-choice-lg":false},"uagb_author_info":{"display_name":"Andrea Ramirez","author_link":"https:\/\/www.anika-net.de\/pl\/author\/andrea-ramirez\/"},"uagb_comment_info":0,"uagb_excerpt":"W Karls\u00adru\u00adhe ist\u00adnie\u00adje oko\u00ad\u0142o 70 orga\u00adni\u00adza\u00adcji i spo\u00ad\u0142ecz\u00adno\u00ad\u015bci migran\u00adt\u00f3w, repre\u00adzen\u00adtu\u00adj\u0105\u00adcych r\u00f3\u017c\u00adne gru\u00adpy etnicz\u00adne i kul\u00adtu\u00adro\u00adwe. Orga\u00adni\u00adza\u00adcje te dzia\u00ad\u0142a\u00adj\u0105 w r\u00f3\u017c\u00adnych obsza\u00adrach, takich jak inte\u00adgra\u00adcja, edu\u00adka\u00adcja, kul\u00adtu\u00adra i wspar\u00adcie spo\u00ad\u0142ecz\u00adne i&nbsp;czytaj wi\u0119cej","_links":{"self":[{"href":"https:\/\/www.anika-net.de\/pl\/wp-json\/wp\/v2\/pages\/56391","targetHints":{"allow":["GET"]}}],"collection":[{"href":"https:\/\/www.anika-net.de\/pl\/wp-json\/wp\/v2\/pages"}],"about":[{"href":"https:\/\/www.anika-net.de\/pl\/wp-json\/wp\/v2\/types\/page"}],"author":[{"embeddable":true,"href":"https:\/\/www.anika-net.de\/pl\/wp-json\/wp\/v2\/users\/12"}],"replies":[{"embeddable":true,"href":"https:\/\/www.anika-net.de\/pl\/wp-json\/wp\/v2\/comments?post=56391"}],"version-history":[{"count":1,"href":"https:\/\/www.anika-net.de\/pl\/wp-json\/wp\/v2\/pages\/56391\/revisions"}],"predecessor-version":[{"id":56395,"href":"https:\/\/www.anika-net.de\/pl\/wp-json\/wp\/v2\/pages\/56391\/revisions\/56395"}],"wp:attachment":[{"href":"https:\/\/www.anika-net.de\/pl\/wp-json\/wp\/v2\/media?parent=56391"}],"curies":[{"name":"wp","href":"https:\/\/api.w.org\/{rel}","templated":true}]}}

Spo­łecz­no­ści

<p>W Karls­ru­he ist­nie­je oko­ło 70 orga­ni­za­cji i spo­łecz­no­ści migran­tów, repre­zen­tu­ją­cych róż­ne gru­py etnicz­ne i kul­tu­ro­we. Orga­ni­za­cje te dzia­ła­ją w róż­nych obsza­rach, takich jak inte­gra­cja, edu­ka­cja, kul­tu­ra i wspar­cie spo­łecz­ne i są waż­nym fila­rem spo­łecz­no­ści migran­tów w mieście.&nbsp;</p>

<p>Tutaj znaj­dziesz infor­ma­cje i dane kon­tak­to­we orga­ni­za­cji migran­tów, spo­łecz­no­ści i ini­cja­tyw mię­dzy­kul­tu­ro­wych w Karls­ru­he.<br>Więk­szość orga­ni­za­cji migran­tów dzia­ła na pozio­mie lokal­nym jako sto­wa­rzy­sze­nia i pra­cu­je na zasa­dzie wolon­ta­ria­tu.<br><br><span style="color: #4381a5;" class="stk-highlight"><strong>Czy jesteś aktyw­nie zaan­ga­żo­wa­ny w inte­gra­cję i wymia­nę mię­dzy­kul­tu­ro­wą na zasa­dzie wolon­ta­ria­tu?</strong><br><strong>Czy jesteś czę­ścią spo­łecz­no­ści, sto­wa­rzy­sze­nia migran­tów lub gru­py migrantów?</strong></span></p>

<h3 class="wp-block-heading">📝 <strong><span style="color: #711e7e;" class="stk-highlight"><a href="https://www.anika-net.de/pl/spolecznosci/podziel-sie-swoja-inicjatywa-na-anika/">Opu­bli­kuj swo­ją ini­cja­ty­wę w Ani­KA&nbsp;tutaj!</a></span></strong></h3>

<p>W Karls­ru­he ist­nie­je oko­ło 70 orga­ni­za­cji i spo­łecz­no­ści migran­tów, repre­zen­tu­ją­cych róż­ne gru­py etnicz­ne i kul­tu­ro­we. Orga­ni­za­cje te dzia­ła­ją w róż­nych obsza­rach, takich jak inte­gra­cja, edu­ka­cja, kul­tu­ra i wspar­cie spo­łecz­ne i&nbsp;<a class="moretag" href="https://www.anika-net.de/pl/spolecznosci/">czy­taj więcej</a></p>

<p>W Karls­ru­he ist­nie­je oko­ło 70 orga­ni­za­cji i spo­łecz­no­ści migran­tów, repre­zen­tu­ją­cych róż­ne gru­py etnicz­ne i kul­tu­ro­we. Orga­ni­za­cje te dzia­ła­ją w róż­nych obsza­rach, takich jak inte­gra­cja, edu­ka­cja, kul­tu­ra i wspar­cie spo­łecz­ne i są waż­nym fila­rem spo­łecz­no­ści migran­tów w mie­ście.&nbsp; Tutaj znaj­dziesz infor­ma­cje i dane kon­tak­to­we orga­ni­za­cji migran­tów, spo­łecz­no­ści i ini­cja­tyw mię­dzy­kul­tu­ro­wych w Karls­ru­he.Więk­szość orga­ni­za­cji migran­tów dzia­ła na pozio­mie lokal­nym jako sto­wa­rzy­sze­nia i pra­cu­je na zasa­dzie wolon­ta­ria­tu.Czy jesteś aktyw­nie zaan­ga­żo­wa­ny w inte­gra­cję i wymia­nę mię­dzy­kul­tu­ro­wą na zasa­dzie wolon­ta­ria­tu?Czy jesteś czę­ścią spo­łecz­no­ści, sto­wa­rzy­sze­nia migran­tów lub gru­py migran­tów? 📝 Opu­bli­kuj swo­ją ini­cja­ty­wę w Ani­KA&nbsp;tutaj!</p>

W Karls­ru­he ist­nie­je oko­ło 70 orga­ni­za­cji i spo­łecz­no­ści migran­tów, repre­zen­tu­ją­cych róż­ne gru­py etnicz­ne i kul­tu­ro­we. Orga­ni­za­cje te dzia­ła­ją w róż­nych obsza­rach, takich jak inte­gra­cja, edu­ka­cja, kul­tu­ra i wspar­cie spo­łecz­ne i&nbsp;czytaj więcej
