{"id":34531,"date":"2023-03-07T12:55:35","date_gmt":"2023-03-07T11:55:35","guid":{"rendered":"https:\/\/www.anika-net.de\/nauka-jezyka-niemieckiego\/"},"modified":"2025-08-11T11:07:30","modified_gmt":"2025-08-11T09:07:30","slug":"nauka-jezyka-niemieckiego","status":"publish","type":"page","link":"https:\/\/www.anika-net.de\/pl\/nauka-jezyka-niemieckiego\/","title":{"rendered":"Nauka j\u0119zy\u00adka niemieckiego"},"content":{"rendered":"\n<h2 class=\"wp-block-heading\"><em><span style=\"color: #efb11d;\" class=\"stk-highlight\">Nowo\u015b\u0107!<\/span><\/em><\/h2>\n\n<h3 class=\"wp-block-heading\">Kurs nie\u00admiec\u00adkie\u00adgo \u2014 Zawo\u00addo\u00adwy B1 roz\u00adpo\u00adczy\u00adna\u00adj\u0105\u00adcy si\u0119 we wrze\u00ad\u015bniu 2025&nbsp;r.<\/h3>\n\n<p>Cen\u00adtrum Kszta\u0142\u00adce\u00adnia Doro\u00ads\u0142ych (vhs) w Karls\u00adru\u00adhe ofe\u00adru\u00adje nowy kurs \ufe0f<strong> <a href=\"https:\/\/www.anika-net.de\/pl\/event\/kurs-niemieckiego-do-pracy-b1\/\">kurs j\u0119zy\u00adka nie\u00admiec\u00adkie\u00adgo VwV, zawo\u00addo\u00adwy B1<\/a><\/strong>. Kurs jest otwar\u00adty dla miesz\u00adka\u0144\u00adc\u00f3w mia\u00adsta Karls\u00adru\u00adhe, kt\u00f3\u00adrzy osi\u0105\u00adgn\u0119\u00adli ju\u017c poziom j\u0119zy\u00adko\u00adwy A2 na kur\u00adsie inte\u00adgra\u00adcyj\u00adnym i nie maj\u0105 ju\u017c dost\u0119p\u00adnych lek\u00adcji powt\u00f3rkowych.&nbsp;<\/p>\n\n<p><strong>Daty kur\u00ads\u00f3w:<\/strong> 15 wrze\u00ad\u015bnia 2025 r. do 3 lute\u00adgo 2026 r.<br>Nast\u0119p\u00adnie egza\u00admin \/ brak zaj\u0119\u0107 w cza\u00adsie wakacji<\/p>\n\n<p><strong>Godzi\u00adny zaj\u0119\u0107:<\/strong> 8:30 \u2014 12:30<br>\ud83d\udccdKim\u00admel\u00adman\u00adn\u00adschu\u00adle, Graf-Rhe\u00adna-Stra\u00ad\u00dfe 18, 76137 Karls\u00adru\u00adhe<br><strong>Reje\u00adstra\u00adcja:<\/strong> \ud83d\udce7 daf@vhs-karlsruhe.de | \ud83d\udcde 0721 985750<\/p>\n\n<p><em><span style=\"color: #abb8c3;\" class=\"stk-highlight\">Finan\u00adso\u00adwa\u00adny przez kraj zwi\u0105z\u00adko\u00adwy Bade\u00adnia-Wir\u00adtem\u00adber\u00adgia i mia\u00adsto Karlsruhe.<\/span><\/em><\/p>\n","protected":false},"excerpt":{"rendered":"<p>Nowo\u015b\u0107! Kurs nie\u00admiec\u00adkie\u00adgo \u2014 Zawo\u00addo\u00adwy B1 roz\u00adpo\u00adczy\u00adna\u00adj\u0105\u00adcy si\u0119 we wrze\u00ad\u015bniu 2025&nbsp;r. Cen\u00adtrum Kszta\u0142\u00adce\u00adnia Doro\u00ads\u0142ych (vhs) w Karls\u00adru\u00adhe ofe\u00adru\u00adje nowy kurs \ufe0f kurs j\u0119zy\u00adka nie\u00admiec\u00adkie\u00adgo VwV, zawo\u00addo\u00adwy B1. Kurs jest otwar\u00adty&nbsp;<a class=\"moretag\" href=\"https:\/\/www.anika-net.de\/pl\/nauka-jezyka-niemieckiego\/\">czy\u00adtaj wi\u0119cej<\/a><\/p>\n","protected":false},"author":12,"featured_media":0,"parent":0,"menu_order":19,"comment_status":"closed","ping_status":"closed","template":"page-toc.php","meta":{"_acf_changed":false,"inline_featured_image":false,"_uag_custom_page_level_css":"","wp_typography_post_enhancements_disabled":false,"footnotes":""},"class_list":["post-34531","page","type-page","status-publish","hentry"],"acf":[],"featured_image_urls_v2":{"full":"","thumbnail":"","medium":"","medium_large":"","large":"","1536x1536":"","2048x2048":"","event-overview":"","event-archive-thumb":"","grid-item-thumbnail":"","network-partner-icon":"","organiser-icon":"","gform-image-choice-sm":"","gform-image-choice-md":"","gform-image-choice-lg":""},"post_excerpt_stackable_v2":"<p>Nowo\u015b\u0107! Kurs nie\u00admiec\u00adkie\u00adgo \u2014 Zawo\u00addo\u00adwy B1 roz\u00adpo\u00adczy\u00adna\u00adj\u0105\u00adcy si\u0119 we wrze\u00ad\u015bniu 2025&nbsp;r. Cen\u00adtrum Kszta\u0142\u00adce\u00adnia Doro\u00ads\u0142ych (vhs) w Karls\u00adru\u00adhe ofe\u00adru\u00adje nowy kurs \ufe0f kurs j\u0119zy\u00adka nie\u00admiec\u00adkie\u00adgo VwV, zawo\u00addo\u00adwy B1. Kurs jest otwar\u00adty dla miesz\u00adka\u0144\u00adc\u00f3w mia\u00adsta Karls\u00adru\u00adhe, kt\u00f3\u00adrzy osi\u0105\u00adgn\u0119\u00adli ju\u017c poziom j\u0119zy\u00adko\u00adwy A2 na kur\u00adsie inte\u00adgra\u00adcyj\u00adnym i nie maj\u0105 ju\u017c dost\u0119p\u00adnych lek\u00adcji powt\u00f3r\u00adko\u00adwych.&nbsp; Daty kur\u00ads\u00f3w: 15 wrze\u00ad\u015bnia 2025 r. do 3 lute\u00adgo 2026 r.Nast\u0119p\u00adnie egza\u00admin \/ brak zaj\u0119\u0107 w cza\u00adsie waka\u00adcji Godzi\u00adny zaj\u0119\u0107: 8:30 \u2014 12:30\ud83d\udccdKim\u00admel\u00adman\u00adn\u00adschu\u00adle, Graf-Rhe\u00ad\u00adna-Stra\u00ad\u00ad\u00dfe 18, 76137 Karls\u00adru\u00adheReje\u00adstra\u00adcja: \ud83d\udce7 daf@vhs-karlsruhe.de | \ud83d\udcde 0721 985750 Finan\u00adso\u00adwa\u00adny przez kraj zwi\u0105z\u00adko\u00adwy Bade\u00ad\u00adnia-Wir\u00adte\u00adm\u00adbe\u00adr\u00adgia i mia\u00adsto Karlsruhe.<\/p>\n","category_list_v2":"","author_info_v2":{"name":"Andrea Ramirez","url":"https:\/\/www.anika-net.de\/pl\/author\/andrea-ramirez\/"},"comments_num_v2":"0 comments","uagb_featured_image_src":{"full":false,"thumbnail":false,"medium":false,"medium_large":false,"large":false,"1536x1536":false,"2048x2048":false,"event-overview":false,"event-archive-thumb":false,"grid-item-thumbnail":false,"network-partner-icon":false,"organiser-icon":false,"gform-image-choice-sm":false,"gform-image-choice-md":false,"gform-image-choice-lg":false},"uagb_author_info":{"display_name":"Andrea Ramirez","author_link":"https:\/\/www.anika-net.de\/pl\/author\/andrea-ramirez\/"},"uagb_comment_info":0,"uagb_excerpt":"Nowo\u015b\u0107! Kurs nie\u00admiec\u00adkie\u00adgo \u2014 Zawo\u00addo\u00adwy B1 roz\u00adpo\u00adczy\u00adna\u00adj\u0105\u00adcy si\u0119 we wrze\u00ad\u015bniu 2025&nbsp;r. Cen\u00adtrum Kszta\u0142\u00adce\u00adnia Doro\u00ads\u0142ych (vhs) w Karls\u00adru\u00adhe ofe\u00adru\u00adje nowy kurs \ufe0f kurs j\u0119zy\u00adka nie\u00admiec\u00adkie\u00adgo VwV, zawo\u00addo\u00adwy B1. Kurs jest otwar\u00adty&nbsp;czytaj wi\u0119cej","_links":{"self":[{"href":"https:\/\/www.anika-net.de\/pl\/wp-json\/wp\/v2\/pages\/34531","targetHints":{"allow":["GET"]}}],"collection":[{"href":"https:\/\/www.anika-net.de\/pl\/wp-json\/wp\/v2\/pages"}],"about":[{"href":"https:\/\/www.anika-net.de\/pl\/wp-json\/wp\/v2\/types\/page"}],"author":[{"embeddable":true,"href":"https:\/\/www.anika-net.de\/pl\/wp-json\/wp\/v2\/users\/12"}],"replies":[{"embeddable":true,"href":"https:\/\/www.anika-net.de\/pl\/wp-json\/wp\/v2\/comments?post=34531"}],"version-history":[{"count":2,"href":"https:\/\/www.anika-net.de\/pl\/wp-json\/wp\/v2\/pages\/34531\/revisions"}],"predecessor-version":[{"id":64262,"href":"https:\/\/www.anika-net.de\/pl\/wp-json\/wp\/v2\/pages\/34531\/revisions\/64262"}],"wp:attachment":[{"href":"https:\/\/www.anika-net.de\/pl\/wp-json\/wp\/v2\/media?parent=34531"}],"curies":[{"name":"wp","href":"https:\/\/api.w.org\/{rel}","templated":true}]}}

Nauka języ­ka niemieckiego

<h2 class="wp-block-heading"><em><span style="color: #efb11d;" class="stk-highlight">Nowość!</span></em></h2>

<h3 class="wp-block-heading">Kurs nie­miec­kie­go — Zawo­do­wy B1 roz­po­czy­na­ją­cy się we wrze­śniu 2025&nbsp;r.</h3>

<p>Cen­trum Kształ­ce­nia Doro­słych (vhs) w Karls­ru­he ofe­ru­je nowy kurs ️<strong> <a href="https://www.anika-net.de/pl/event/kurs-niemieckiego-do-pracy-b1/">kurs języ­ka nie­miec­kie­go VwV, zawo­do­wy B1</a></strong>. Kurs jest otwar­ty dla miesz­kań­ców mia­sta Karls­ru­he, któ­rzy osią­gnę­li już poziom języ­ko­wy A2 na kur­sie inte­gra­cyj­nym i nie mają już dostęp­nych lek­cji powtórkowych.&nbsp;</p>

<p><strong>Daty kur­sów:</strong> 15 wrze­śnia 2025 r. do 3 lute­go 2026 r.<br>Następ­nie egza­min / brak zajęć w cza­sie wakacji</p>

<p><strong>Godzi­ny zajęć:</strong> 8:30 — 12:30<br>📍Kim­mel­man­n­schu­le, Graf-Rhe­na-Stra­ße 18, 76137 Karls­ru­he<br><strong>Reje­stra­cja:</strong> 📧 daf@vhs-karlsruhe.de | 📞 0721 985750</p>

<p><em><span style="color: #abb8c3;" class="stk-highlight">Finan­so­wa­ny przez kraj związ­ko­wy Bade­nia-Wir­tem­ber­gia i mia­sto Karlsruhe.</span></em></p>

<p>Nowość! Kurs nie­miec­kie­go — Zawo­do­wy B1 roz­po­czy­na­ją­cy się we wrze­śniu 2025&nbsp;r. Cen­trum Kształ­ce­nia Doro­słych (vhs) w Karls­ru­he ofe­ru­je nowy kurs ️ kurs języ­ka nie­miec­kie­go VwV, zawo­do­wy B1. Kurs jest otwar­ty&nbsp;<a class="moretag" href="https://www.anika-net.de/pl/nauka-jezyka-niemieckiego/">czy­taj więcej</a></p>

<p>Nowość! Kurs nie­miec­kie­go — Zawo­do­wy B1 roz­po­czy­na­ją­cy się we wrze­śniu 2025&nbsp;r. Cen­trum Kształ­ce­nia Doro­słych (vhs) w Karls­ru­he ofe­ru­je nowy kurs ️ kurs języ­ka nie­miec­kie­go VwV, zawo­do­wy B1. Kurs jest otwar­ty dla miesz­kań­ców mia­sta Karls­ru­he, któ­rzy osią­gnę­li już poziom języ­ko­wy A2 na kur­sie inte­gra­cyj­nym i nie mają już dostęp­nych lek­cji powtór­ko­wych.&nbsp; Daty kur­sów: 15 wrze­śnia 2025 r. do 3 lute­go 2026 r.Następ­nie egza­min / brak zajęć w cza­sie waka­cji Godzi­ny zajęć: 8:30 — 12:30📍Kim­mel­man­n­schu­le, Graf-Rhe­­na-Stra­­ße 18, 76137 Karls­ru­heReje­stra­cja: 📧 daf@vhs-karlsruhe.de | 📞 0721 985750 Finan­so­wa­ny przez kraj związ­ko­wy Bade­­nia-Wir­te­m­be­r­gia i mia­sto Karlsruhe.</p>

Nowość! Kurs nie­miec­kie­go — Zawo­do­wy B1 roz­po­czy­na­ją­cy się we wrze­śniu 2025&nbsp;r. Cen­trum Kształ­ce­nia Doro­słych (vhs) w Karls­ru­he ofe­ru­je nowy kurs ️ kurs języ­ka nie­miec­kie­go VwV, zawo­do­wy B1. Kurs jest otwar­ty&nbsp;czytaj więcej
