{"id":63329,"date":"2025-07-10T13:46:06","date_gmt":"2025-07-10T11:46:06","guid":{"rendered":"https:\/\/www.anika-net.de\/event\/stadtpiraten-karlsruhe-projekt-dla-dzieci\/"},"modified":"2025-07-10T13:46:07","modified_gmt":"2025-07-10T11:46:07","slug":"stadtpiraten-karlsruhe-projekt-dla-dzieci","status":"publish","type":"event","link":"https:\/\/www.anika-net.de\/pl\/event\/stadtpiraten-karlsruhe-projekt-dla-dzieci\/","title":{"rendered":"Stadt\u00adpi\u00adra\u00adten Karls\u00adru\u00adhe \u2014 Pro\u00adjekt dla dzieci"},"content":{"rendered":"\n<h4 class=\"wp-block-heading\"><span style=\"color: #9084a7;\" class=\"stk-highlight\">Coty\u00adgo\u00addnio\u00adwy pro\u00adgram dla dzie\u00adci miesz\u00adka\u00adj\u0105\u00adcych w domach dla uchod\u017ac\u00f3w<\/span><\/h4>\n\n<h1 class=\"wp-block-heading\"><span style=\"color: #fcb900;\" class=\"stk-highlight\">Stadt\u00adpi\u00adra\u00adten Karls\u00adru\u00adhe<\/span> \u2014 <span style=\"color: #828080;\" class=\"stk-highlight\"><em>Zaba\u00adwa, przy\u00adna\u00adle\u017c\u00adno\u015b\u0107 i wspar\u00adcie dla dzieci<\/em><\/span><\/h1>\n\n<p><strong>Stadt\u00adpi\u00adra\u00adten Karls\u00adru\u00adhe<\/strong> to pro\u00adjekt pro\u00adwa\u00addzo\u00adny przez wolon\u00adta\u00adriu\u00adszy, kt\u00f3\u00adry przy\u00adno\u00adsi <strong>rado\u015b\u0107, kre\u00adatyw\u00adno\u015b\u0107 i wi\u0119\u017a<\/strong> dzie\u00adciom z rodzin uchod\u017a\u00adc\u00f3w prze\u00adby\u00adwa\u00adj\u0105\u00adcych obec\u00adnie w <strong>o\u015brod\u00adku dla<\/strong> uchod\u017a\u00adc\u00f3w <strong>(LEA)<\/strong> w Karlsruhe.<\/p>\n\n<h3 class=\"wp-block-heading\">Czym si\u0119 zajmujemy<\/h3>\n\n<p>Wie\u00adle rodzin, z kt\u00f3\u00adry\u00admi wsp\u00f3\u0142\u00adpra\u00adcu\u00adje\u00admy, stoi w obli\u00adczu nie\u00adpew\u00adnej przy\u00adsz\u0142o\u00ad\u015bci w Niem\u00adczech. Dzie\u00adci cz\u0119\u00adsto \u017cyj\u0105 w sta\u00adnie \u201cpomi\u0119\u00addzy\u201d \u2014 pomi\u0119\u00addzy swo\u00adimi prze\u00adsz\u0142y\u00admi do\u015bwiad\u00adcze\u00adnia\u00admi a nie\u00adja\u00adsn\u0105 \u015bcie\u017c\u00adk\u0105 na przy\u00adsz\u0142o\u015b\u0107. Nasz\u0105 misj\u0105 jest stwo\u00adrze\u00adnie prze\u00adstrze\u00adni, w kt\u00f3\u00adrej <strong>zn\u00f3w mog\u0105 by\u0107 dzie\u0107\u00admi<\/strong>.  <\/p>\n\n<p>Co tydzie\u0144 organizujemy:<\/p>\n\n<ul class=\"wp-block-list\">\n<li>\ud83e\udd38\u200d\u2642\ufe0f Zabaw\u00adne i aktyw\u00adne gry grupowe<\/li>\n\n\n\n<li>\ud83c\udfa8 Kre\u00adatyw\u00adne warsztaty<\/li>\n\n\n\n<li>\ud83d\ude8c Eks\u00adcy\u00adtu\u00adj\u0105\u00adce wyciecz\u00adki (pie\u00adcze\u00adnie, wizy\u00adty w zoo, jaz\u00adda na \u0142y\u017c\u00adwach, wspi\u00adnacz\u00adka i&nbsp;inne)<\/li>\n<\/ul>\n\n<h3 class=\"wp-block-heading\">Chcesz si\u0119 zaanga\u017cowa\u0107?<\/h3>\n\n<p>Nie\u00adza\u00adle\u017c\u00adnie od tego, czy chcesz <strong>zosta\u0107 wolon\u00adta\u00adriu\u00adszem<\/strong>, zada\u0107 pyta\u00adnie, czy dowie\u00addzie\u0107 si\u0119 wi\u0119\u00adcej o naszym pro\u00adgra\u00admie \u2014 chcie\u00adli\u00adby\u00ad\u015bmy us\u0142y\u00adsze\u0107 od Ciebie!<\/p>\n\n<p>\ud83d\udce7 <strong><a>stadtpiraten@fluechtlingshilfe-karlsruhe.de<\/a><\/strong><\/p>\n\n<p><\/p>\n","protected":false},"author":12,"featured_media":63296,"template":"","class_list":["post-63329","event","type-event","status-publish","has-post-thumbnail","hentry","event_category-pomoc-pl"],"acf":{"event-recurring":true,"event-category":185,"event-is-language-course":false,"event-recurring-still-active":true,"event-display-details":true,"event-schedules-recurring":null,"event-schedules-calendar":null,"event-is-online":false,"event-online-url":"","event-location-building":"Fl\u00fcchtlingshilfe Karlsruhe e.V.","event-location-street":"Alten Schlachthof 11","event-location-zip":"76131","event-location-city":"Karlsruhe","event-location-contact-person":"Gertrud Weber (Coordinator)","event-location-phone":"0170\/ 29219 99","event-location-phone-2":"","event-location-mail":"stadtpiraten@fluechtlingshilfe-karlsruhe.de","event-location-mail-2":"","event-location-website":"https:\/\/fluechtlingshilfe-karlsruhe.de\/projekte\/die-stadtpiraten\/","event-target-group":[{"target-group":"all"}],"event-target-group-comment":"","event-free":true,"event-organiser":[6810],"event-header-copyright-overlay":true,"event-copyright-note-description-end":false},"featured_image_urls_v2":{"full":["https:\/\/www.anika-net.de\/wp-content\/uploads\/2025\/07\/AdobeStock_293327591-scaled.jpeg",2560,1707,false],"thumbnail":["https:\/\/www.anika-net.de\/wp-content\/uploads\/2025\/07\/AdobeStock_293327591-150x150.jpeg",150,150,true],"medium":["https:\/\/www.anika-net.de\/wp-content\/uploads\/2025\/07\/AdobeStock_293327591-300x200.jpeg",300,200,true],"medium_large":["https:\/\/www.anika-net.de\/wp-content\/uploads\/2025\/07\/AdobeStock_293327591-768x512.jpeg",640,427,true],"large":["https:\/\/www.anika-net.de\/wp-content\/uploads\/2025\/07\/AdobeStock_293327591-1024x683.jpeg",640,427,true],"1536x1536":["https:\/\/www.anika-net.de\/wp-content\/uploads\/2025\/07\/AdobeStock_293327591-1536x1024.jpeg",1536,1024,true],"2048x2048":["https:\/\/www.anika-net.de\/wp-content\/uploads\/2025\/07\/AdobeStock_293327591-2048x1365.jpeg",2048,1365,true],"event-overview":["https:\/\/www.anika-net.de\/wp-content\/uploads\/2025\/07\/AdobeStock_293327591-960x640.jpeg",960,640,true],"event-archive-thumb":["https:\/\/www.anika-net.de\/wp-content\/uploads\/2025\/07\/AdobeStock_293327591-480x320.jpeg",480,320,true],"grid-item-thumbnail":["https:\/\/www.anika-net.de\/wp-content\/uploads\/2025\/07\/AdobeStock_293327591-360x200.jpeg",360,200,true],"network-partner-icon":["https:\/\/www.anika-net.de\/wp-content\/uploads\/2025\/07\/AdobeStock_293327591-100x100.jpeg",100,100,true],"organiser-icon":["https:\/\/www.anika-net.de\/wp-content\/uploads\/2025\/07\/AdobeStock_293327591-200x200.jpeg",200,200,true],"gform-image-choice-sm":["https:\/\/www.anika-net.de\/wp-content\/uploads\/2025\/07\/AdobeStock_293327591-scaled.jpeg",300,200,false],"gform-image-choice-md":["https:\/\/www.anika-net.de\/wp-content\/uploads\/2025\/07\/AdobeStock_293327591-scaled.jpeg",400,267,false],"gform-image-choice-lg":["https:\/\/www.anika-net.de\/wp-content\/uploads\/2025\/07\/AdobeStock_293327591-scaled.jpeg",600,400,false]},"post_excerpt_stackable_v2":"<p>Coty\u00adgo\u00addnio\u00adwy pro\u00adgram dla dzie\u00adci miesz\u00adka\u00adj\u0105\u00adcych w domach dla uchod\u017a\u00adc\u00f3w Stadt\u00adpi\u00adra\u00adten Karls\u00adru\u00adhe \u2014 Zaba\u00adwa, przy\u00adna\u00adle\u017c\u00adno\u015b\u0107 i wspar\u00adcie dla dzie\u00adci Stadt\u00adpi\u00adra\u00adten Karls\u00adru\u00adhe to pro\u00adjekt pro\u00adwa\u00addzo\u00adny przez wolon\u00adta\u00adriu\u00adszy, kt\u00f3\u00adry przy\u00adno\u00adsi rado\u015b\u0107, kre\u00adatyw\u00adno\u015b\u0107 i wi\u0119\u017a dzie\u00adciom z rodzin uchod\u017a\u00adc\u00f3w prze\u00adby\u00adwa\u00adj\u0105\u00adcych obec\u00adnie w o\u015brod\u00adku dla uchod\u017a\u00adc\u00f3w (LEA) w Karls\u00adru\u00adhe. Czym si\u0119 zaj\u00admu\u00adje\u00admy Wie\u00adle rodzin, z kt\u00f3\u00adry\u00admi wsp\u00f3\u0142\u00adpra\u00adcu\u00adje\u00admy, stoi w obli\u00adczu nie\u00adpew\u00adnej przy\u00adsz\u0142o\u00ad\u015bci w Niem\u00adczech. Dzie\u00adci cz\u0119\u00adsto \u017cyj\u0105 w sta\u00adnie \u201cpomi\u0119\u00addzy\u201d \u2014 pomi\u0119\u00addzy swo\u00adimi prze\u00adsz\u0142y\u00admi do\u015bwiad\u00adcze\u00adnia\u00admi a nie\u00adja\u00adsn\u0105 \u015bcie\u017c\u00adk\u0105 na przy\u00adsz\u0142o\u015b\u0107. Nasz\u0105 misj\u0105 jest stwo\u00adrze\u00adnie prze\u00adstrze\u00adni, w kt\u00f3\u00adrej zn\u00f3w mog\u0105 by\u0107 dzie\u0107\u00admi. Co tydzie\u0144 orga\u00adni\u00adzu\u00adje\u00admy: \ud83e\udd38\u200d\u2642\ufe0f Zabaw\u00adne i aktyw\u00adne gry gru\u00adpo\u00adwe \ud83c\udfa8 Kre\u00adatyw\u00adne warsz\u00adta\u00adty \ud83d\ude8c Ekscytuj\u0105ce\u2026<\/p>\n","category_list_v2":"","author_info_v2":{"name":"Andrea Ramirez","url":"https:\/\/www.anika-net.de\/pl\/author\/andrea-ramirez\/"},"comments_num_v2":"0 comments","uagb_featured_image_src":{"full":["https:\/\/www.anika-net.de\/wp-content\/uploads\/2025\/07\/AdobeStock_293327591-scaled.jpeg",2560,1707,false],"thumbnail":["https:\/\/www.anika-net.de\/wp-content\/uploads\/2025\/07\/AdobeStock_293327591-150x150.jpeg",150,150,true],"medium":["https:\/\/www.anika-net.de\/wp-content\/uploads\/2025\/07\/AdobeStock_293327591-300x200.jpeg",300,200,true],"medium_large":["https:\/\/www.anika-net.de\/wp-content\/uploads\/2025\/07\/AdobeStock_293327591-768x512.jpeg",640,427,true],"large":["https:\/\/www.anika-net.de\/wp-content\/uploads\/2025\/07\/AdobeStock_293327591-1024x683.jpeg",640,427,true],"1536x1536":["https:\/\/www.anika-net.de\/wp-content\/uploads\/2025\/07\/AdobeStock_293327591-1536x1024.jpeg",1536,1024,true],"2048x2048":["https:\/\/www.anika-net.de\/wp-content\/uploads\/2025\/07\/AdobeStock_293327591-2048x1365.jpeg",2048,1365,true],"event-overview":["https:\/\/www.anika-net.de\/wp-content\/uploads\/2025\/07\/AdobeStock_293327591-960x640.jpeg",960,640,true],"event-archive-thumb":["https:\/\/www.anika-net.de\/wp-content\/uploads\/2025\/07\/AdobeStock_293327591-480x320.jpeg",480,320,true],"grid-item-thumbnail":["https:\/\/www.anika-net.de\/wp-content\/uploads\/2025\/07\/AdobeStock_293327591-360x200.jpeg",360,200,true],"network-partner-icon":["https:\/\/www.anika-net.de\/wp-content\/uploads\/2025\/07\/AdobeStock_293327591-100x100.jpeg",100,100,true],"organiser-icon":["https:\/\/www.anika-net.de\/wp-content\/uploads\/2025\/07\/AdobeStock_293327591-200x200.jpeg",200,200,true],"gform-image-choice-sm":["https:\/\/www.anika-net.de\/wp-content\/uploads\/2025\/07\/AdobeStock_293327591-scaled.jpeg",300,200,false],"gform-image-choice-md":["https:\/\/www.anika-net.de\/wp-content\/uploads\/2025\/07\/AdobeStock_293327591-scaled.jpeg",400,267,false],"gform-image-choice-lg":["https:\/\/www.anika-net.de\/wp-content\/uploads\/2025\/07\/AdobeStock_293327591-scaled.jpeg",600,400,false]},"uagb_author_info":{"display_name":"Andrea Ramirez","author_link":"https:\/\/www.anika-net.de\/pl\/author\/andrea-ramirez\/"},"uagb_comment_info":0,"uagb_excerpt":"Coty\u00adgo\u00addnio\u00adwy pro\u00adgram dla dzie\u00adci miesz\u00adka\u00adj\u0105\u00adcych w domach dla uchod\u017ac\u00f3w Stadt\u00adpi\u00adra\u00adten Karls\u00adru\u00adhe \u2014 Zaba\u00adwa, przy\u00adna\u00adle\u017c\u00adno\u015b\u0107 i wspar\u00adcie dla dzieci Stadt\u00adpi\u00adra\u00adten Karls\u00adru\u00adhe to pro\u00adjekt pro\u00adwa\u00addzo\u00adny przez wolon\u00adta\u00adriu\u00adszy, kt\u00f3\u00adry przy\u00adno\u00adsi rado\u015b\u0107, kre\u00adatyw\u00adno\u015b\u0107 i&nbsp;czytaj wi\u0119cej","_links":{"self":[{"href":"https:\/\/www.anika-net.de\/pl\/wp-json\/wp\/v2\/event\/63329","targetHints":{"allow":["GET"]}}],"collection":[{"href":"https:\/\/www.anika-net.de\/pl\/wp-json\/wp\/v2\/event"}],"about":[{"href":"https:\/\/www.anika-net.de\/pl\/wp-json\/wp\/v2\/types\/event"}],"author":[{"embeddable":true,"href":"https:\/\/www.anika-net.de\/pl\/wp-json\/wp\/v2\/users\/12"}],"version-history":[{"count":1,"href":"https:\/\/www.anika-net.de\/pl\/wp-json\/wp\/v2\/event\/63329\/revisions"}],"predecessor-version":[{"id":63330,"href":"https:\/\/www.anika-net.de\/pl\/wp-json\/wp\/v2\/event\/63329\/revisions\/63330"}],"acf:post":[{"embeddable":true,"href":"https:\/\/www.anika-net.de\/pl\/wp-json\/wp\/v2\/organiser\/6810"}],"acf:term":[{"embeddable":true,"taxonomy":"event_category","href":"https:\/\/www.anika-net.de\/pl\/wp-json\/wp\/v2\/event_category\/185"}],"wp:featuredmedia":[{"embeddable":true,"href":"https:\/\/www.anika-net.de\/pl\/wp-json\/wp\/v2\/media\/63296"}],"wp:attachment":[{"href":"https:\/\/www.anika-net.de\/pl\/wp-json\/wp\/v2\/media?parent=63329"}],"curies":[{"name":"wp","href":"https:\/\/api.w.org\/{rel}","templated":true}]}}

<h4 class="wp-block-heading"><span style="color: #9084a7;" class="stk-highlight">Coty­go­dnio­wy pro­gram dla dzie­ci miesz­ka­ją­cych w domach dla uchodźców</span></h4>

<h1 class="wp-block-heading"><span style="color: #fcb900;" class="stk-highlight">Stadt­pi­ra­ten Karls­ru­he</span> — <span style="color: #828080;" class="stk-highlight"><em>Zaba­wa, przy­na­leż­ność i wspar­cie dla dzieci</em></span></h1>

<p><strong>Stadt­pi­ra­ten Karls­ru­he</strong> to pro­jekt pro­wa­dzo­ny przez wolon­ta­riu­szy, któ­ry przy­no­si <strong>radość, kre­atyw­ność i więź</strong> dzie­ciom z rodzin uchodź­ców prze­by­wa­ją­cych obec­nie w <strong>ośrod­ku dla</strong> uchodź­ców <strong>(LEA)</strong> w Karlsruhe.</p>

<h3 class="wp-block-heading">Czym się zajmujemy</h3>

<p>Wie­le rodzin, z któ­ry­mi współ­pra­cu­je­my, stoi w obli­czu nie­pew­nej przy­szło­ści w Niem­czech. Dzie­ci czę­sto żyją w sta­nie “pomię­dzy” — pomię­dzy swo­imi prze­szły­mi doświad­cze­nia­mi a nie­ja­sną ścież­ką na przy­szłość. Naszą misją jest stwo­rze­nie prze­strze­ni, w któ­rej <strong>znów mogą być dzieć­mi</strong>.  </p>

<p>Co tydzień organizujemy:</p>

<ul class="wp-block-list">
<li>🤸‍♂️ Zabaw­ne i aktyw­ne gry grupowe</li>



<li>🎨 Kre­atyw­ne warsztaty</li>



<li>🚌 Eks­cy­tu­ją­ce wyciecz­ki (pie­cze­nie, wizy­ty w zoo, jaz­da na łyż­wach, wspi­nacz­ka i&nbsp;inne)</li>
</ul>

<h3 class="wp-block-heading">Chcesz się zaangażować?</h3>

<p>Nie­za­leż­nie od tego, czy chcesz <strong>zostać wolon­ta­riu­szem</strong>, zadać pyta­nie, czy dowie­dzieć się wię­cej o naszym pro­gra­mie — chcie­li­by­śmy usły­szeć od Ciebie!</p>

<p>📧 <strong><a>stadtpiraten@fluechtlingshilfe-karlsruhe.de</a></strong></p>

<p></p>

Flüchtlingshilfe Karlsruhe e.V.

<p>Coty­go­dnio­wy pro­gram dla dzie­ci miesz­ka­ją­cych w domach dla uchodź­ców Stadt­pi­ra­ten Karls­ru­he — Zaba­wa, przy­na­leż­ność i wspar­cie dla dzie­ci Stadt­pi­ra­ten Karls­ru­he to pro­jekt pro­wa­dzo­ny przez wolon­ta­riu­szy, któ­ry przy­no­si radość, kre­atyw­ność i więź dzie­ciom z rodzin uchodź­ców prze­by­wa­ją­cych obec­nie w ośrod­ku dla uchodź­ców (LEA) w Karls­ru­he. Czym się zaj­mu­je­my Wie­le rodzin, z któ­ry­mi współ­pra­cu­je­my, stoi w obli­czu nie­pew­nej przy­szło­ści w Niem­czech. Dzie­ci czę­sto żyją w sta­nie “pomię­dzy” — pomię­dzy swo­imi prze­szły­mi doświad­cze­nia­mi a nie­ja­sną ścież­ką na przy­szłość. Naszą misją jest stwo­rze­nie prze­strze­ni, w któ­rej znów mogą być dzieć­mi. Co tydzień orga­ni­zu­je­my: 🤸‍♂️ Zabaw­ne i aktyw­ne gry gru­po­we 🎨 Kre­atyw­ne warsz­ta­ty 🚌 Ekscytujące…</p>

Coty­go­dnio­wy pro­gram dla dzie­ci miesz­ka­ją­cych w domach dla uchodźców Stadt­pi­ra­ten Karls­ru­he — Zaba­wa, przy­na­leż­ność i wspar­cie dla dzieci Stadt­pi­ra­ten Karls­ru­he to pro­jekt pro­wa­dzo­ny przez wolon­ta­riu­szy, któ­ry przy­no­si radość, kre­atyw­ność i&nbsp;czytaj więcej
