{"id":62787,"date":"2025-06-23T14:29:08","date_gmt":"2025-06-23T12:29:08","guid":{"rendered":"https:\/\/www.anika-net.de\/event\/indyjska-kuchnia-wegetarianska-w-ibz\/"},"modified":"2025-06-23T14:29:08","modified_gmt":"2025-06-23T12:29:08","slug":"indyjska-kuchnia-wegetarianska-w-ibz","status":"publish","type":"event","link":"https:\/\/www.anika-net.de\/pl\/event\/indyjska-kuchnia-wegetarianska-w-ibz\/","title":{"rendered":"Indyj\u00adska kuch\u00adnia wege\u00adta\u00adria\u0144\u00adska w&nbsp;ibz"},"content":{"rendered":"<blockquote>\n<h3><em><span style=\"color: #800080;\"><strong>Sri\u00adma Rau<\/strong><\/span> <span style=\"color: #666699;\">poka\u00adzu\u00adje kuch\u00adni\u0119 indyj\u00adsk\u0105 w ca\u0142ej jej r\u00f3\u017cnorodno\u015bci.<\/span><\/em><\/h3>\n<\/blockquote>\n<h1><span style=\"color: #333399;\">Indyj\u00adska kuch\u00adnia wegetaria\u0144ska<\/span><\/h1>\n<p>S\u0142od\u00adko-kwa\u00ad\u015bne chut\u00adneye, cur\u00adry czy indyj\u00adski chleb \u2014 kuch\u00adnia indyj\u00adska cha\u00adrak\u00adte\u00adry\u00adzu\u00adje si\u0119 wyko\u00adrzy\u00adsta\u00adniem sze\u00adro\u00adkiej gamy przy\u00adpraw i zi\u00f3\u0142. Przy\u00adgo\u00adto\u00adwy\u00adwa\u00adne s\u0105 zar\u00f3w\u00adno dania wege\u00adta\u00adria\u0144\u00adskie, jak i mi\u0119sne.&nbsp;<\/p>\n<p>Ciesz si\u0119 sztu\u00adk\u0105 kuch\u00adni indyj\u00adskiej i daj si\u0119 ocza\u00adro\u00adwa\u0107 odro\u00adbi\u00adn\u0105 egzotyki.<\/p>\n<p><strong>Wk\u0142ad w wydat\u00adki:<\/strong> <span style=\"color: #008080;\">17 \u20ac na arty\u00adku\u00ad\u0142y spo\u017cywcze<\/span><br>\n<strong>Reje\u00adstra\u00adcja na stro\u00adnie<\/strong> info@ibz-karlsruhe.de<\/p>\n","protected":false},"author":12,"featured_media":55474,"template":"","class_list":["post-62787","event","type-event","status-publish","has-post-thumbnail","hentry","event_category-rekreacja"],"acf":{"event-recurring":false,"event-category":184,"event-is-language-course":false,"event-recurring-still-active":true,"event-display-details":true,"event-schedules-recurring":null,"event-schedules-calendar":[{"event-calendar-day":"20250719","event-calendar-time":"21:30","event-calendar-time-text":""}],"event-is-online":false,"event-online-url":"","event-location-building":"ibz","event-location-street":"Kaiserallee 12d","event-location-zip":"76133","event-location-city":"Karlsruhe","event-location-contact-person":"","event-location-phone":"0721\/ 89 33 37 10","event-location-phone-2":"","event-location-mail":"info@ibz-karlsruhe.de","event-location-mail-2":"","event-location-website":"https:\/\/www.ibz-karlsruhe.de\/events\/in-der-reihe-essen-verbindet-indisch-vegetarisch-kochen\/","event-target-group":[{"target-group":"all"}],"event-target-group-comment":"","event-free":false,"event-organiser":[6704],"event-header-copyright-overlay":true,"event-copyright-note-description-end":false},"featured_image_urls_v2":{"full":["https:\/\/www.anika-net.de\/wp-content\/uploads\/2024\/11\/Indisch-kochen-scaled.jpg",2560,1707,false],"thumbnail":["https:\/\/www.anika-net.de\/wp-content\/uploads\/2024\/11\/Indisch-kochen-150x150.jpg",150,150,true],"medium":["https:\/\/www.anika-net.de\/wp-content\/uploads\/2024\/11\/Indisch-kochen-300x200.jpg",300,200,true],"medium_large":["https:\/\/www.anika-net.de\/wp-content\/uploads\/2024\/11\/Indisch-kochen-768x512.jpg",640,427,true],"large":["https:\/\/www.anika-net.de\/wp-content\/uploads\/2024\/11\/Indisch-kochen-1024x683.jpg",640,427,true],"1536x1536":["https:\/\/www.anika-net.de\/wp-content\/uploads\/2024\/11\/Indisch-kochen-1536x1024.jpg",1536,1024,true],"2048x2048":["https:\/\/www.anika-net.de\/wp-content\/uploads\/2024\/11\/Indisch-kochen-2048x1365.jpg",2048,1365,true],"event-overview":["https:\/\/www.anika-net.de\/wp-content\/uploads\/2024\/11\/Indisch-kochen-960x640.jpg",960,640,true],"event-archive-thumb":["https:\/\/www.anika-net.de\/wp-content\/uploads\/2024\/11\/Indisch-kochen-480x320.jpg",480,320,true],"grid-item-thumbnail":["https:\/\/www.anika-net.de\/wp-content\/uploads\/2024\/11\/Indisch-kochen-360x200.jpg",360,200,true],"network-partner-icon":["https:\/\/www.anika-net.de\/wp-content\/uploads\/2024\/11\/Indisch-kochen-100x100.jpg",100,100,true],"organiser-icon":["https:\/\/www.anika-net.de\/wp-content\/uploads\/2024\/11\/Indisch-kochen-200x200.jpg",200,200,true],"gform-image-choice-sm":["https:\/\/www.anika-net.de\/wp-content\/uploads\/2024\/11\/Indisch-kochen-scaled.jpg",300,200,false],"gform-image-choice-md":["https:\/\/www.anika-net.de\/wp-content\/uploads\/2024\/11\/Indisch-kochen-scaled.jpg",400,267,false],"gform-image-choice-lg":["https:\/\/www.anika-net.de\/wp-content\/uploads\/2024\/11\/Indisch-kochen-scaled.jpg",600,400,false]},"post_excerpt_stackable_v2":"<p>Sri\u00adma Rau poka\u00adzu\u00adje kuch\u00adni\u0119 indyj\u00adsk\u0105 w ca\u0142ej jej r\u00f3\u017c\u00adno\u00adrod\u00adno\u00ad\u015bci. Indyj\u00adska kuch\u00adnia wege\u00adta\u00adria\u0144\u00adska S\u0142o\u00add\u00adko-kwa\u00ad\u00ad\u015bne chut\u00adneye, cur\u00adry czy indyj\u00adski chleb \u2014 kuch\u00adnia indyj\u00adska cha\u00adrak\u00adte\u00adry\u00adzu\u00adje si\u0119 wyko\u00adrzy\u00adsta\u00adniem sze\u00adro\u00adkiej gamy przy\u00adpraw i zi\u00f3\u0142. Przy\u00adgo\u00adto\u00adwy\u00adwa\u00adne s\u0105 zar\u00f3w\u00adno dania wege\u00adta\u00adria\u0144\u00adskie, jak i mi\u0119\u00adsne.&nbsp; Ciesz si\u0119 sztu\u00adk\u0105 kuch\u00adni indyj\u00adskiej i daj si\u0119 ocza\u00adro\u00adwa\u0107 odro\u00adbi\u00adn\u0105 egzo\u00adty\u00adki. Wk\u0142ad w wydat\u00adki: 17 \u20ac na arty\u00adku\u00ad\u0142y spo\u00ad\u017cyw\u00adcze Reje\u00adstra\u00adcja na stro\u00adnie info@ibz-karlsruhe.de<\/p>\n","category_list_v2":"","author_info_v2":{"name":"Andrea Ramirez","url":"https:\/\/www.anika-net.de\/pl\/author\/andrea-ramirez\/"},"comments_num_v2":"0 comments","uagb_featured_image_src":{"full":["https:\/\/www.anika-net.de\/wp-content\/uploads\/2024\/11\/Indisch-kochen-scaled.jpg",2560,1707,false],"thumbnail":["https:\/\/www.anika-net.de\/wp-content\/uploads\/2024\/11\/Indisch-kochen-150x150.jpg",150,150,true],"medium":["https:\/\/www.anika-net.de\/wp-content\/uploads\/2024\/11\/Indisch-kochen-300x200.jpg",300,200,true],"medium_large":["https:\/\/www.anika-net.de\/wp-content\/uploads\/2024\/11\/Indisch-kochen-768x512.jpg",640,427,true],"large":["https:\/\/www.anika-net.de\/wp-content\/uploads\/2024\/11\/Indisch-kochen-1024x683.jpg",640,427,true],"1536x1536":["https:\/\/www.anika-net.de\/wp-content\/uploads\/2024\/11\/Indisch-kochen-1536x1024.jpg",1536,1024,true],"2048x2048":["https:\/\/www.anika-net.de\/wp-content\/uploads\/2024\/11\/Indisch-kochen-2048x1365.jpg",2048,1365,true],"event-overview":["https:\/\/www.anika-net.de\/wp-content\/uploads\/2024\/11\/Indisch-kochen-960x640.jpg",960,640,true],"event-archive-thumb":["https:\/\/www.anika-net.de\/wp-content\/uploads\/2024\/11\/Indisch-kochen-480x320.jpg",480,320,true],"grid-item-thumbnail":["https:\/\/www.anika-net.de\/wp-content\/uploads\/2024\/11\/Indisch-kochen-360x200.jpg",360,200,true],"network-partner-icon":["https:\/\/www.anika-net.de\/wp-content\/uploads\/2024\/11\/Indisch-kochen-100x100.jpg",100,100,true],"organiser-icon":["https:\/\/www.anika-net.de\/wp-content\/uploads\/2024\/11\/Indisch-kochen-200x200.jpg",200,200,true],"gform-image-choice-sm":["https:\/\/www.anika-net.de\/wp-content\/uploads\/2024\/11\/Indisch-kochen-scaled.jpg",300,200,false],"gform-image-choice-md":["https:\/\/www.anika-net.de\/wp-content\/uploads\/2024\/11\/Indisch-kochen-scaled.jpg",400,267,false],"gform-image-choice-lg":["https:\/\/www.anika-net.de\/wp-content\/uploads\/2024\/11\/Indisch-kochen-scaled.jpg",600,400,false]},"uagb_author_info":{"display_name":"Andrea Ramirez","author_link":"https:\/\/www.anika-net.de\/pl\/author\/andrea-ramirez\/"},"uagb_comment_info":0,"uagb_excerpt":"Sri\u00adma Rau poka\u00adzu\u00adje kuch\u00adni\u0119 indyj\u00adsk\u0105 w ca\u0142ej jej r\u00f3\u017cnorodno\u015bci. Indyj\u00adska kuch\u00adnia wegetaria\u0144ska S\u0142od\u00adko-kwa\u00ad\u015bne chut\u00adneye, cur\u00adry czy indyj\u00adski chleb \u2014 kuch\u00adnia indyj\u00adska cha\u00adrak\u00adte\u00adry\u00adzu\u00adje si\u0119 wyko\u00adrzy\u00adsta\u00adniem sze\u00adro\u00adkiej gamy przy\u00adpraw i zi\u00f3\u0142. Przy\u00adgo\u00adto\u00adwy\u00adwa\u00adne&nbsp;czytaj wi\u0119cej","_links":{"self":[{"href":"https:\/\/www.anika-net.de\/pl\/wp-json\/wp\/v2\/event\/62787","targetHints":{"allow":["GET"]}}],"collection":[{"href":"https:\/\/www.anika-net.de\/pl\/wp-json\/wp\/v2\/event"}],"about":[{"href":"https:\/\/www.anika-net.de\/pl\/wp-json\/wp\/v2\/types\/event"}],"author":[{"embeddable":true,"href":"https:\/\/www.anika-net.de\/pl\/wp-json\/wp\/v2\/users\/12"}],"version-history":[{"count":0,"href":"https:\/\/www.anika-net.de\/pl\/wp-json\/wp\/v2\/event\/62787\/revisions"}],"acf:post":[{"embeddable":true,"href":"https:\/\/www.anika-net.de\/pl\/wp-json\/wp\/v2\/organiser\/6704"}],"acf:term":[{"embeddable":true,"taxonomy":"event_category","href":"https:\/\/www.anika-net.de\/pl\/wp-json\/wp\/v2\/event_category\/184"}],"wp:featuredmedia":[{"embeddable":true,"href":"https:\/\/www.anika-net.de\/pl\/wp-json\/wp\/v2\/media\/55474"}],"wp:attachment":[{"href":"https:\/\/www.anika-net.de\/pl\/wp-json\/wp\/v2\/media?parent=62787"}],"curies":[{"name":"wp","href":"https:\/\/api.w.org\/{rel}","templated":true}]}}

Indyj­ska kuch­nia wege­ta­riań­ska w&nbsp;ibz

<blockquote>
<h3><em><span style="color: #800080;"><strong>Sri­ma Rau</strong></span> <span style="color: #666699;">poka­zu­je kuch­nię indyj­ską w całej jej różnorodności.</span></em></h3>
</blockquote>
<h1><span style="color: #333399;">Indyj­ska kuch­nia wegetariańska</span></h1>
<p>Słod­ko-kwa­śne chut­neye, cur­ry czy indyj­ski chleb — kuch­nia indyj­ska cha­rak­te­ry­zu­je się wyko­rzy­sta­niem sze­ro­kiej gamy przy­praw i ziół. Przy­go­to­wy­wa­ne są zarów­no dania wege­ta­riań­skie, jak i mięsne.&nbsp;</p>
<p>Ciesz się sztu­ką kuch­ni indyj­skiej i daj się ocza­ro­wać odro­bi­ną egzotyki.</p>
<p><strong>Wkład w wydat­ki:</strong> <span style="color: #008080;">17 € na arty­ku­ły spożywcze</span><br>
<strong>Reje­stra­cja na stro­nie</strong> info@ibz-karlsruhe.de</p>

<p>Sri­ma Rau poka­zu­je kuch­nię indyj­ską w całej jej róż­no­rod­no­ści. Indyj­ska kuch­nia wege­ta­riań­ska Sło­d­ko-kwa­­śne chut­neye, cur­ry czy indyj­ski chleb — kuch­nia indyj­ska cha­rak­te­ry­zu­je się wyko­rzy­sta­niem sze­ro­kiej gamy przy­praw i ziół. Przy­go­to­wy­wa­ne są zarów­no dania wege­ta­riań­skie, jak i mię­sne.&nbsp; Ciesz się sztu­ką kuch­ni indyj­skiej i daj się ocza­ro­wać odro­bi­ną egzo­ty­ki. Wkład w wydat­ki: 17 € na arty­ku­ły spo­żyw­cze Reje­stra­cja na stro­nie info@ibz-karlsruhe.de</p>

Sri­ma Rau poka­zu­je kuch­nię indyj­ską w całej jej różnorodności. Indyj­ska kuch­nia wegetariańska Słod­ko-kwa­śne chut­neye, cur­ry czy indyj­ski chleb — kuch­nia indyj­ska cha­rak­te­ry­zu­je się wyko­rzy­sta­niem sze­ro­kiej gamy przy­praw i ziół. Przy­go­to­wy­wa­ne&nbsp;czytaj więcej
