{"id":62168,"date":"2025-06-10T11:35:32","date_gmt":"2025-06-10T09:35:32","guid":{"rendered":"https:\/\/www.anika-net.de\/event\/przyjdz-i-grillujmy-razem\/"},"modified":"2026-02-12T11:49:23","modified_gmt":"2026-02-12T10:49:23","slug":"przyjdz-i-grillujmy-razem","status":"publish","type":"event","link":"https:\/\/www.anika-net.de\/pl\/event\/przyjdz-i-grillujmy-razem\/","title":{"rendered":"Gotuj\u00admy! Wege\u00adta\u00adria\u0144\u00adski bufet z potrawami"},"content":{"rendered":"<h3><span style=\"color: #666699;\">\u00dcber den Tel\u00adler\u00adrand Karlsruhe<\/span><\/h3>\n<h1><span style=\"color: #333399;\">Gotuj\u00admy! Wege\u00adta\u00adria\u0144\u00adski bufet z potrawami&nbsp;<\/span><\/h1>\n<div>\n<div>\n<div class=\"elementToProof\">Tym razem chcie\u00adli\u00adby\u00ad\u015bmy <b>wsp\u00f3l\u00adnie<\/b> zor\u00adga\u00adni\u00adzo\u00adwa\u0107 wege\u00adta\u00adria\u0144\u00adski bufet potluck!<\/div>\n<div class=\"elementToProof\"> <\/div>\n<div class=\"elementToProof\">Ty wymy\u00ad\u015blasz wege\u00adta\u00adria\u0144\u00adski prze\u00adpis, przy\u00adno\u00adsisz sk\u0142ad\u00adni\u00adki, a my gotu\u00adje\u00admy razem na miejscu.&nbsp;<\/div>\n<div class=\"elementToProof\"> <\/div>\n<div class=\"elementToProof\">Tym razem spo\u00adtka\u00admy si\u0119 <b>7 mar\u00adca 2026 r. o godz. 16:00 <\/b>w domu kul\u00adtu\u00adry Ko\u015bcio\u00ad\u0142a Ewan\u00adge\u00adlic\u00adkie\u00adgo Lukas, Hagenstr. 7, Karls\u00adru\u00adhe-West. Do tego cza\u00adsu b\u0119dzie\u00admy w muzu\u0142\u00adma\u0144\u00adskim mie\u00adsi\u0105\u00adcu postu Rama\u00addan i b\u0119dzie\u00admy je\u015b\u0107 punk\u00adtu\u00adal\u00adnie o 18:20.  <\/div>\n<\/div>\n<\/div>\n\n<p><strong>Pro\u00adsi\u00admy o reje\u00adstra\u00adcj\u0119 do 4 mar\u00adca<\/strong>. <strong>Im szyb\u00adciej, tym lepiej dla pla\u00adno\u00adwa\u00adnia!<\/strong> Mo\u017cesz zare\u00adje\u00adstro\u00adwa\u0107 si\u0119 przez e\u2011mail i\/lub do\u0142\u0105\u00adcza\u00adj\u0105c do tej <strong><a href=\"https:\/\/chat.whatsapp.com\/CwrvlDUK6scJ6D4P44eYYL?mode=gi_t\" rel=\"noopener\">gru\u00adpy WhatsApp<\/a><\/strong><\/p>\n\n<p><strong>Chcie\u00adli\u00adby\u00ad\u015bmy <\/strong>unik\u00adn\u0105\u0107 mar\u00adno\u00adwa\u00adnia jedze\u00adnia lub nie\u00adwy\u00adstar\u00adcza\u00adj\u0105\u00adcej ilo\u00ad\u015bci dla wszyst\u00adkich.<strong><br>Pro\u00adsi\u00admy o poin\u00adfor\u00admo\u00adwa\u00adnie nas, je\u015bli nie mo\u017cesz tego zro\u00adbi\u0107<\/strong>.<\/p>\n\n<h4 class=\"wp-block-heading\">Cze\u00adka\u00admy na Ciebie!<\/h4>\n\n<p><em><span style=\"color: #6c6b6b;\" class=\"stk-highlight\">W \u00dcber den Tel\u00adler\u00adrand two\u00adrzy\u00admy prze\u00adstrze\u00adnie, w kt\u00f3\u00adrych ludzie z r\u00f3\u017c\u00adnych \u015bro\u00addo\u00adwisk mog\u0105 \u0142\u0105czy\u0107 si\u0119 na r\u00f3w\u00adnych warun\u00adkach i budo\u00adwa\u0107 przy\u00adja\u017a\u00adnie. Naszym celem jest budo\u00adwa\u00adnie most\u00f3w mi\u0119\u00addzy kul\u00adtu\u00adra\u00admi poprzez wsp\u00f3l\u00adne goto\u00adwa\u00adnie i jedzenie.&nbsp;<\/span><\/em><\/p>\n","protected":false},"author":12,"featured_media":119209,"template":"","class_list":["post-62168","event","type-event","status-publish","has-post-thumbnail","hentry","event_category-rekreacja"],"acf":{"event-recurring":false,"event-category":184,"event-is-language-course":false,"event-recurring-still-active":true,"event-display-details":true,"event-schedules-recurring":null,"event-schedules-calendar":[{"event-calendar-day":"20260307","event-calendar-time":"16:00","event-calendar-time-text":"Ostateczny termin rejestracji"}],"event-is-online":false,"event-online-url":"","event-location-building":"Gemeindezentrum der evangelischen Lukas-Gemeinde","event-location-street":"Hagenstr. 7","event-location-zip":"76185","event-location-city":"Karlsruhe ","event-location-contact-person":"","event-location-phone":"","event-location-phone-2":"","event-location-mail":"karlsruhe@ueberdentellerrand.org","event-location-mail-2":"","event-location-website":"https:\/\/ueberdentellerrand.org\/satelliten\/karlsruhe\/","event-target-group":[{"target-group":"all"}],"event-target-group-comment":"","event-free":true,"event-organiser":[8656],"event-header-copyright-overlay":true,"event-copyright-note-description-end":false},"featured_image_urls_v2":{"full":["https:\/\/www.anika-net.de\/wp-content\/uploads\/2025\/05\/vegetarische-Buffet-scaled-e1770892651213.jpg",2560,1707,false],"thumbnail":["https:\/\/www.anika-net.de\/wp-content\/uploads\/2025\/05\/vegetarische-Buffet-150x150.jpg",150,150,true],"medium":["https:\/\/www.anika-net.de\/wp-content\/uploads\/2025\/05\/vegetarische-Buffet-300x200.jpg",300,200,true],"medium_large":["https:\/\/www.anika-net.de\/wp-content\/uploads\/2025\/05\/vegetarische-Buffet-768x512.jpg",640,427,true],"large":["https:\/\/www.anika-net.de\/wp-content\/uploads\/2025\/05\/vegetarische-Buffet-1024x683.jpg",640,427,true],"1536x1536":["https:\/\/www.anika-net.de\/wp-content\/uploads\/2025\/05\/vegetarische-Buffet-1536x1024.jpg",1536,1024,true],"2048x2048":["https:\/\/www.anika-net.de\/wp-content\/uploads\/2025\/05\/vegetarische-Buffet-2048x1365.jpg",2048,1365,true],"event-overview":["https:\/\/www.anika-net.de\/wp-content\/uploads\/2025\/05\/vegetarische-Buffet-960x640.jpg",960,640,true],"event-archive-thumb":["https:\/\/www.anika-net.de\/wp-content\/uploads\/2025\/05\/vegetarische-Buffet-480x320.jpg",480,320,true],"grid-item-thumbnail":["https:\/\/www.anika-net.de\/wp-content\/uploads\/2025\/05\/vegetarische-Buffet-360x200.jpg",360,200,true],"network-partner-icon":["https:\/\/www.anika-net.de\/wp-content\/uploads\/2025\/05\/vegetarische-Buffet-100x100.jpg",100,100,true],"organiser-icon":["https:\/\/www.anika-net.de\/wp-content\/uploads\/2025\/05\/vegetarische-Buffet-200x200.jpg",200,200,true],"gform-image-choice-sm":["https:\/\/www.anika-net.de\/wp-content\/uploads\/2025\/05\/vegetarische-Buffet-scaled-e1770892651213.jpg",300,200,false],"gform-image-choice-md":["https:\/\/www.anika-net.de\/wp-content\/uploads\/2025\/05\/vegetarische-Buffet-scaled-e1770892651213.jpg",400,267,false],"gform-image-choice-lg":["https:\/\/www.anika-net.de\/wp-content\/uploads\/2025\/05\/vegetarische-Buffet-scaled-e1770892651213.jpg",600,400,false]},"post_excerpt_stackable_v2":"<p>\u00dcber den Tel\u00adler\u00adrand Karls\u00adru\u00adhe Gotuj\u00admy! Wege\u00adta\u00adria\u0144\u00adski bufet z potra\u00adwa\u00admi&nbsp; Tym razem chcie\u00adli\u00adby\u00ad\u015bmy wsp\u00f3l\u00adnie zor\u00adga\u00adni\u00adzo\u00adwa\u0107 wege\u00adta\u00adria\u0144\u00adski bufet potluck! Ty wymy\u00ad\u015blasz wege\u00adta\u00adria\u0144\u00adski prze\u00adpis, przy\u00adno\u00adsisz sk\u0142ad\u00adni\u00adki, a my gotu\u00adje\u00admy razem na miej\u00adscu.&nbsp; Tym razem spo\u00adtka\u00admy si\u0119 7 mar\u00adca 2026 r. o godz. 16:00 w domu kul\u00adtu\u00adry Ko\u015bcio\u00ad\u0142a Ewan\u00adge\u00adlic\u00adkie\u00adgo Lukas, Hagenstr. 7, Karl\u00ads\u00adru\u00ad\u00adhe-West. Do tego cza\u00adsu b\u0119dzie\u00admy w muzu\u0142\u00adma\u0144\u00adskim mie\u00adsi\u0105\u00adcu postu Rama\u00addan i b\u0119dzie\u00admy je\u015b\u0107 punk\u00adtu\u00adal\u00adnie o 18:20. Pro\u00adsi\u00admy o reje\u00adstra\u00adcj\u0119 do 4 mar\u00adca. Im szyb\u00adciej, tym lepiej dla pla\u00adno\u00adwa\u00adnia! Mo\u017cesz zare\u00adje\u00adstro\u00adwa\u0107 si\u0119 przez e\u2011mail i\/lub do\u0142\u0105\u00adcza\u00adj\u0105c do tej gru\u00adpy What\u00adsApp Chcie\u00adli\u00adby\u00ad\u015bmy unik\u00adn\u0105\u0107 mar\u00adno\u00adwa\u00adnia jedze\u00adnia lub nie\u00adwy\u00adstar\u00adcza\u00adj\u0105\u00adcej ilo\u00ad\u015bci dla wszyst\u00adkich.Pro\u00adsi\u00admy o poin\u00adfor\u00admo\u00adwa\u00adnie nas,&nbsp;je\u015bli\u2026<\/p>\n","category_list_v2":"","author_info_v2":{"name":"Andrea Ramirez","url":"https:\/\/www.anika-net.de\/pl\/author\/andrea-ramirez\/"},"comments_num_v2":"0 comments","uagb_featured_image_src":{"full":["https:\/\/www.anika-net.de\/wp-content\/uploads\/2025\/05\/vegetarische-Buffet-scaled-e1770892651213.jpg",2560,1707,false],"thumbnail":["https:\/\/www.anika-net.de\/wp-content\/uploads\/2025\/05\/vegetarische-Buffet-150x150.jpg",150,150,true],"medium":["https:\/\/www.anika-net.de\/wp-content\/uploads\/2025\/05\/vegetarische-Buffet-300x200.jpg",300,200,true],"medium_large":["https:\/\/www.anika-net.de\/wp-content\/uploads\/2025\/05\/vegetarische-Buffet-768x512.jpg",640,427,true],"large":["https:\/\/www.anika-net.de\/wp-content\/uploads\/2025\/05\/vegetarische-Buffet-1024x683.jpg",640,427,true],"1536x1536":["https:\/\/www.anika-net.de\/wp-content\/uploads\/2025\/05\/vegetarische-Buffet-1536x1024.jpg",1536,1024,true],"2048x2048":["https:\/\/www.anika-net.de\/wp-content\/uploads\/2025\/05\/vegetarische-Buffet-2048x1365.jpg",2048,1365,true],"event-overview":["https:\/\/www.anika-net.de\/wp-content\/uploads\/2025\/05\/vegetarische-Buffet-960x640.jpg",960,640,true],"event-archive-thumb":["https:\/\/www.anika-net.de\/wp-content\/uploads\/2025\/05\/vegetarische-Buffet-480x320.jpg",480,320,true],"grid-item-thumbnail":["https:\/\/www.anika-net.de\/wp-content\/uploads\/2025\/05\/vegetarische-Buffet-360x200.jpg",360,200,true],"network-partner-icon":["https:\/\/www.anika-net.de\/wp-content\/uploads\/2025\/05\/vegetarische-Buffet-100x100.jpg",100,100,true],"organiser-icon":["https:\/\/www.anika-net.de\/wp-content\/uploads\/2025\/05\/vegetarische-Buffet-200x200.jpg",200,200,true],"gform-image-choice-sm":["https:\/\/www.anika-net.de\/wp-content\/uploads\/2025\/05\/vegetarische-Buffet-scaled-e1770892651213.jpg",300,200,false],"gform-image-choice-md":["https:\/\/www.anika-net.de\/wp-content\/uploads\/2025\/05\/vegetarische-Buffet-scaled-e1770892651213.jpg",400,267,false],"gform-image-choice-lg":["https:\/\/www.anika-net.de\/wp-content\/uploads\/2025\/05\/vegetarische-Buffet-scaled-e1770892651213.jpg",600,400,false]},"uagb_author_info":{"display_name":"Andrea Ramirez","author_link":"https:\/\/www.anika-net.de\/pl\/author\/andrea-ramirez\/"},"uagb_comment_info":0,"uagb_excerpt":"\u00dcber den Tel\u00adler\u00adrand Karlsruhe Gotuj\u00admy! Wege\u00adta\u00adria\u0144\u00adski bufet z potrawami&nbsp; Tym razem chcie\u00adli\u00adby\u00ad\u015bmy wsp\u00f3l\u00adnie zor\u00adga\u00adni\u00adzo\u00adwa\u0107 wege\u00adta\u00adria\u0144\u00adski bufet potluck! Ty wymy\u00ad\u015blasz wege\u00adta\u00adria\u0144\u00adski prze\u00adpis, przy\u00adno\u00adsisz sk\u0142ad\u00adni\u00adki, a my gotu\u00adje\u00admy razem na miejscu.&nbsp; Tym&nbsp;czytaj wi\u0119cej","_links":{"self":[{"href":"https:\/\/www.anika-net.de\/pl\/wp-json\/wp\/v2\/event\/62168","targetHints":{"allow":["GET"]}}],"collection":[{"href":"https:\/\/www.anika-net.de\/pl\/wp-json\/wp\/v2\/event"}],"about":[{"href":"https:\/\/www.anika-net.de\/pl\/wp-json\/wp\/v2\/types\/event"}],"author":[{"embeddable":true,"href":"https:\/\/www.anika-net.de\/pl\/wp-json\/wp\/v2\/users\/12"}],"version-history":[{"count":4,"href":"https:\/\/www.anika-net.de\/pl\/wp-json\/wp\/v2\/event\/62168\/revisions"}],"predecessor-version":[{"id":119228,"href":"https:\/\/www.anika-net.de\/pl\/wp-json\/wp\/v2\/event\/62168\/revisions\/119228"}],"acf:post":[{"embeddable":true,"href":"https:\/\/www.anika-net.de\/pl\/wp-json\/wp\/v2\/organiser\/8656"}],"acf:term":[{"embeddable":true,"taxonomy":"event_category","href":"https:\/\/www.anika-net.de\/pl\/wp-json\/wp\/v2\/event_category\/184"}],"wp:featuredmedia":[{"embeddable":true,"href":"https:\/\/www.anika-net.de\/pl\/wp-json\/wp\/v2\/media\/119209"}],"wp:attachment":[{"href":"https:\/\/www.anika-net.de\/pl\/wp-json\/wp\/v2\/media?parent=62168"}],"curies":[{"name":"wp","href":"https:\/\/api.w.org\/{rel}","templated":true}]}}

Gotuj­my! Wege­ta­riań­ski bufet z potrawami

<h3><span style="color: #666699;">Über den Tel­ler­rand Karlsruhe</span></h3>
<h1><span style="color: #333399;">Gotuj­my! Wege­ta­riań­ski bufet z potrawami&nbsp;</span></h1>
<div>
<div>
<div class="elementToProof">Tym razem chcie­li­by­śmy <b>wspól­nie</b> zor­ga­ni­zo­wać wege­ta­riań­ski bufet potluck!</div>
<div class="elementToProof"> </div>
<div class="elementToProof">Ty wymy­ślasz wege­ta­riań­ski prze­pis, przy­no­sisz skład­ni­ki, a my gotu­je­my razem na miejscu.&nbsp;</div>
<div class="elementToProof"> </div>
<div class="elementToProof">Tym razem spo­tka­my się <b>7 mar­ca 2026 r. o godz. 16:00 </b>w domu kul­tu­ry Kościo­ła Ewan­ge­lic­kie­go Lukas, Hagenstr. 7, Karls­ru­he-West. Do tego cza­su będzie­my w muzuł­mań­skim mie­sią­cu postu Rama­dan i będzie­my jeść punk­tu­al­nie o 18:20.  </div>
</div>
</div>

<p><strong>Pro­si­my o reje­stra­cję do 4 mar­ca</strong>. <strong>Im szyb­ciej, tym lepiej dla pla­no­wa­nia!</strong> Możesz zare­je­stro­wać się przez e‑mail i/lub dołą­cza­jąc do tej <strong><a href="https://chat.whatsapp.com/CwrvlDUK6scJ6D4P44eYYL?mode=gi_t" rel="noopener">gru­py WhatsApp</a></strong></p>

<p><strong>Chcie­li­by­śmy </strong>unik­nąć mar­no­wa­nia jedze­nia lub nie­wy­star­cza­ją­cej ilo­ści dla wszyst­kich.<strong><br>Pro­si­my o poin­for­mo­wa­nie nas, jeśli nie możesz tego zro­bić</strong>.</p>

<h4 class="wp-block-heading">Cze­ka­my na Ciebie!</h4>

<p><em><span style="color: #6c6b6b;" class="stk-highlight">W Über den Tel­ler­rand two­rzy­my prze­strze­nie, w któ­rych ludzie z róż­nych śro­do­wisk mogą łączyć się na rów­nych warun­kach i budo­wać przy­jaź­nie. Naszym celem jest budo­wa­nie mostów mię­dzy kul­tu­ra­mi poprzez wspól­ne goto­wa­nie i jedzenie.&nbsp;</span></em></p>

<p>Über den Tel­ler­rand Karls­ru­he Gotuj­my! Wege­ta­riań­ski bufet z potra­wa­mi&nbsp; Tym razem chcie­li­by­śmy wspól­nie zor­ga­ni­zo­wać wege­ta­riań­ski bufet potluck! Ty wymy­ślasz wege­ta­riań­ski prze­pis, przy­no­sisz skład­ni­ki, a my gotu­je­my razem na miej­scu.&nbsp; Tym razem spo­tka­my się 7 mar­ca 2026 r. o godz. 16:00 w domu kul­tu­ry Kościo­ła Ewan­ge­lic­kie­go Lukas, Hagenstr. 7, Karl­s­ru­­he-West. Do tego cza­su będzie­my w muzuł­mań­skim mie­sią­cu postu Rama­dan i będzie­my jeść punk­tu­al­nie o 18:20. Pro­si­my o reje­stra­cję do 4 mar­ca. Im szyb­ciej, tym lepiej dla pla­no­wa­nia! Możesz zare­je­stro­wać się przez e‑mail i/lub dołą­cza­jąc do tej gru­py What­sApp Chcie­li­by­śmy unik­nąć mar­no­wa­nia jedze­nia lub nie­wy­star­cza­ją­cej ilo­ści dla wszyst­kich.Pro­si­my o poin­for­mo­wa­nie nas,&nbsp;jeśli…</p>

Über den Tel­ler­rand Karlsruhe Gotuj­my! Wege­ta­riań­ski bufet z potrawami&nbsp; Tym razem chcie­li­by­śmy wspól­nie zor­ga­ni­zo­wać wege­ta­riań­ski bufet potluck! Ty wymy­ślasz wege­ta­riań­ski prze­pis, przy­no­sisz skład­ni­ki, a my gotu­je­my razem na miejscu.&nbsp; Tym&nbsp;czytaj więcej
