{"id":61558,"date":"2025-05-20T14:12:55","date_gmt":"2025-05-20T12:12:55","guid":{"rendered":"https:\/\/www.anika-net.de\/event\/warsztaty-rodziny-w-bibliotece-jutra\/"},"modified":"2025-05-20T14:12:55","modified_gmt":"2025-05-20T12:12:55","slug":"warsztaty-rodziny-w-bibliotece-jutra","status":"publish","type":"event","link":"https:\/\/www.anika-net.de\/pl\/event\/warsztaty-rodziny-w-bibliotece-jutra\/","title":{"rendered":"Warsz\u00adta\u00adty \u2014 Rodzi\u00adny w biblio\u00adte\u00adce&nbsp;jutra"},"content":{"rendered":"<h3><span style=\"color: #666699;\">Stadt\u00adbi\u00adblio\u00adthek Karlsruhe<\/span><\/h3>\n<h1><span style=\"color: #800080;\">Przy\u00adsz\u0142e warsz\u00adta\u00adty&nbsp;I:<\/span><br>\n<span style=\"color: #333399;\">\u201cMake it yours: Rodzi\u00adny w biblio\u00adte\u00adce&nbsp;jutra<\/span><\/h1>\n<p><strong>Czy masz dzieci?<\/strong><br>\nZapra\u00adsza\u00admy do wsp\u00f3l\u00adne\u00adgo my\u015ble\u00adnia o biblio\u00adte\u00adce&nbsp;jutra.<br>\nJeste\u00ad\u015bmy zain\u00adte\u00adre\u00adso\u00adwa\u00adni swo\u00adbod\u00adn\u0105 wymia\u00adn\u0105 i pomy\u00ads\u0142a\u00admi ze wszyst\u00adkich perspektyw.<\/p>\n<h4><strong><span style=\"color: #008080;\">Har\u00admo\u00adno\u00adgram dzien\u00adny<\/span> <\/strong><\/h4>\n<p>3 pm: Przy\u00adjazd z wycieczk\u0105<br>\n15:30: Warsztaty<br>\n18:00: Wymia\u00adna z przek\u0105skami<\/p>\n<p>\u270d\ud83c\udffc <span style=\"color: #800080;\"><strong>Reje\u00adstra\u00adcja przez tele\u00adfon lub e\u2011mail<\/strong> <\/span> <\/p>\n","protected":false},"author":12,"featured_media":61536,"template":"","class_list":["post-61558","event","type-event","status-publish","has-post-thumbnail","hentry","event_category-rekreacja"],"acf":{"event-recurring":false,"event-category":184,"event-is-language-course":false,"event-recurring-still-active":true,"event-display-details":true,"event-schedules-recurring":null,"event-schedules-calendar":[{"event-calendar-day":"20250705","event-calendar-time":"15:00","event-calendar-time-text":""}],"event-is-online":false,"event-online-url":"","event-location-building":" Stadtbibliothek in the new St\u00e4ndehaus","event-location-street":" St\u00e4ndehausstra\u00dfe 2","event-location-zip":"76133","event-location-city":"Karlsruhe","event-location-contact-person":"Franziska Wagne","event-location-phone":"0721 133-1212","event-location-phone-2":"","event-location-mail":"bme@afsta.karlsruhe.de","event-location-mail-2":"bibliothekspaedagogik@kultur.karlsruhe.de","event-location-website":"https:\/\/kalender.karlsruhe.de\/db\/termine\/literatur\/workshop_zukunftsworkshop_i_make_it","event-target-group":[{"target-group":"parents"}],"event-target-group-comment":"","event-free":true,"event-organiser":[50537],"event-header-copyright-overlay":true,"event-copyright-note-description-end":false},"featured_image_urls_v2":{"full":["https:\/\/www.anika-net.de\/wp-content\/uploads\/2025\/05\/Bibliothek.png",786,519,false],"thumbnail":["https:\/\/www.anika-net.de\/wp-content\/uploads\/2025\/05\/Bibliothek-150x150.png",150,150,true],"medium":["https:\/\/www.anika-net.de\/wp-content\/uploads\/2025\/05\/Bibliothek-300x198.png",300,198,true],"medium_large":["https:\/\/www.anika-net.de\/wp-content\/uploads\/2025\/05\/Bibliothek-768x507.png",640,423,true],"large":["https:\/\/www.anika-net.de\/wp-content\/uploads\/2025\/05\/Bibliothek.png",640,423,false],"1536x1536":["https:\/\/www.anika-net.de\/wp-content\/uploads\/2025\/05\/Bibliothek.png",786,519,false],"2048x2048":["https:\/\/www.anika-net.de\/wp-content\/uploads\/2025\/05\/Bibliothek.png",786,519,false],"event-overview":["https:\/\/www.anika-net.de\/wp-content\/uploads\/2025\/05\/Bibliothek.png",786,519,false],"event-archive-thumb":["https:\/\/www.anika-net.de\/wp-content\/uploads\/2025\/05\/Bibliothek-480x317.png",480,317,true],"grid-item-thumbnail":["https:\/\/www.anika-net.de\/wp-content\/uploads\/2025\/05\/Bibliothek-360x200.png",360,200,true],"network-partner-icon":["https:\/\/www.anika-net.de\/wp-content\/uploads\/2025\/05\/Bibliothek-100x100.png",100,100,true],"organiser-icon":["https:\/\/www.anika-net.de\/wp-content\/uploads\/2025\/05\/Bibliothek-200x200.png",200,200,true],"gform-image-choice-sm":["https:\/\/www.anika-net.de\/wp-content\/uploads\/2025\/05\/Bibliothek.png",300,198,false],"gform-image-choice-md":["https:\/\/www.anika-net.de\/wp-content\/uploads\/2025\/05\/Bibliothek.png",400,264,false],"gform-image-choice-lg":["https:\/\/www.anika-net.de\/wp-content\/uploads\/2025\/05\/Bibliothek.png",600,396,false]},"post_excerpt_stackable_v2":"<p>Stadt\u00adbi\u00adblio\u00adthek Karls\u00adru\u00adhe Przy\u00adsz\u0142e warsz\u00adta\u00adty&nbsp;I: \u201cMake it yours: Rodzi\u00adny w biblio\u00adte\u00adce&nbsp;jutra Czy masz dzie\u00adci? Zapra\u00adsza\u00admy do wsp\u00f3l\u00adne\u00adgo my\u015ble\u00adnia o biblio\u00adte\u00adce&nbsp;jutra. Jeste\u00ad\u015bmy zain\u00adte\u00adre\u00adso\u00adwa\u00adni swo\u00adbod\u00adn\u0105 wymia\u00adn\u0105 i pomy\u00ads\u0142a\u00admi ze wszyst\u00adkich per\u00adspek\u00adtyw. Har\u00admo\u00adno\u00adgram dzien\u00adny 3 pm: Przy\u00adjazd z wyciecz\u00adk\u0105 15:30: Warsz\u00adta\u00adty 18:00: Wymia\u00adna z prze\u00adk\u0105\u00adska\u00admi \u270d\ud83c\udffc Reje\u00adstra\u00adcja przez tele\u00adfon lub e\u2011mail<\/p>\n","category_list_v2":"","author_info_v2":{"name":"Andrea Ramirez","url":"https:\/\/www.anika-net.de\/pl\/author\/andrea-ramirez\/"},"comments_num_v2":"0 comments","uagb_featured_image_src":{"full":["https:\/\/www.anika-net.de\/wp-content\/uploads\/2025\/05\/Bibliothek.png",786,519,false],"thumbnail":["https:\/\/www.anika-net.de\/wp-content\/uploads\/2025\/05\/Bibliothek-150x150.png",150,150,true],"medium":["https:\/\/www.anika-net.de\/wp-content\/uploads\/2025\/05\/Bibliothek-300x198.png",300,198,true],"medium_large":["https:\/\/www.anika-net.de\/wp-content\/uploads\/2025\/05\/Bibliothek-768x507.png",640,423,true],"large":["https:\/\/www.anika-net.de\/wp-content\/uploads\/2025\/05\/Bibliothek.png",640,423,false],"1536x1536":["https:\/\/www.anika-net.de\/wp-content\/uploads\/2025\/05\/Bibliothek.png",786,519,false],"2048x2048":["https:\/\/www.anika-net.de\/wp-content\/uploads\/2025\/05\/Bibliothek.png",786,519,false],"event-overview":["https:\/\/www.anika-net.de\/wp-content\/uploads\/2025\/05\/Bibliothek.png",786,519,false],"event-archive-thumb":["https:\/\/www.anika-net.de\/wp-content\/uploads\/2025\/05\/Bibliothek-480x317.png",480,317,true],"grid-item-thumbnail":["https:\/\/www.anika-net.de\/wp-content\/uploads\/2025\/05\/Bibliothek-360x200.png",360,200,true],"network-partner-icon":["https:\/\/www.anika-net.de\/wp-content\/uploads\/2025\/05\/Bibliothek-100x100.png",100,100,true],"organiser-icon":["https:\/\/www.anika-net.de\/wp-content\/uploads\/2025\/05\/Bibliothek-200x200.png",200,200,true],"gform-image-choice-sm":["https:\/\/www.anika-net.de\/wp-content\/uploads\/2025\/05\/Bibliothek.png",300,198,false],"gform-image-choice-md":["https:\/\/www.anika-net.de\/wp-content\/uploads\/2025\/05\/Bibliothek.png",400,264,false],"gform-image-choice-lg":["https:\/\/www.anika-net.de\/wp-content\/uploads\/2025\/05\/Bibliothek.png",600,396,false]},"uagb_author_info":{"display_name":"Andrea Ramirez","author_link":"https:\/\/www.anika-net.de\/pl\/author\/andrea-ramirez\/"},"uagb_comment_info":0,"uagb_excerpt":"Stadt\u00adbi\u00adblio\u00adthek Karlsruhe Przy\u00adsz\u0142e warsz\u00adta\u00adty&nbsp;I: \u201cMake it yours: Rodzi\u00adny w biblio\u00adte\u00adce&nbsp;jutra Czy masz dzieci? Zapra\u00adsza\u00admy do wsp\u00f3l\u00adne\u00adgo my\u015ble\u00adnia o biblio\u00adte\u00adce&nbsp;jutra. Jeste\u00ad\u015bmy zain\u00adte\u00adre\u00adso\u00adwa\u00adni swo\u00adbod\u00adn\u0105 wymia\u00adn\u0105 i pomy\u00ads\u0142a\u00admi ze wszyst\u00adkich perspektyw. Har\u00admo\u00adno\u00adgram dzien\u00adny&nbsp;czytaj wi\u0119cej","_links":{"self":[{"href":"https:\/\/www.anika-net.de\/pl\/wp-json\/wp\/v2\/event\/61558","targetHints":{"allow":["GET"]}}],"collection":[{"href":"https:\/\/www.anika-net.de\/pl\/wp-json\/wp\/v2\/event"}],"about":[{"href":"https:\/\/www.anika-net.de\/pl\/wp-json\/wp\/v2\/types\/event"}],"author":[{"embeddable":true,"href":"https:\/\/www.anika-net.de\/pl\/wp-json\/wp\/v2\/users\/12"}],"version-history":[{"count":0,"href":"https:\/\/www.anika-net.de\/pl\/wp-json\/wp\/v2\/event\/61558\/revisions"}],"acf:post":[{"embeddable":true,"href":"https:\/\/www.anika-net.de\/pl\/wp-json\/wp\/v2\/organiser\/50537"}],"acf:term":[{"embeddable":true,"taxonomy":"event_category","href":"https:\/\/www.anika-net.de\/pl\/wp-json\/wp\/v2\/event_category\/184"}],"wp:featuredmedia":[{"embeddable":true,"href":"https:\/\/www.anika-net.de\/pl\/wp-json\/wp\/v2\/media\/61536"}],"wp:attachment":[{"href":"https:\/\/www.anika-net.de\/pl\/wp-json\/wp\/v2\/media?parent=61558"}],"curies":[{"name":"wp","href":"https:\/\/api.w.org\/{rel}","templated":true}]}}

<h3><span style="color: #666699;">Stadt­bi­blio­thek Karlsruhe</span></h3>
<h1><span style="color: #800080;">Przy­szłe warsz­ta­ty&nbsp;I:</span><br>
<span style="color: #333399;">“Make it yours: Rodzi­ny w biblio­te­ce&nbsp;jutra</span></h1>
<p><strong>Czy masz dzieci?</strong><br>
Zapra­sza­my do wspól­ne­go myśle­nia o biblio­te­ce&nbsp;jutra.<br>
Jeste­śmy zain­te­re­so­wa­ni swo­bod­ną wymia­ną i pomy­sła­mi ze wszyst­kich perspektyw.</p>
<h4><strong><span style="color: #008080;">Har­mo­no­gram dzien­ny</span> </strong></h4>
<p>3 pm: Przy­jazd z wycieczką<br>
15:30: Warsztaty<br>
18:00: Wymia­na z przekąskami</p>
<p>✍🏼 <span style="color: #800080;"><strong>Reje­stra­cja przez tele­fon lub e‑mail</strong> </span> </p>

Stadtbibliothek in the new Ständehaus

Ständehausstraße 2

<p>Stadt­bi­blio­thek Karls­ru­he Przy­szłe warsz­ta­ty&nbsp;I: “Make it yours: Rodzi­ny w biblio­te­ce&nbsp;jutra Czy masz dzie­ci? Zapra­sza­my do wspól­ne­go myśle­nia o biblio­te­ce&nbsp;jutra. Jeste­śmy zain­te­re­so­wa­ni swo­bod­ną wymia­ną i pomy­sła­mi ze wszyst­kich per­spek­tyw. Har­mo­no­gram dzien­ny 3 pm: Przy­jazd z wyciecz­ką 15:30: Warsz­ta­ty 18:00: Wymia­na z prze­ką­ska­mi ✍🏼 Reje­stra­cja przez tele­fon lub e‑mail</p>

Stadt­bi­blio­thek Karlsruhe Przy­szłe warsz­ta­ty&nbsp;I: “Make it yours: Rodzi­ny w biblio­te­ce&nbsp;jutra Czy masz dzieci? Zapra­sza­my do wspól­ne­go myśle­nia o biblio­te­ce&nbsp;jutra. Jeste­śmy zain­te­re­so­wa­ni swo­bod­ną wymia­ną i pomy­sła­mi ze wszyst­kich perspektyw. Har­mo­no­gram dzien­ny&nbsp;czytaj więcej
