{"id":61321,"date":"2025-05-15T14:00:55","date_gmt":"2025-05-15T12:00:55","guid":{"rendered":"https:\/\/www.anika-net.de\/event\/zawodowy-kurs-jezykowy-dla-praktykantow\/"},"modified":"2025-05-15T14:00:55","modified_gmt":"2025-05-15T12:00:55","slug":"zawodowy-kurs-jezykowy-dla-praktykantow","status":"publish","type":"event","link":"https:\/\/www.anika-net.de\/pl\/event\/zawodowy-kurs-jezykowy-dla-praktykantow\/","title":{"rendered":"Zawo\u00addo\u00adwy kurs j\u0119zy\u00adko\u00adwy dla praktykant\u00f3w"},"content":{"rendered":"<h3><span style=\"color: #666699;\">W Volks\u00adhoch\u00adschu\u00adle Karlsruhe<\/span><\/h3>\n<h1><span style=\"color: #ff9900;\">Zawo\u00addo\u00adwy kurs j\u0119zy\u00adko\u00adwy dla praktykant\u00f3w<\/span><\/h1>\n<blockquote><p><span style=\"color: #808080;\"><em><strong>Towa\u00adrzy\u00adsze\u00adnie lub przy\u00adgo\u00adto\u00adwa\u00adnie do tre\u00adnin\u00adgu, od 70 do 150 lekcji<\/strong><\/em><\/span><\/p><\/blockquote>\n<ul>\n<li><strong>Czas naucza\u00adnia:<\/strong> w poro\u00adzu\u00admie\u00adniu ze szko\u00ad\u0142\u0105 zawo\u00addo\u00adw\u0105, <strong>dwa lub trzy razy w tygo\u00addniu<\/strong>.<\/li>\n<li>Brak lek\u00adcji pod\u00adczas wakacji<\/li>\n<li> <strong> Miej\u00adsce kur\u00adsu:<\/strong> w zawo\u00addo\u00adwej szko\u00adle j\u0119zy\u00adko\u00adwej lub w vhs Karlsruhe<\/li>\n<\/ul>\n<p><strong><span style=\"color: #008080;\">Waru\u00adnek wst\u0119pny<\/span><\/strong><\/p>\n<ul>\n<li>Uczest\u00adni\u00adcy musz\u0105 posia\u00adda\u0107 umo\u00adw\u0119 szko\u00adle\u00adnio\u00adw\u0105, aby wzi\u0105\u0107 udzia\u0142 w BSK dla sta\u017cyst\u00f3w.<\/li>\n<li>Szko\u00adle\u00adnie towa\u00adrzy\u00adsz\u0105\u00adce Tra\u00adinee-BSK jest skie\u00adro\u00adwa\u00adne do sta\u00ad\u017cy\u00adst\u00f3w w okre\u00ad\u015blo\u00adnym roku szko\u00adle\u00adnio\u00adwym i zawo\u00addzie szkoleniowym.<\/li>\n<\/ul>\n<p><strong><span style=\"color: #008080;\">Two\u00adje zalety<\/span><\/strong><\/p>\n<ul>\n<li>vhs Karls\u00adru\u00adhe sk\u0142a\u00adda nie\u00adzb\u0119d\u00adne wnio\u00adski do&nbsp;BAMF<\/li>\n<li>Przy\u00adjem\u00adna atmos\u00adfe\u00adra nauki i do\u015bwiad\u00adcze\u00adni instruk\u00adto\u00adrzy kurs\u00f3w<\/li>\n<li>Uczest\u00adni\u00adcy kory\u00adgu\u00adj\u0105 defi\u00adcy\u00adty j\u0119zy\u00adko\u00adwe i naby\u00adwa\u00adj\u0105 klu\u00adczo\u00adwe umie\u00adj\u0119t\u00adno\u00ad\u015bci do nauki w szko\u00adle zawodowej.<\/li>\n<\/ul>\n<p><span style=\"color: #800080;\"><strong>Zain\u00adte\u00adre\u00adso\u00adwa\u00adnych pro\u00adsi\u00admy o kontakt!<\/strong><\/span><\/p>\n","protected":false},"author":12,"featured_media":6349,"template":"","class_list":["post-61321","event","type-event","status-publish","has-post-thumbnail","hentry","event_category-edukacja"],"acf":{"event-recurring":false,"event-category":182,"event-is-language-course":false,"event-recurring-still-active":true,"event-display-details":true,"event-schedules-recurring":null,"event-schedules-calendar":[{"event-calendar-day":"20250602","event-calendar-time":"","event-calendar-time-text":""}],"event-is-online":false,"event-online-url":"","event-location-building":"Berufsprachschule oder an der vhs","event-location-street":"Kaiserallee 12e","event-location-zip":"76133","event-location-city":"Karlsruhe","event-location-contact-person":"","event-location-phone":"0721 \/ 985-75-19","event-location-phone-2":"","event-location-mail":"ursulescu@vhs-karlsruhe.de","event-location-mail-2":"","event-location-website":"","event-target-group":[{"target-group":"all"}],"event-target-group-comment":"","event-free":true,"event-organiser":[8256],"event-header-copyright-overlay":true,"event-copyright-note-description-end":false},"featured_image_urls_v2":{"full":["https:\/\/www.anika-net.de\/wp-content\/uploads\/2021\/05\/VHS_Logo.png",151,112,false],"thumbnail":["https:\/\/www.anika-net.de\/wp-content\/uploads\/2021\/05\/VHS_Logo.png",150,111,false],"medium":["https:\/\/www.anika-net.de\/wp-content\/uploads\/2021\/05\/VHS_Logo.png",151,112,false],"medium_large":["https:\/\/www.anika-net.de\/wp-content\/uploads\/2021\/05\/VHS_Logo.png",151,112,false],"large":["https:\/\/www.anika-net.de\/wp-content\/uploads\/2021\/05\/VHS_Logo.png",151,112,false],"1536x1536":["https:\/\/www.anika-net.de\/wp-content\/uploads\/2021\/05\/VHS_Logo.png",151,112,false],"2048x2048":["https:\/\/www.anika-net.de\/wp-content\/uploads\/2021\/05\/VHS_Logo.png",151,112,false],"event-overview":["https:\/\/www.anika-net.de\/wp-content\/uploads\/2021\/05\/VHS_Logo.png",151,112,false],"event-archive-thumb":["https:\/\/www.anika-net.de\/wp-content\/uploads\/2021\/05\/VHS_Logo.png",151,112,false],"grid-item-thumbnail":["https:\/\/www.anika-net.de\/wp-content\/uploads\/2021\/05\/VHS_Logo.png",151,112,false],"network-partner-icon":["https:\/\/www.anika-net.de\/wp-content\/uploads\/2021\/05\/VHS_Logo-100x100.png",100,100,true],"organiser-icon":["https:\/\/www.anika-net.de\/wp-content\/uploads\/2021\/05\/VHS_Logo.png",151,112,false],"gform-image-choice-sm":["https:\/\/www.anika-net.de\/wp-content\/uploads\/2021\/05\/VHS_Logo.png",151,112,false],"gform-image-choice-md":["https:\/\/www.anika-net.de\/wp-content\/uploads\/2021\/05\/VHS_Logo.png",151,112,false],"gform-image-choice-lg":["https:\/\/www.anika-net.de\/wp-content\/uploads\/2021\/05\/VHS_Logo.png",151,112,false]},"post_excerpt_stackable_v2":"<p>W Volks\u00adhoch\u00adschu\u00adle Karls\u00adru\u00adhe Zawo\u00addo\u00adwy kurs j\u0119zy\u00adko\u00adwy dla prak\u00adty\u00adkan\u00adt\u00f3w Towa\u00adrzy\u00adsze\u00adnie lub przy\u00adgo\u00adto\u00adwa\u00adnie do tre\u00adnin\u00adgu, od 70 do 150 lek\u00adcji Czas naucza\u00adnia: w poro\u00adzu\u00admie\u00adniu ze szko\u00ad\u0142\u0105 zawo\u00addo\u00adw\u0105, dwa lub trzy razy w tygo\u00addniu. Brak lek\u00adcji pod\u00adczas waka\u00adcji Miej\u00adsce kur\u00adsu: w zawo\u00addo\u00adwej szko\u00adle j\u0119zy\u00adko\u00adwej lub w vhs Karls\u00adru\u00adhe Waru\u00adnek wst\u0119p\u00adny Uczest\u00adni\u00adcy musz\u0105 posia\u00adda\u0107 umo\u00adw\u0119 szko\u00adle\u00adnio\u00adw\u0105, aby wzi\u0105\u0107 udzia\u0142 w BSK dla sta\u00ad\u017cy\u00adst\u00f3w. Szko\u00adle\u00adnie towa\u00adrzy\u00adsz\u0105\u00adce Tra\u00ad\u00adi\u00adnee-BSK jest skie\u00adro\u00adwa\u00adne do sta\u00ad\u017cy\u00adst\u00f3w w okre\u00ad\u015blo\u00adnym roku szko\u00adle\u00adnio\u00adwym i zawo\u00addzie szko\u00adle\u00adnio\u00adwym. Two\u00adje zale\u00adty vhs Karls\u00adru\u00adhe sk\u0142a\u00adda nie\u00adzb\u0119d\u00adne wnio\u00adski do&nbsp;BAMF Przy\u00adjem\u00adna atmos\u00adfe\u00adra nauki i do\u015bwiad\u00adcze\u00adni instruk\u00adto\u00adrzy kur\u00ads\u00f3w Uczest\u00adni\u00adcy kory\u00adgu\u00adj\u0105 defi\u00adcy\u00adty j\u0119zy\u00adko\u00adwe i naby\u00adwa\u00adj\u0105 klu\u00adczo\u00adwe umie\u00adj\u0119t\u00adno\u00ad\u015bci do nauki w szkole\u2026<\/p>\n","category_list_v2":"","author_info_v2":{"name":"Andrea Ramirez","url":"https:\/\/www.anika-net.de\/pl\/author\/andrea-ramirez\/"},"comments_num_v2":"0 comments","uagb_featured_image_src":{"full":["https:\/\/www.anika-net.de\/wp-content\/uploads\/2021\/05\/VHS_Logo.png",151,112,false],"thumbnail":["https:\/\/www.anika-net.de\/wp-content\/uploads\/2021\/05\/VHS_Logo.png",150,111,false],"medium":["https:\/\/www.anika-net.de\/wp-content\/uploads\/2021\/05\/VHS_Logo.png",151,112,false],"medium_large":["https:\/\/www.anika-net.de\/wp-content\/uploads\/2021\/05\/VHS_Logo.png",151,112,false],"large":["https:\/\/www.anika-net.de\/wp-content\/uploads\/2021\/05\/VHS_Logo.png",151,112,false],"1536x1536":["https:\/\/www.anika-net.de\/wp-content\/uploads\/2021\/05\/VHS_Logo.png",151,112,false],"2048x2048":["https:\/\/www.anika-net.de\/wp-content\/uploads\/2021\/05\/VHS_Logo.png",151,112,false],"event-overview":["https:\/\/www.anika-net.de\/wp-content\/uploads\/2021\/05\/VHS_Logo.png",151,112,false],"event-archive-thumb":["https:\/\/www.anika-net.de\/wp-content\/uploads\/2021\/05\/VHS_Logo.png",151,112,false],"grid-item-thumbnail":["https:\/\/www.anika-net.de\/wp-content\/uploads\/2021\/05\/VHS_Logo.png",151,112,false],"network-partner-icon":["https:\/\/www.anika-net.de\/wp-content\/uploads\/2021\/05\/VHS_Logo-100x100.png",100,100,true],"organiser-icon":["https:\/\/www.anika-net.de\/wp-content\/uploads\/2021\/05\/VHS_Logo.png",151,112,false],"gform-image-choice-sm":["https:\/\/www.anika-net.de\/wp-content\/uploads\/2021\/05\/VHS_Logo.png",151,112,false],"gform-image-choice-md":["https:\/\/www.anika-net.de\/wp-content\/uploads\/2021\/05\/VHS_Logo.png",151,112,false],"gform-image-choice-lg":["https:\/\/www.anika-net.de\/wp-content\/uploads\/2021\/05\/VHS_Logo.png",151,112,false]},"uagb_author_info":{"display_name":"Andrea Ramirez","author_link":"https:\/\/www.anika-net.de\/pl\/author\/andrea-ramirez\/"},"uagb_comment_info":0,"uagb_excerpt":"W Volks\u00adhoch\u00adschu\u00adle Karlsruhe Zawo\u00addo\u00adwy kurs j\u0119zy\u00adko\u00adwy dla praktykant\u00f3w Towa\u00adrzy\u00adsze\u00adnie lub przy\u00adgo\u00adto\u00adwa\u00adnie do tre\u00adnin\u00adgu, od 70 do 150 lekcji Czas naucza\u00adnia: w poro\u00adzu\u00admie\u00adniu ze szko\u00ad\u0142\u0105 zawo\u00addo\u00adw\u0105, dwa lub trzy razy w&nbsp;czytaj wi\u0119cej","_links":{"self":[{"href":"https:\/\/www.anika-net.de\/pl\/wp-json\/wp\/v2\/event\/61321","targetHints":{"allow":["GET"]}}],"collection":[{"href":"https:\/\/www.anika-net.de\/pl\/wp-json\/wp\/v2\/event"}],"about":[{"href":"https:\/\/www.anika-net.de\/pl\/wp-json\/wp\/v2\/types\/event"}],"author":[{"embeddable":true,"href":"https:\/\/www.anika-net.de\/pl\/wp-json\/wp\/v2\/users\/12"}],"version-history":[{"count":0,"href":"https:\/\/www.anika-net.de\/pl\/wp-json\/wp\/v2\/event\/61321\/revisions"}],"acf:post":[{"embeddable":true,"href":"https:\/\/www.anika-net.de\/pl\/wp-json\/wp\/v2\/organiser\/8256"}],"acf:term":[{"embeddable":true,"taxonomy":"event_category","href":"https:\/\/www.anika-net.de\/pl\/wp-json\/wp\/v2\/event_category\/182"}],"wp:featuredmedia":[{"embeddable":true,"href":"https:\/\/www.anika-net.de\/pl\/wp-json\/wp\/v2\/media\/6349"}],"wp:attachment":[{"href":"https:\/\/www.anika-net.de\/pl\/wp-json\/wp\/v2\/media?parent=61321"}],"curies":[{"name":"wp","href":"https:\/\/api.w.org\/{rel}","templated":true}]}}

Zawo­do­wy kurs języ­ko­wy dla praktykantów

<h3><span style="color: #666699;">W Volks­hoch­schu­le Karlsruhe</span></h3>
<h1><span style="color: #ff9900;">Zawo­do­wy kurs języ­ko­wy dla praktykantów</span></h1>
<blockquote><p><span style="color: #808080;"><em><strong>Towa­rzy­sze­nie lub przy­go­to­wa­nie do tre­nin­gu, od 70 do 150 lekcji</strong></em></span></p></blockquote>
<ul>
<li><strong>Czas naucza­nia:</strong> w poro­zu­mie­niu ze szko­łą zawo­do­wą, <strong>dwa lub trzy razy w tygo­dniu</strong>.</li>
<li>Brak lek­cji pod­czas wakacji</li>
<li> <strong> Miej­sce kur­su:</strong> w zawo­do­wej szko­le języ­ko­wej lub w vhs Karlsruhe</li>
</ul>
<p><strong><span style="color: #008080;">Waru­nek wstępny</span></strong></p>
<ul>
<li>Uczest­ni­cy muszą posia­dać umo­wę szko­le­nio­wą, aby wziąć udział w BSK dla stażystów.</li>
<li>Szko­le­nie towa­rzy­szą­ce Tra­inee-BSK jest skie­ro­wa­ne do sta­ży­stów w okre­ślo­nym roku szko­le­nio­wym i zawo­dzie szkoleniowym.</li>
</ul>
<p><strong><span style="color: #008080;">Two­je zalety</span></strong></p>
<ul>
<li>vhs Karls­ru­he skła­da nie­zbęd­ne wnio­ski do&nbsp;BAMF</li>
<li>Przy­jem­na atmos­fe­ra nauki i doświad­cze­ni instruk­to­rzy kursów</li>
<li>Uczest­ni­cy kory­gu­ją defi­cy­ty języ­ko­we i naby­wa­ją klu­czo­we umie­jęt­no­ści do nauki w szko­le zawodowej.</li>
</ul>
<p><span style="color: #800080;"><strong>Zain­te­re­so­wa­nych pro­si­my o kontakt!</strong></span></p>

<p>W Volks­hoch­schu­le Karls­ru­he Zawo­do­wy kurs języ­ko­wy dla prak­ty­kan­tów Towa­rzy­sze­nie lub przy­go­to­wa­nie do tre­nin­gu, od 70 do 150 lek­cji Czas naucza­nia: w poro­zu­mie­niu ze szko­łą zawo­do­wą, dwa lub trzy razy w tygo­dniu. Brak lek­cji pod­czas waka­cji Miej­sce kur­su: w zawo­do­wej szko­le języ­ko­wej lub w vhs Karls­ru­he Waru­nek wstęp­ny Uczest­ni­cy muszą posia­dać umo­wę szko­le­nio­wą, aby wziąć udział w BSK dla sta­ży­stów. Szko­le­nie towa­rzy­szą­ce Tra­­i­nee-BSK jest skie­ro­wa­ne do sta­ży­stów w okre­ślo­nym roku szko­le­nio­wym i zawo­dzie szko­le­nio­wym. Two­je zale­ty vhs Karls­ru­he skła­da nie­zbęd­ne wnio­ski do&nbsp;BAMF Przy­jem­na atmos­fe­ra nauki i doświad­cze­ni instruk­to­rzy kur­sów Uczest­ni­cy kory­gu­ją defi­cy­ty języ­ko­we i naby­wa­ją klu­czo­we umie­jęt­no­ści do nauki w szkole…</p>

W Volks­hoch­schu­le Karlsruhe Zawo­do­wy kurs języ­ko­wy dla praktykantów Towa­rzy­sze­nie lub przy­go­to­wa­nie do tre­nin­gu, od 70 do 150 lekcji Czas naucza­nia: w poro­zu­mie­niu ze szko­łą zawo­do­wą, dwa lub trzy razy w&nbsp;czytaj więcej
