{"id":61089,"date":"2025-05-12T12:22:03","date_gmt":"2025-05-12T10:22:03","guid":{"rendered":"https:\/\/www.anika-net.de\/event\/psst-play-clap-zrobmy-razem-teatr\/"},"modified":"2025-05-12T12:22:03","modified_gmt":"2025-05-12T10:22:03","slug":"psst-play-clap-zrobmy-razem-teatr","status":"publish","type":"event","link":"https:\/\/www.anika-net.de\/pl\/event\/psst-play-clap-zrobmy-razem-teatr\/","title":{"rendered":"PSST PLAY CLAP \u2014 Zr\u00f3b\u00admy razem&nbsp;teatr"},"content":{"rendered":"<h3><span style=\"color: #666699;\">Zr\u00f3b\u00admy teatr&nbsp;razem<\/span><\/h3>\n<h1><span style=\"color: #333399;\">\ud83c\udfad PSST PLAY&nbsp;CLAP<\/span><\/h1>\n<p>Nasza gru\u00adpa teatral\u00adna PSST PLAY CLAP roz\u00adpo\u00adczy\u00adna now\u0105 run\u00add\u0119! Pocz\u0105w\u00adszy od 16 kwiet\u00adnia, b\u0119dzie\u00admy spo\u00adty\u00adka\u0107 si\u0119 w ka\u017c\u00add\u0105 \u015bro\u00add\u0119 od 18:00 do 20:00, aby wsp\u00f3l\u00adnie two\u00adrzy\u0107 teatr. W tym roku chce\u00admy sku\u00adpi\u0107 si\u0119 na tema\u00adcie \u201cPrzy\u00adna\u00adle\u017c\u00adno\u015b\u0107\u201d oraz zba\u00adda\u0107 i wypr\u00f3\u00adbo\u00adwa\u0107 \u201cTeatr dla&nbsp;\u017cycia\u201d.<br>\nI jak zawsze: gra, \u015bmiech i zaba\u00adwa z teatrem.<\/p>\n<p>Nie\u00adza\u00adle\u017c\u00adnie od tego, czy masz do\u015bwiad\u00adcze\u00adnie teatral\u00adne, czy nie \u2014 <span style=\"color: #800080;\"><strong>ka\u017c\u00addy jest mile widziany!<\/strong><\/span><\/p>\n","protected":false},"author":12,"featured_media":61038,"template":"","class_list":["post-61089","event","type-event","status-publish","has-post-thumbnail","hentry","event_category-rekreacja"],"acf":{"event-recurring":true,"event-category":184,"event-is-language-course":false,"event-recurring-still-active":true,"event-display-details":true,"event-schedules-recurring":[{"event-recurring-week-day":"2","event-recurring-time":"18:00 - 20:00","event-recurring-time-text":""}],"event-schedules-calendar":null,"event-is-online":false,"event-online-url":"","event-location-building":"COLA TAXI OKAY e.V.","event-location-street":"Kronenstr. 25","event-location-zip":"76133","event-location-city":"Karlsruhe","event-location-contact-person":"","event-location-phone":"","event-location-phone-2":"","event-location-mail":"hello@colataxiokay.com","event-location-mail-2":"","event-location-website":"https:\/\/colataxiokay.com","event-target-group":[{"target-group":"all"}],"event-target-group-comment":"Z do\u015bwiadczeniem teatralnym lub bez - ka\u017cdy jest mile widziany!","event-free":true,"event-organiser":[9783],"event-header-copyright-overlay":true,"event-copyright-note-description-end":false},"featured_image_urls_v2":{"full":["https:\/\/www.anika-net.de\/wp-content\/uploads\/2025\/05\/PSSTPLAYCLAP25-Colataxiokay-e.V.png",2000,2500,false],"thumbnail":["https:\/\/www.anika-net.de\/wp-content\/uploads\/2025\/05\/PSSTPLAYCLAP25-Colataxiokay-e.V-150x150.png",150,150,true],"medium":["https:\/\/www.anika-net.de\/wp-content\/uploads\/2025\/05\/PSSTPLAYCLAP25-Colataxiokay-e.V-240x300.png",240,300,true],"medium_large":["https:\/\/www.anika-net.de\/wp-content\/uploads\/2025\/05\/PSSTPLAYCLAP25-Colataxiokay-e.V-768x960.png",640,800,true],"large":["https:\/\/www.anika-net.de\/wp-content\/uploads\/2025\/05\/PSSTPLAYCLAP25-Colataxiokay-e.V-819x1024.png",640,800,true],"1536x1536":["https:\/\/www.anika-net.de\/wp-content\/uploads\/2025\/05\/PSSTPLAYCLAP25-Colataxiokay-e.V-1229x1536.png",1229,1536,true],"2048x2048":["https:\/\/www.anika-net.de\/wp-content\/uploads\/2025\/05\/PSSTPLAYCLAP25-Colataxiokay-e.V-1638x2048.png",1638,2048,true],"event-overview":["https:\/\/www.anika-net.de\/wp-content\/uploads\/2025\/05\/PSSTPLAYCLAP25-Colataxiokay-e.V-960x640.png",960,640,true],"event-archive-thumb":["https:\/\/www.anika-net.de\/wp-content\/uploads\/2025\/05\/PSSTPLAYCLAP25-Colataxiokay-e.V-480x600.png",480,600,true],"grid-item-thumbnail":["https:\/\/www.anika-net.de\/wp-content\/uploads\/2025\/05\/PSSTPLAYCLAP25-Colataxiokay-e.V-360x200.png",360,200,true],"network-partner-icon":["https:\/\/www.anika-net.de\/wp-content\/uploads\/2025\/05\/PSSTPLAYCLAP25-Colataxiokay-e.V-100x100.png",100,100,true],"organiser-icon":["https:\/\/www.anika-net.de\/wp-content\/uploads\/2025\/05\/PSSTPLAYCLAP25-Colataxiokay-e.V-200x200.png",200,200,true],"gform-image-choice-sm":["https:\/\/www.anika-net.de\/wp-content\/uploads\/2025\/05\/PSSTPLAYCLAP25-Colataxiokay-e.V.png",240,300,false],"gform-image-choice-md":["https:\/\/www.anika-net.de\/wp-content\/uploads\/2025\/05\/PSSTPLAYCLAP25-Colataxiokay-e.V.png",320,400,false],"gform-image-choice-lg":["https:\/\/www.anika-net.de\/wp-content\/uploads\/2025\/05\/PSSTPLAYCLAP25-Colataxiokay-e.V.png",480,600,false]},"post_excerpt_stackable_v2":"<p>Zr\u00f3b\u00admy teatr&nbsp;razem \ud83c\udfad PSST PLAY&nbsp;CLAP Nasza gru\u00adpa teatral\u00adna PSST PLAY CLAP roz\u00adpo\u00adczy\u00adna now\u0105 run\u00add\u0119! Pocz\u0105w\u00adszy od 16 kwiet\u00adnia, b\u0119dzie\u00admy spo\u00adty\u00adka\u0107 si\u0119 w ka\u017c\u00add\u0105 \u015bro\u00add\u0119 od 18:00 do 20:00, aby wsp\u00f3l\u00adnie two\u00adrzy\u0107 teatr. W tym roku chce\u00admy sku\u00adpi\u0107 si\u0119 na tema\u00adcie \u201cPrzy\u00adna\u00adle\u017c\u00adno\u015b\u0107\u201d oraz zba\u00adda\u0107 i wypr\u00f3\u00adbo\u00adwa\u0107 \u201cTeatr dla&nbsp;\u017cycia\u201d. I jak zawsze: gra, \u015bmiech i zaba\u00adwa z teatrem. Nie\u00adza\u00adle\u017c\u00adnie od tego, czy masz do\u015bwiad\u00adcze\u00adnie teatral\u00adne, czy nie \u2014 ka\u017c\u00addy jest mile widziany!<\/p>\n","category_list_v2":"","author_info_v2":{"name":"Andrea Ramirez","url":"https:\/\/www.anika-net.de\/pl\/author\/andrea-ramirez\/"},"comments_num_v2":"0 comments","uagb_featured_image_src":{"full":["https:\/\/www.anika-net.de\/wp-content\/uploads\/2025\/05\/PSSTPLAYCLAP25-Colataxiokay-e.V.png",2000,2500,false],"thumbnail":["https:\/\/www.anika-net.de\/wp-content\/uploads\/2025\/05\/PSSTPLAYCLAP25-Colataxiokay-e.V-150x150.png",150,150,true],"medium":["https:\/\/www.anika-net.de\/wp-content\/uploads\/2025\/05\/PSSTPLAYCLAP25-Colataxiokay-e.V-240x300.png",240,300,true],"medium_large":["https:\/\/www.anika-net.de\/wp-content\/uploads\/2025\/05\/PSSTPLAYCLAP25-Colataxiokay-e.V-768x960.png",640,800,true],"large":["https:\/\/www.anika-net.de\/wp-content\/uploads\/2025\/05\/PSSTPLAYCLAP25-Colataxiokay-e.V-819x1024.png",640,800,true],"1536x1536":["https:\/\/www.anika-net.de\/wp-content\/uploads\/2025\/05\/PSSTPLAYCLAP25-Colataxiokay-e.V-1229x1536.png",1229,1536,true],"2048x2048":["https:\/\/www.anika-net.de\/wp-content\/uploads\/2025\/05\/PSSTPLAYCLAP25-Colataxiokay-e.V-1638x2048.png",1638,2048,true],"event-overview":["https:\/\/www.anika-net.de\/wp-content\/uploads\/2025\/05\/PSSTPLAYCLAP25-Colataxiokay-e.V-960x640.png",960,640,true],"event-archive-thumb":["https:\/\/www.anika-net.de\/wp-content\/uploads\/2025\/05\/PSSTPLAYCLAP25-Colataxiokay-e.V-480x600.png",480,600,true],"grid-item-thumbnail":["https:\/\/www.anika-net.de\/wp-content\/uploads\/2025\/05\/PSSTPLAYCLAP25-Colataxiokay-e.V-360x200.png",360,200,true],"network-partner-icon":["https:\/\/www.anika-net.de\/wp-content\/uploads\/2025\/05\/PSSTPLAYCLAP25-Colataxiokay-e.V-100x100.png",100,100,true],"organiser-icon":["https:\/\/www.anika-net.de\/wp-content\/uploads\/2025\/05\/PSSTPLAYCLAP25-Colataxiokay-e.V-200x200.png",200,200,true],"gform-image-choice-sm":["https:\/\/www.anika-net.de\/wp-content\/uploads\/2025\/05\/PSSTPLAYCLAP25-Colataxiokay-e.V.png",240,300,false],"gform-image-choice-md":["https:\/\/www.anika-net.de\/wp-content\/uploads\/2025\/05\/PSSTPLAYCLAP25-Colataxiokay-e.V.png",320,400,false],"gform-image-choice-lg":["https:\/\/www.anika-net.de\/wp-content\/uploads\/2025\/05\/PSSTPLAYCLAP25-Colataxiokay-e.V.png",480,600,false]},"uagb_author_info":{"display_name":"Andrea Ramirez","author_link":"https:\/\/www.anika-net.de\/pl\/author\/andrea-ramirez\/"},"uagb_comment_info":0,"uagb_excerpt":"Zr\u00f3b\u00admy teatr&nbsp;razem \ud83c\udfad PSST PLAY&nbsp;CLAP Nasza gru\u00adpa teatral\u00adna PSST PLAY CLAP roz\u00adpo\u00adczy\u00adna now\u0105 run\u00add\u0119! Pocz\u0105w\u00adszy od 16 kwiet\u00adnia, b\u0119dzie\u00admy spo\u00adty\u00adka\u0107 si\u0119 w ka\u017c\u00add\u0105 \u015bro\u00add\u0119 od 18:00 do 20:00, aby wsp\u00f3l\u00adnie&nbsp;czytaj wi\u0119cej","_links":{"self":[{"href":"https:\/\/www.anika-net.de\/pl\/wp-json\/wp\/v2\/event\/61089","targetHints":{"allow":["GET"]}}],"collection":[{"href":"https:\/\/www.anika-net.de\/pl\/wp-json\/wp\/v2\/event"}],"about":[{"href":"https:\/\/www.anika-net.de\/pl\/wp-json\/wp\/v2\/types\/event"}],"author":[{"embeddable":true,"href":"https:\/\/www.anika-net.de\/pl\/wp-json\/wp\/v2\/users\/12"}],"version-history":[{"count":0,"href":"https:\/\/www.anika-net.de\/pl\/wp-json\/wp\/v2\/event\/61089\/revisions"}],"acf:post":[{"embeddable":true,"href":"https:\/\/www.anika-net.de\/pl\/wp-json\/wp\/v2\/organiser\/9783"}],"acf:term":[{"embeddable":true,"taxonomy":"event_category","href":"https:\/\/www.anika-net.de\/pl\/wp-json\/wp\/v2\/event_category\/184"}],"wp:featuredmedia":[{"embeddable":true,"href":"https:\/\/www.anika-net.de\/pl\/wp-json\/wp\/v2\/media\/61038"}],"wp:attachment":[{"href":"https:\/\/www.anika-net.de\/pl\/wp-json\/wp\/v2\/media?parent=61089"}],"curies":[{"name":"wp","href":"https:\/\/api.w.org\/{rel}","templated":true}]}}

PSST PLAY CLAP — Zrób­my razem&nbsp;teatr

<h3><span style="color: #666699;">Zrób­my teatr&nbsp;razem</span></h3>
<h1><span style="color: #333399;">🎭 PSST PLAY&nbsp;CLAP</span></h1>
<p>Nasza gru­pa teatral­na PSST PLAY CLAP roz­po­czy­na nową run­dę! Począw­szy od 16 kwiet­nia, będzie­my spo­ty­kać się w każ­dą śro­dę od 18:00 do 20:00, aby wspól­nie two­rzyć teatr. W tym roku chce­my sku­pić się na tema­cie “Przy­na­leż­ność” oraz zba­dać i wypró­bo­wać “Teatr dla&nbsp;życia”.<br>
I jak zawsze: gra, śmiech i zaba­wa z teatrem.</p>
<p>Nie­za­leż­nie od tego, czy masz doświad­cze­nie teatral­ne, czy nie — <span style="color: #800080;"><strong>każ­dy jest mile widziany!</strong></span></p>

Z doświadczeniem teatralnym lub bez - każdy jest mile widziany!

<p>Zrób­my teatr&nbsp;razem 🎭 PSST PLAY&nbsp;CLAP Nasza gru­pa teatral­na PSST PLAY CLAP roz­po­czy­na nową run­dę! Począw­szy od 16 kwiet­nia, będzie­my spo­ty­kać się w każ­dą śro­dę od 18:00 do 20:00, aby wspól­nie two­rzyć teatr. W tym roku chce­my sku­pić się na tema­cie “Przy­na­leż­ność” oraz zba­dać i wypró­bo­wać “Teatr dla&nbsp;życia”. I jak zawsze: gra, śmiech i zaba­wa z teatrem. Nie­za­leż­nie od tego, czy masz doświad­cze­nie teatral­ne, czy nie — każ­dy jest mile widziany!</p>

Zrób­my teatr&nbsp;razem 🎭 PSST PLAY&nbsp;CLAP Nasza gru­pa teatral­na PSST PLAY CLAP roz­po­czy­na nową run­dę! Począw­szy od 16 kwiet­nia, będzie­my spo­ty­kać się w każ­dą śro­dę od 18:00 do 20:00, aby wspól­nie&nbsp;czytaj więcej
