{"id":60525,"date":"2025-04-15T13:10:05","date_gmt":"2025-04-15T11:10:05","guid":{"rendered":"https:\/\/www.anika-net.de\/event\/sprechpunkt-cwicz-razem-niemiecki\/"},"modified":"2025-04-17T15:38:26","modified_gmt":"2025-04-17T13:38:26","slug":"sprechpunkt-cwicz-razem-niemiecki","status":"publish","type":"event","link":"https:\/\/www.anika-net.de\/pl\/event\/sprechpunkt-cwicz-razem-niemiecki\/","title":{"rendered":"Sprech\u00adPunkt \u2014 \u0107wicz razem niemiecki"},"content":{"rendered":"<h3><span style=\"color: #666699;\">Ofer\u00adta wsp\u00f3l\u00adne\u00adgo m\u00f3wie\u00adnia po nie\u00admiec\u00adku w ma\u0142ych, mode\u00adro\u00adwa\u00adnych grupach<\/span><\/h3>\n<h1><span style=\"color: #008080;\"><span style=\"color: #ff6600;\">Sprech\u00adPunkt -<\/span> <\/span><span style=\"color: #ff6600;\"><strong>\u0106wicz razem niemiecki<\/strong><\/span><\/h1>\n<p>Je\u015bli chcesz uczy\u0107 si\u0119 i \u0107wi\u00adczy\u0107 j\u0119zyk nie\u00admiec\u00adki, ser\u00addecz\u00adnie zapra\u00adsza\u00admy na nasze rand\u00adki. Sprech\u00adPunkt jest ofer\u00adt\u0105 bezp\u0142atn\u0105.<\/p>\n<p>Gru\u00adpy s\u0105 two\u00adrzo\u00adne w zale\u017c\u00adno\u00ad\u015bci od pozio\u00admu zna\u00adjo\u00admo\u00ad\u015bci j\u0119zyka.<br>\nNie\u00admiec\u00adko\u00adj\u0119\u00adzycz\u00adni wolon\u00adta\u00adriu\u00adsze cze\u00adka\u00adj\u0105 na Ciebie!<\/p>\n<p><em><strong>Reje\u00adstra\u00adcja nie jest wymagana!<\/strong><\/em><\/p>\n<hr>\n<p><span style=\"color: #666699;\">Mamy spo\u00adtka\u00adnia ana\u00adlo\u00adgo\u00adwe i cyfrowe:<\/span><\/p>\n<h2><span style=\"color: #008080;\"><strong><em>Cyfro\u00adwy poniedzia\u0142ek<\/em><\/strong><\/span><\/h2>\n<p>\ud83d\udcc6 18:30 do 20:00<\/p>\n<p>Spo\u00adtka\u00adnia odby\u00adwa\u00adj\u0105 si\u0119 za po\u015bred\u00adnic\u00adtwem <strong>Micro\u00adsoft Teams<\/strong>.<br>\n<strong>Pod<\/strong> lin\u00adkiem: https:\/\/teams.live.com\/meet\/9334486701936?p=aoq1s0OJBfFGkmvL0G<br>\nmo\u017c\u00adna wzi\u0105\u0107 udzia\u0142 za po\u015bred\u00adnic\u00adtwem prze\u00adgl\u0105\u00addar\u00adki inter\u00adne\u00adto\u00adwej lub apli\u00adka\u00adcji&nbsp;Teams.<\/p>\n<h2><span style=\"color: #333399;\"><strong><em>Ana\u00adlo\u00adgo\u00adwy CZWARTEK<\/em><\/strong><\/span><\/h2>\n<p>\ud83d\udcc6 18:30 do 20:00<\/p>\n<p>W ibz, je\u015bli na zewn\u0105trz jest \u0142ad\u00adna pogoda<\/p>\n","protected":false},"author":12,"featured_media":11111,"template":"","class_list":["post-60525","event","type-event","status-publish","has-post-thumbnail","hentry","event_category-edukacja"],"acf":{"event-recurring":true,"event-category":182,"event-is-language-course":false,"event-recurring-still-active":true,"event-display-details":true,"event-schedules-recurring":[{"event-recurring-week-day":"0","event-recurring-time":"18:30 - 20:00","event-recurring-time-text":""},{"event-recurring-week-day":"3","event-recurring-time":"18:30 - 20:00","event-recurring-time-text":""}],"event-schedules-calendar":null,"event-is-online":false,"event-online-url":"","event-location-building":"Internationales Begegnungszentrum Karlsruhe e.V. (ibz)","event-location-street":"Kaiserallee 12d","event-location-zip":"76133","event-location-city":"Karlsruhe","event-location-contact-person":"Dr. Gudrun Baumgartner und Maria Dertinger","event-location-phone":"0721 \/ 89 33 37 10","event-location-phone-2":"","event-location-mail":"sprechpunkt@ibz-karlsruhe.org","event-location-mail-2":"","event-location-website":"https:\/\/www.ibz-karlsruhe.de\/ibz-projekte\/sprechpunkt\/","event-target-group":[{"target-group":"all"}],"event-target-group-comment":"","event-free":true,"event-organiser":[6704],"event-header-copyright-overlay":true,"event-copyright-note-description-end":true},"featured_image_urls_v2":{"full":["https:\/\/www.anika-net.de\/wp-content\/uploads\/2021\/10\/20200806_185416-e1776247044533.jpg",1200,800,false],"thumbnail":["https:\/\/www.anika-net.de\/wp-content\/uploads\/2021\/10\/20200806_185416-150x150.jpg",150,150,true],"medium":["https:\/\/www.anika-net.de\/wp-content\/uploads\/2021\/10\/20200806_185416-300x200.jpg",300,200,true],"medium_large":["https:\/\/www.anika-net.de\/wp-content\/uploads\/2021\/10\/20200806_185416-768x512.jpg",640,427,true],"large":["https:\/\/www.anika-net.de\/wp-content\/uploads\/2021\/10\/20200806_185416-1024x683.jpg",640,427,true],"1536x1536":["https:\/\/www.anika-net.de\/wp-content\/uploads\/2021\/10\/20200806_185416-e1776247044533.jpg",1200,800,false],"2048x2048":["https:\/\/www.anika-net.de\/wp-content\/uploads\/2021\/10\/20200806_185416-e1776247044533.jpg",1200,800,false],"event-overview":["https:\/\/www.anika-net.de\/wp-content\/uploads\/2021\/10\/20200806_185416-960x640.jpg",960,640,true],"event-archive-thumb":["https:\/\/www.anika-net.de\/wp-content\/uploads\/2021\/10\/20200806_185416-480x320.jpg",480,320,true],"grid-item-thumbnail":["https:\/\/www.anika-net.de\/wp-content\/uploads\/2021\/10\/20200806_185416-360x200.jpg",360,200,true],"network-partner-icon":["https:\/\/www.anika-net.de\/wp-content\/uploads\/2021\/10\/20200806_185416-100x100.jpg",100,100,true],"organiser-icon":["https:\/\/www.anika-net.de\/wp-content\/uploads\/2021\/10\/20200806_185416-200x200.jpg",200,200,true],"gform-image-choice-sm":["https:\/\/www.anika-net.de\/wp-content\/uploads\/2021\/10\/20200806_185416-e1776247044533.jpg",300,200,false],"gform-image-choice-md":["https:\/\/www.anika-net.de\/wp-content\/uploads\/2021\/10\/20200806_185416-e1776247044533.jpg",400,267,false],"gform-image-choice-lg":["https:\/\/www.anika-net.de\/wp-content\/uploads\/2021\/10\/20200806_185416-e1776247044533.jpg",600,400,false]},"post_excerpt_stackable_v2":"<p>Ofer\u00adta wsp\u00f3l\u00adne\u00adgo m\u00f3wie\u00adnia po nie\u00admiec\u00adku w ma\u0142ych, mode\u00adro\u00adwa\u00adnych gru\u00adpach Sprech\u00adPunkt \u2014 \u0106wicz razem nie\u00admiec\u00adki Je\u015bli chcesz uczy\u0107 si\u0119 i \u0107wi\u00adczy\u0107 j\u0119zyk nie\u00admiec\u00adki, ser\u00addecz\u00adnie zapra\u00adsza\u00admy na nasze rand\u00adki. Sprech\u00adPunkt jest ofer\u00adt\u0105 bez\u00adp\u0142at\u00adn\u0105. Gru\u00adpy s\u0105 two\u00adrzo\u00adne w zale\u017c\u00adno\u00ad\u015bci od pozio\u00admu zna\u00adjo\u00admo\u00ad\u015bci j\u0119zy\u00adka. Nie\u00admiec\u00adko\u00adj\u0119\u00adzycz\u00adni wolon\u00adta\u00adriu\u00adsze cze\u00adka\u00adj\u0105 na Cie\u00adbie! Reje\u00adstra\u00adcja nie jest wyma\u00adga\u00adna! Mamy spo\u00adtka\u00adnia ana\u00adlo\u00adgo\u00adwe i cyfro\u00adwe: Cyfro\u00adwy ponie\u00addzia\u00ad\u0142ek \ud83d\udcc6 18:30 do 20:00 Spo\u00adtka\u00adnia odby\u00adwa\u00adj\u0105 si\u0119 za po\u015bred\u00adnic\u00adtwem Micro\u00adsoft Teams. Pod lin\u00adkiem: https:\/\/teams.live.com\/meet\/9334486701936?p=aoq1s0OJBfFGkmvL0G mo\u017c\u00adna wzi\u0105\u0107 udzia\u0142 za po\u015bred\u00adnic\u00adtwem prze\u00adgl\u0105\u00addar\u00adki inter\u00adne\u00adto\u00adwej lub apli\u00adka\u00adcji&nbsp;Teams. Ana\u00adlo\u00adgo\u00adwy CZWARTEK \ud83d\udcc6 18:30 do 20:00 W ibz, je\u015bli na zewn\u0105trz jest \u0142ad\u00adna pogoda<\/p>\n","category_list_v2":"","author_info_v2":{"name":"Andrea Ramirez","url":"https:\/\/www.anika-net.de\/pl\/author\/andrea-ramirez\/"},"comments_num_v2":"0 comments","uagb_featured_image_src":{"full":["https:\/\/www.anika-net.de\/wp-content\/uploads\/2021\/10\/20200806_185416-e1776247044533.jpg",1200,800,false],"thumbnail":["https:\/\/www.anika-net.de\/wp-content\/uploads\/2021\/10\/20200806_185416-150x150.jpg",150,150,true],"medium":["https:\/\/www.anika-net.de\/wp-content\/uploads\/2021\/10\/20200806_185416-300x200.jpg",300,200,true],"medium_large":["https:\/\/www.anika-net.de\/wp-content\/uploads\/2021\/10\/20200806_185416-768x512.jpg",640,427,true],"large":["https:\/\/www.anika-net.de\/wp-content\/uploads\/2021\/10\/20200806_185416-1024x683.jpg",640,427,true],"1536x1536":["https:\/\/www.anika-net.de\/wp-content\/uploads\/2021\/10\/20200806_185416-e1776247044533.jpg",1200,800,false],"2048x2048":["https:\/\/www.anika-net.de\/wp-content\/uploads\/2021\/10\/20200806_185416-e1776247044533.jpg",1200,800,false],"event-overview":["https:\/\/www.anika-net.de\/wp-content\/uploads\/2021\/10\/20200806_185416-960x640.jpg",960,640,true],"event-archive-thumb":["https:\/\/www.anika-net.de\/wp-content\/uploads\/2021\/10\/20200806_185416-480x320.jpg",480,320,true],"grid-item-thumbnail":["https:\/\/www.anika-net.de\/wp-content\/uploads\/2021\/10\/20200806_185416-360x200.jpg",360,200,true],"network-partner-icon":["https:\/\/www.anika-net.de\/wp-content\/uploads\/2021\/10\/20200806_185416-100x100.jpg",100,100,true],"organiser-icon":["https:\/\/www.anika-net.de\/wp-content\/uploads\/2021\/10\/20200806_185416-200x200.jpg",200,200,true],"gform-image-choice-sm":["https:\/\/www.anika-net.de\/wp-content\/uploads\/2021\/10\/20200806_185416-e1776247044533.jpg",300,200,false],"gform-image-choice-md":["https:\/\/www.anika-net.de\/wp-content\/uploads\/2021\/10\/20200806_185416-e1776247044533.jpg",400,267,false],"gform-image-choice-lg":["https:\/\/www.anika-net.de\/wp-content\/uploads\/2021\/10\/20200806_185416-e1776247044533.jpg",600,400,false]},"uagb_author_info":{"display_name":"Andrea Ramirez","author_link":"https:\/\/www.anika-net.de\/pl\/author\/andrea-ramirez\/"},"uagb_comment_info":0,"uagb_excerpt":"Ofer\u00adta wsp\u00f3l\u00adne\u00adgo m\u00f3wie\u00adnia po nie\u00admiec\u00adku w ma\u0142ych, mode\u00adro\u00adwa\u00adnych grupach Sprech\u00adPunkt - \u0106wicz razem niemiecki Je\u015bli chcesz uczy\u0107 si\u0119 i \u0107wi\u00adczy\u0107 j\u0119zyk nie\u00admiec\u00adki, ser\u00addecz\u00adnie zapra\u00adsza\u00admy na nasze rand\u00adki. Sprech\u00adPunkt jest ofer\u00adt\u0105&nbsp;czytaj wi\u0119cej","_links":{"self":[{"href":"https:\/\/www.anika-net.de\/pl\/wp-json\/wp\/v2\/event\/60525","targetHints":{"allow":["GET"]}}],"collection":[{"href":"https:\/\/www.anika-net.de\/pl\/wp-json\/wp\/v2\/event"}],"about":[{"href":"https:\/\/www.anika-net.de\/pl\/wp-json\/wp\/v2\/types\/event"}],"author":[{"embeddable":true,"href":"https:\/\/www.anika-net.de\/pl\/wp-json\/wp\/v2\/users\/12"}],"version-history":[{"count":2,"href":"https:\/\/www.anika-net.de\/pl\/wp-json\/wp\/v2\/event\/60525\/revisions"}],"predecessor-version":[{"id":60840,"href":"https:\/\/www.anika-net.de\/pl\/wp-json\/wp\/v2\/event\/60525\/revisions\/60840"}],"acf:post":[{"embeddable":true,"href":"https:\/\/www.anika-net.de\/pl\/wp-json\/wp\/v2\/organiser\/6704"}],"acf:term":[{"embeddable":true,"taxonomy":"event_category","href":"https:\/\/www.anika-net.de\/pl\/wp-json\/wp\/v2\/event_category\/182"}],"wp:featuredmedia":[{"embeddable":true,"href":"https:\/\/www.anika-net.de\/pl\/wp-json\/wp\/v2\/media\/11111"}],"wp:attachment":[{"href":"https:\/\/www.anika-net.de\/pl\/wp-json\/wp\/v2\/media?parent=60525"}],"curies":[{"name":"wp","href":"https:\/\/api.w.org\/{rel}","templated":true}]}}

Sprech­Punkt — ćwicz razem niemiecki

<h3><span style="color: #666699;">Ofer­ta wspól­ne­go mówie­nia po nie­miec­ku w małych, mode­ro­wa­nych grupach</span></h3>
<h1><span style="color: #008080;"><span style="color: #ff6600;">Sprech­Punkt -</span> </span><span style="color: #ff6600;"><strong>Ćwicz razem niemiecki</strong></span></h1>
<p>Jeśli chcesz uczyć się i ćwi­czyć język nie­miec­ki, ser­decz­nie zapra­sza­my na nasze rand­ki. Sprech­Punkt jest ofer­tą bezpłatną.</p>
<p>Gru­py są two­rzo­ne w zależ­no­ści od pozio­mu zna­jo­mo­ści języka.<br>
Nie­miec­ko­ję­zycz­ni wolon­ta­riu­sze cze­ka­ją na Ciebie!</p>
<p><em><strong>Reje­stra­cja nie jest wymagana!</strong></em></p>
<hr>
<p><span style="color: #666699;">Mamy spo­tka­nia ana­lo­go­we i cyfrowe:</span></p>
<h2><span style="color: #008080;"><strong><em>Cyfro­wy poniedziałek</em></strong></span></h2>
<p>📆 18:30 do 20:00</p>
<p>Spo­tka­nia odby­wa­ją się za pośred­nic­twem <strong>Micro­soft Teams</strong>.<br>
<strong>Pod</strong> lin­kiem: https://teams.live.com/meet/9334486701936?p=aoq1s0OJBfFGkmvL0G<br>
moż­na wziąć udział za pośred­nic­twem prze­glą­dar­ki inter­ne­to­wej lub apli­ka­cji&nbsp;Teams.</p>
<h2><span style="color: #333399;"><strong><em>Ana­lo­go­wy CZWARTEK</em></strong></span></h2>
<p>📆 18:30 do 20:00</p>
<p>W ibz, jeśli na zewnątrz jest ład­na pogoda</p>

<p>Ofer­ta wspól­ne­go mówie­nia po nie­miec­ku w małych, mode­ro­wa­nych gru­pach Sprech­Punkt — Ćwicz razem nie­miec­ki Jeśli chcesz uczyć się i ćwi­czyć język nie­miec­ki, ser­decz­nie zapra­sza­my na nasze rand­ki. Sprech­Punkt jest ofer­tą bez­płat­ną. Gru­py są two­rzo­ne w zależ­no­ści od pozio­mu zna­jo­mo­ści języ­ka. Nie­miec­ko­ję­zycz­ni wolon­ta­riu­sze cze­ka­ją na Cie­bie! Reje­stra­cja nie jest wyma­ga­na! Mamy spo­tka­nia ana­lo­go­we i cyfro­we: Cyfro­wy ponie­dzia­łek 📆 18:30 do 20:00 Spo­tka­nia odby­wa­ją się za pośred­nic­twem Micro­soft Teams. Pod lin­kiem: https://teams.live.com/meet/9334486701936?p=aoq1s0OJBfFGkmvL0G moż­na wziąć udział za pośred­nic­twem prze­glą­dar­ki inter­ne­to­wej lub apli­ka­cji&nbsp;Teams. Ana­lo­go­wy CZWARTEK 📆 18:30 do 20:00 W ibz, jeśli na zewnątrz jest ład­na pogoda</p>

Ofer­ta wspól­ne­go mówie­nia po nie­miec­ku w małych, mode­ro­wa­nych grupach Sprech­Punkt - Ćwicz razem niemiecki Jeśli chcesz uczyć się i ćwi­czyć język nie­miec­ki, ser­decz­nie zapra­sza­my na nasze rand­ki. Sprech­Punkt jest ofer­tą&nbsp;czytaj więcej
