{"id":58859,"date":"2025-02-19T19:27:23","date_gmt":"2025-02-19T18:27:23","guid":{"rendered":"https:\/\/www.anika-net.de\/event\/co-to-znaczy-byc-obcym\/"},"modified":"2025-04-17T15:34:42","modified_gmt":"2025-04-17T13:34:42","slug":"co-to-znaczy-byc-obcym","status":"publish","type":"event","link":"https:\/\/www.anika-net.de\/pl\/event\/co-to-znaczy-byc-obcym\/","title":{"rendered":"Co to zna\u00adczy by\u0107&nbsp;obcym?"},"content":{"rendered":"<h4><span style=\"color: #808080;\">Mi\u0119\u00addzy\u00adna\u00adro\u00addo\u00adwy Tydzie\u0144 prze\u00adciw\u00adko Rasi\u00adzmo\u00adwi Karls\u00adru\u00adhe&nbsp;2025<\/span><\/h4>\n<h1><span style=\"color: #800080;\">Co to zna\u00adczy by\u0107&nbsp;obcym?<\/span><br>\n<span style=\"color: #666699;\">Czy\u017c nie jeste\u00ad\u015bmy wszy\u00adscy obcy w pew\u00adnym momen\u00adcie i miejscu?<\/span><\/h1>\n<p>Pro\u00adjekt arty\u00adstycz\u00adny bada rasizm, dys\u00adkry\u00admi\u00adna\u00adcj\u0119 i inte\u00adgra\u00adcj\u0119 poprzez poezj\u0119, film i&nbsp;teatr.<\/p>\n<p>Poznaj poru\u00adsza\u00adj\u0105\u00adce histo\u00adrie o migra\u00adcji, stra\u00adcie i to\u017c\u00adsa\u00admo\u00ad\u015bci \u2014 po\u0142\u0105\u00adczo\u00adne muzy\u00adk\u0105 jako ele\u00admen\u00adtem emocjonalnym.<\/p>\n<p><em>We wsp\u00f3\u0142\u00adpra\u00adcy z Tiy\u00adatro Dia\u00adlo\u00adgue i The\u00adatre Kaleidoskopic.<\/em><\/p>\n","protected":false},"author":12,"featured_media":58839,"template":"","class_list":["post-58859","event","type-event","status-publish","has-post-thumbnail","hentry","event_category-rekreacja"],"acf":{"event-recurring":false,"event-category":184,"event-is-language-course":false,"event-recurring-still-active":true,"event-display-details":true,"event-schedules-recurring":null,"event-schedules-calendar":[{"event-calendar-day":"20250319","event-calendar-time":"19:00","event-calendar-time-text":""}],"event-is-online":false,"event-online-url":"","event-location-building":"Tempel Kulturzentrum","event-location-street":"Hardstra\u00dfe 37 a","event-location-zip":"76185","event-location-city":"Karlsruhe","event-location-contact-person":"Frau Anna Kastalion","event-location-phone":"0721\/ 831 45 70","event-location-phone-2":"","event-location-mail":"anna.kastalion@lmdr.de","event-location-mail-2":"","event-location-website":"","event-target-group":[{"target-group":"all"}],"event-target-group-comment":"","event-free":true,"event-organiser":[6766],"event-header-copyright-overlay":true,"event-copyright-note-description-end":false},"featured_image_urls_v2":{"full":["https:\/\/www.anika-net.de\/wp-content\/uploads\/2025\/02\/Woche-gegen-Ras-.png",1472,830,false],"thumbnail":["https:\/\/www.anika-net.de\/wp-content\/uploads\/2025\/02\/Woche-gegen-Ras--150x150.png",150,150,true],"medium":["https:\/\/www.anika-net.de\/wp-content\/uploads\/2025\/02\/Woche-gegen-Ras--300x169.png",300,169,true],"medium_large":["https:\/\/www.anika-net.de\/wp-content\/uploads\/2025\/02\/Woche-gegen-Ras--768x433.png",640,361,true],"large":["https:\/\/www.anika-net.de\/wp-content\/uploads\/2025\/02\/Woche-gegen-Ras--1024x577.png",640,361,true],"1536x1536":["https:\/\/www.anika-net.de\/wp-content\/uploads\/2025\/02\/Woche-gegen-Ras-.png",1472,830,false],"2048x2048":["https:\/\/www.anika-net.de\/wp-content\/uploads\/2025\/02\/Woche-gegen-Ras-.png",1472,830,false],"event-overview":["https:\/\/www.anika-net.de\/wp-content\/uploads\/2025\/02\/Woche-gegen-Ras--960x640.png",960,640,true],"event-archive-thumb":["https:\/\/www.anika-net.de\/wp-content\/uploads\/2025\/02\/Woche-gegen-Ras--480x271.png",480,271,true],"grid-item-thumbnail":["https:\/\/www.anika-net.de\/wp-content\/uploads\/2025\/02\/Woche-gegen-Ras--360x200.png",360,200,true],"network-partner-icon":["https:\/\/www.anika-net.de\/wp-content\/uploads\/2025\/02\/Woche-gegen-Ras--100x100.png",100,100,true],"organiser-icon":["https:\/\/www.anika-net.de\/wp-content\/uploads\/2025\/02\/Woche-gegen-Ras--200x200.png",200,200,true],"gform-image-choice-sm":["https:\/\/www.anika-net.de\/wp-content\/uploads\/2025\/02\/Woche-gegen-Ras-.png",300,169,false],"gform-image-choice-md":["https:\/\/www.anika-net.de\/wp-content\/uploads\/2025\/02\/Woche-gegen-Ras-.png",400,226,false],"gform-image-choice-lg":["https:\/\/www.anika-net.de\/wp-content\/uploads\/2025\/02\/Woche-gegen-Ras-.png",600,338,false]},"post_excerpt_stackable_v2":"<p>Mi\u0119\u00addzy\u00adna\u00adro\u00addo\u00adwy Tydzie\u0144 prze\u00adciw\u00adko Rasi\u00adzmo\u00adwi Karls\u00adru\u00adhe&nbsp;2025 Co to zna\u00adczy by\u0107&nbsp;obcym? Czy\u017c nie jeste\u00ad\u015bmy wszy\u00adscy obcy w pew\u00adnym momen\u00adcie i miej\u00adscu? Pro\u00adjekt arty\u00adstycz\u00adny bada rasizm, dys\u00adkry\u00admi\u00adna\u00adcj\u0119 i inte\u00adgra\u00adcj\u0119 poprzez poezj\u0119, film i&nbsp;teatr. Poznaj poru\u00adsza\u00adj\u0105\u00adce histo\u00adrie o migra\u00adcji, stra\u00adcie i to\u017c\u00adsa\u00admo\u00ad\u015bci \u2014 po\u0142\u0105\u00adczo\u00adne muzy\u00adk\u0105 jako ele\u00admen\u00adtem emo\u00adcjo\u00adnal\u00adnym. We wsp\u00f3\u0142\u00adpra\u00adcy z Tiy\u00adatro Dia\u00adlo\u00adgue i The\u00adatre Kaleidoskopic.<\/p>\n","category_list_v2":"","author_info_v2":{"name":"Andrea Ramirez","url":"https:\/\/www.anika-net.de\/pl\/author\/andrea-ramirez\/"},"comments_num_v2":"0 comments","uagb_featured_image_src":{"full":["https:\/\/www.anika-net.de\/wp-content\/uploads\/2025\/02\/Woche-gegen-Ras-.png",1472,830,false],"thumbnail":["https:\/\/www.anika-net.de\/wp-content\/uploads\/2025\/02\/Woche-gegen-Ras--150x150.png",150,150,true],"medium":["https:\/\/www.anika-net.de\/wp-content\/uploads\/2025\/02\/Woche-gegen-Ras--300x169.png",300,169,true],"medium_large":["https:\/\/www.anika-net.de\/wp-content\/uploads\/2025\/02\/Woche-gegen-Ras--768x433.png",640,361,true],"large":["https:\/\/www.anika-net.de\/wp-content\/uploads\/2025\/02\/Woche-gegen-Ras--1024x577.png",640,361,true],"1536x1536":["https:\/\/www.anika-net.de\/wp-content\/uploads\/2025\/02\/Woche-gegen-Ras-.png",1472,830,false],"2048x2048":["https:\/\/www.anika-net.de\/wp-content\/uploads\/2025\/02\/Woche-gegen-Ras-.png",1472,830,false],"event-overview":["https:\/\/www.anika-net.de\/wp-content\/uploads\/2025\/02\/Woche-gegen-Ras--960x640.png",960,640,true],"event-archive-thumb":["https:\/\/www.anika-net.de\/wp-content\/uploads\/2025\/02\/Woche-gegen-Ras--480x271.png",480,271,true],"grid-item-thumbnail":["https:\/\/www.anika-net.de\/wp-content\/uploads\/2025\/02\/Woche-gegen-Ras--360x200.png",360,200,true],"network-partner-icon":["https:\/\/www.anika-net.de\/wp-content\/uploads\/2025\/02\/Woche-gegen-Ras--100x100.png",100,100,true],"organiser-icon":["https:\/\/www.anika-net.de\/wp-content\/uploads\/2025\/02\/Woche-gegen-Ras--200x200.png",200,200,true],"gform-image-choice-sm":["https:\/\/www.anika-net.de\/wp-content\/uploads\/2025\/02\/Woche-gegen-Ras-.png",300,169,false],"gform-image-choice-md":["https:\/\/www.anika-net.de\/wp-content\/uploads\/2025\/02\/Woche-gegen-Ras-.png",400,226,false],"gform-image-choice-lg":["https:\/\/www.anika-net.de\/wp-content\/uploads\/2025\/02\/Woche-gegen-Ras-.png",600,338,false]},"uagb_author_info":{"display_name":"Andrea Ramirez","author_link":"https:\/\/www.anika-net.de\/pl\/author\/andrea-ramirez\/"},"uagb_comment_info":0,"uagb_excerpt":"Mi\u0119\u00addzy\u00adna\u00adro\u00addo\u00adwy Tydzie\u0144 prze\u00adciw\u00adko Rasi\u00adzmo\u00adwi Karls\u00adru\u00adhe&nbsp;2025 Co to zna\u00adczy by\u0107&nbsp;obcym? Czy\u017c nie jeste\u00ad\u015bmy wszy\u00adscy obcy w pew\u00adnym momen\u00adcie i miejscu? Pro\u00adjekt arty\u00adstycz\u00adny bada rasizm, dys\u00adkry\u00admi\u00adna\u00adcj\u0119 i inte\u00adgra\u00adcj\u0119 poprzez poezj\u0119, film i&nbsp;teatr.&nbsp;czytaj wi\u0119cej","_links":{"self":[{"href":"https:\/\/www.anika-net.de\/pl\/wp-json\/wp\/v2\/event\/58859","targetHints":{"allow":["GET"]}}],"collection":[{"href":"https:\/\/www.anika-net.de\/pl\/wp-json\/wp\/v2\/event"}],"about":[{"href":"https:\/\/www.anika-net.de\/pl\/wp-json\/wp\/v2\/types\/event"}],"author":[{"embeddable":true,"href":"https:\/\/www.anika-net.de\/pl\/wp-json\/wp\/v2\/users\/12"}],"version-history":[{"count":2,"href":"https:\/\/www.anika-net.de\/pl\/wp-json\/wp\/v2\/event\/58859\/revisions"}],"predecessor-version":[{"id":60827,"href":"https:\/\/www.anika-net.de\/pl\/wp-json\/wp\/v2\/event\/58859\/revisions\/60827"}],"acf:post":[{"embeddable":true,"href":"https:\/\/www.anika-net.de\/pl\/wp-json\/wp\/v2\/organiser\/6766"}],"acf:term":[{"embeddable":true,"taxonomy":"event_category","href":"https:\/\/www.anika-net.de\/pl\/wp-json\/wp\/v2\/event_category\/184"}],"wp:featuredmedia":[{"embeddable":true,"href":"https:\/\/www.anika-net.de\/pl\/wp-json\/wp\/v2\/media\/58839"}],"wp:attachment":[{"href":"https:\/\/www.anika-net.de\/pl\/wp-json\/wp\/v2\/media?parent=58859"}],"curies":[{"name":"wp","href":"https:\/\/api.w.org\/{rel}","templated":true}]}}

Co to zna­czy być&nbsp;obcym?

<h4><span style="color: #808080;">Mię­dzy­na­ro­do­wy Tydzień prze­ciw­ko Rasi­zmo­wi Karls­ru­he&nbsp;2025</span></h4>
<h1><span style="color: #800080;">Co to zna­czy być&nbsp;obcym?</span><br>
<span style="color: #666699;">Czyż nie jeste­śmy wszy­scy obcy w pew­nym momen­cie i miejscu?</span></h1>
<p>Pro­jekt arty­stycz­ny bada rasizm, dys­kry­mi­na­cję i inte­gra­cję poprzez poezję, film i&nbsp;teatr.</p>
<p>Poznaj poru­sza­ją­ce histo­rie o migra­cji, stra­cie i toż­sa­mo­ści — połą­czo­ne muzy­ką jako ele­men­tem emocjonalnym.</p>
<p><em>We współ­pra­cy z Tiy­atro Dia­lo­gue i The­atre Kaleidoskopic.</em></p>

Hardstraße 37 a

<p>Mię­dzy­na­ro­do­wy Tydzień prze­ciw­ko Rasi­zmo­wi Karls­ru­he&nbsp;2025 Co to zna­czy być&nbsp;obcym? Czyż nie jeste­śmy wszy­scy obcy w pew­nym momen­cie i miej­scu? Pro­jekt arty­stycz­ny bada rasizm, dys­kry­mi­na­cję i inte­gra­cję poprzez poezję, film i&nbsp;teatr. Poznaj poru­sza­ją­ce histo­rie o migra­cji, stra­cie i toż­sa­mo­ści — połą­czo­ne muzy­ką jako ele­men­tem emo­cjo­nal­nym. We współ­pra­cy z Tiy­atro Dia­lo­gue i The­atre Kaleidoskopic.</p>

Mię­dzy­na­ro­do­wy Tydzień prze­ciw­ko Rasi­zmo­wi Karls­ru­he&nbsp;2025 Co to zna­czy być&nbsp;obcym? Czyż nie jeste­śmy wszy­scy obcy w pew­nym momen­cie i miejscu? Pro­jekt arty­stycz­ny bada rasizm, dys­kry­mi­na­cję i inte­gra­cję poprzez poezję, film i&nbsp;teatr.&nbsp;czytaj więcej
