{"id":58747,"date":"2025-02-19T12:59:15","date_gmt":"2025-02-19T11:59:15","guid":{"rendered":"https:\/\/www.anika-net.de\/event\/twoje-pomysly-dla-twojego-miasta-11-konferencja-mlodziezowa-w-karlsruhe\/"},"modified":"2025-04-17T15:34:32","modified_gmt":"2025-04-17T13:34:32","slug":"twoje-pomysly-dla-twojego-miasta-11-konferencja-mlodziezowa-w-karlsruhe","status":"publish","type":"event","link":"https:\/\/www.anika-net.de\/pl\/event\/twoje-pomysly-dla-twojego-miasta-11-konferencja-mlodziezowa-w-karlsruhe\/","title":{"rendered":"Two\u00adje pomy\u00ads\u0142y dla Two\u00adje\u00adgo mia\u00adsta \u2014 11. kon\u00adfe\u00adren\u00adcja m\u0142o\u00addzie\u00ad\u017co\u00adwa w Karlsruhe"},"content":{"rendered":"<h4><span style=\"color: #666699;\">11 Kon\u00adfe\u00adren\u00adcja M\u0142o\u00addzie\u00ad\u017co\u00adwa w Karlsruhe<\/span><\/h4>\n<h1><span style=\"color: #333399;\">Two\u00adje pomy\u00ads\u0142y na miasto<\/span><\/h1>\n<blockquote>\n<p style=\"text-align: center;\"><em>\u201cCo jest nie tak z boiskiem pi\u0142\u00adkar\u00adskim w two\u00adjej dziel\u00adni\u00adcy? Gdzie mo\u017c\u00adna si\u0119 spo\u00adtka\u0107? I co chcia\u0142\u00adby\u015b zmie\u00adni\u0107 lub ulep\u00adszy\u0107 w Karlsruhe?\u201d<br>\nTo tyl\u00adko trzy z wie\u00adlu pyta\u0144, na kt\u00f3\u00adre mo\u017c\u00adna odpo\u00adwie\u00addzie\u0107 pod\u00adczas Kon\u00adfe\u00adren\u00adcji M\u0142o\u00addzie\u00ad\u017co\u00adwej w Karlsruhe.<\/em><\/p>\n<\/blockquote>\n<p>Pod\u00adczas <strong>11. Kon\u00adfe\u00adren\u00adcji M\u0142o\u00addzie\u00ad\u017cy Karls\u00adru\u00adhe<\/strong>, kt\u00f3\u00adra odb\u0119\u00addzie si\u0119 22 mar\u00adca 2025 r. w ratu\u00adszu w Karls\u00adru\u00adhe, m\u0142o\u00addzi ludzie po raz kolej\u00adny b\u0119d\u0105 mogli uczest\u00adni\u00adczy\u0107 w kszta\u0142\u00adto\u00adwa\u00adniu swo\u00adje\u00adgo mia\u00adsta i do\u015bwiad\u00adczy\u0107 pro\u00adce\u00ads\u00f3w demo\u00adkra\u00adtycz\u00adnych z pierw\u00adszej&nbsp;r\u0119ki.<\/p>\n<p>Wyko\u00adnal\u00adno\u015b\u0107 pro\u00adpo\u00adzy\u00adcji zosta\u00adnie om\u00f3\u00adwio\u00adna z przed\u00adsta\u00adwi\u00adcie\u00adla\u00admi poli\u00adty\u00adki i administracji.<br>\nZapra\u00adsza\u00admy wszyst\u00adkich m\u0142o\u00addych ludzi w wie\u00adku od 14 lat. Byli\u00adby\u00ad\u015bmy zachwy\u00adce\u00adni, gdy\u00adby wie\u00adlu m\u0142o\u00addych ludzi zna\u00adla\u00adz\u0142o dro\u00adg\u0119 do ratu\u00adsza w Karls\u00adru\u00adhe i wzi\u0119\u00ad\u0142o udzia\u0142 w roz\u00adwo\u00adju mia\u00adsta z w\u0142a\u00adsny\u00admi pomy\u00ads\u0142a\u00admi i sugestiami.<\/p>\n","protected":false},"author":12,"featured_media":58732,"template":"","class_list":["post-58747","event","type-event","status-publish","has-post-thumbnail","hentry","event_category-rekreacja"],"acf":{"event-recurring":false,"event-category":184,"event-is-language-course":false,"event-recurring-still-active":true,"event-display-details":true,"event-schedules-recurring":null,"event-schedules-calendar":[{"event-calendar-day":"20250322","event-calendar-time":"14:00","event-calendar-time-text":""}],"event-is-online":false,"event-online-url":"","event-location-building":"B\u00fcrgersaal (Rathaus Karlsruhe)","event-location-street":"Karl-Friedrich-Stra\u00dfe 10","event-location-zip":"76133","event-location-city":"Karlsruhe","event-location-contact-person":"Nicolai B\u00f6rckel","event-location-phone":"0721 133 5603","event-location-phone-2":"","event-location-mail":"n.boerckel@stja.de","event-location-mail-2":"","event-location-website":"https:\/\/karlsruherjugendkonferenz.de\/","event-target-group":[{"target-group":"teens"},{"target-group":"students"}],"event-target-group-comment":"","event-free":true,"event-organiser":[8665],"event-header-copyright-overlay":true,"event-copyright-note-description-end":false},"featured_image_urls_v2":{"full":["https:\/\/www.anika-net.de\/wp-content\/uploads\/2025\/02\/Jugendkonferenz.png",1414,2000,false],"thumbnail":["https:\/\/www.anika-net.de\/wp-content\/uploads\/2025\/02\/Jugendkonferenz-150x150.png",150,150,true],"medium":["https:\/\/www.anika-net.de\/wp-content\/uploads\/2025\/02\/Jugendkonferenz-212x300.png",212,300,true],"medium_large":["https:\/\/www.anika-net.de\/wp-content\/uploads\/2025\/02\/Jugendkonferenz-768x1086.png",640,905,true],"large":["https:\/\/www.anika-net.de\/wp-content\/uploads\/2025\/02\/Jugendkonferenz-724x1024.png",640,905,true],"1536x1536":["https:\/\/www.anika-net.de\/wp-content\/uploads\/2025\/02\/Jugendkonferenz-1086x1536.png",1086,1536,true],"2048x2048":["https:\/\/www.anika-net.de\/wp-content\/uploads\/2025\/02\/Jugendkonferenz.png",1414,2000,false],"event-overview":["https:\/\/www.anika-net.de\/wp-content\/uploads\/2025\/02\/Jugendkonferenz-960x640.png",960,640,true],"event-archive-thumb":["https:\/\/www.anika-net.de\/wp-content\/uploads\/2025\/02\/Jugendkonferenz-480x679.png",480,679,true],"grid-item-thumbnail":["https:\/\/www.anika-net.de\/wp-content\/uploads\/2025\/02\/Jugendkonferenz-360x200.png",360,200,true],"network-partner-icon":["https:\/\/www.anika-net.de\/wp-content\/uploads\/2025\/02\/Jugendkonferenz-100x100.png",100,100,true],"organiser-icon":["https:\/\/www.anika-net.de\/wp-content\/uploads\/2025\/02\/Jugendkonferenz-200x200.png",200,200,true],"gform-image-choice-sm":["https:\/\/www.anika-net.de\/wp-content\/uploads\/2025\/02\/Jugendkonferenz.png",212,300,false],"gform-image-choice-md":["https:\/\/www.anika-net.de\/wp-content\/uploads\/2025\/02\/Jugendkonferenz.png",283,400,false],"gform-image-choice-lg":["https:\/\/www.anika-net.de\/wp-content\/uploads\/2025\/02\/Jugendkonferenz.png",424,600,false]},"post_excerpt_stackable_v2":"<p>11 Kon\u00adfe\u00adren\u00adcja M\u0142o\u00addzie\u00ad\u017co\u00adwa w Karls\u00adru\u00adhe Two\u00adje pomy\u00ads\u0142y na mia\u00adsto \u201cCo jest nie tak z boiskiem pi\u0142\u00adkar\u00adskim w two\u00adjej dziel\u00adni\u00adcy? Gdzie mo\u017c\u00adna si\u0119 spo\u00adtka\u0107? I co chcia\u0142\u00adby\u015b zmie\u00adni\u0107 lub ulep\u00adszy\u0107 w Karls\u00adru\u00adhe?\u201d To tyl\u00adko trzy z wie\u00adlu pyta\u0144, na kt\u00f3\u00adre mo\u017c\u00adna odpo\u00adwie\u00addzie\u0107 pod\u00adczas Kon\u00adfe\u00adren\u00adcji M\u0142o\u00addzie\u00ad\u017co\u00adwej w Karls\u00adru\u00adhe. Pod\u00adczas 11. Kon\u00adfe\u00adren\u00adcji M\u0142o\u00addzie\u00ad\u017cy Karls\u00adru\u00adhe, kt\u00f3\u00adra odb\u0119\u00addzie si\u0119 22 mar\u00adca 2025 r. w ratu\u00adszu w Karls\u00adru\u00adhe, m\u0142o\u00addzi ludzie po raz kolej\u00adny b\u0119d\u0105 mogli uczest\u00adni\u00adczy\u0107 w kszta\u0142\u00adto\u00adwa\u00adniu swo\u00adje\u00adgo mia\u00adsta i do\u015bwiad\u00adczy\u0107 pro\u00adce\u00ads\u00f3w demo\u00adkra\u00adtycz\u00adnych z pierw\u00adszej&nbsp;r\u0119ki. Wyko\u00adnal\u00adno\u015b\u0107 pro\u00adpo\u00adzy\u00adcji zosta\u00adnie om\u00f3\u00adwio\u00adna z przed\u00adsta\u00adwi\u00adcie\u00adla\u00admi poli\u00adty\u00adki i admi\u00adni\u00adstra\u00adcji. Zapra\u00adsza\u00admy wszyst\u00adkich m\u0142o\u00addych ludzi w wie\u00adku od 14 lat. Byli\u00adby\u00ad\u015bmy zachwyceni,\u2026<\/p>\n","category_list_v2":"","author_info_v2":{"name":"Andrea Ramirez","url":"https:\/\/www.anika-net.de\/pl\/author\/andrea-ramirez\/"},"comments_num_v2":"0 comments","uagb_featured_image_src":{"full":["https:\/\/www.anika-net.de\/wp-content\/uploads\/2025\/02\/Jugendkonferenz.png",1414,2000,false],"thumbnail":["https:\/\/www.anika-net.de\/wp-content\/uploads\/2025\/02\/Jugendkonferenz-150x150.png",150,150,true],"medium":["https:\/\/www.anika-net.de\/wp-content\/uploads\/2025\/02\/Jugendkonferenz-212x300.png",212,300,true],"medium_large":["https:\/\/www.anika-net.de\/wp-content\/uploads\/2025\/02\/Jugendkonferenz-768x1086.png",640,905,true],"large":["https:\/\/www.anika-net.de\/wp-content\/uploads\/2025\/02\/Jugendkonferenz-724x1024.png",640,905,true],"1536x1536":["https:\/\/www.anika-net.de\/wp-content\/uploads\/2025\/02\/Jugendkonferenz-1086x1536.png",1086,1536,true],"2048x2048":["https:\/\/www.anika-net.de\/wp-content\/uploads\/2025\/02\/Jugendkonferenz.png",1414,2000,false],"event-overview":["https:\/\/www.anika-net.de\/wp-content\/uploads\/2025\/02\/Jugendkonferenz-960x640.png",960,640,true],"event-archive-thumb":["https:\/\/www.anika-net.de\/wp-content\/uploads\/2025\/02\/Jugendkonferenz-480x679.png",480,679,true],"grid-item-thumbnail":["https:\/\/www.anika-net.de\/wp-content\/uploads\/2025\/02\/Jugendkonferenz-360x200.png",360,200,true],"network-partner-icon":["https:\/\/www.anika-net.de\/wp-content\/uploads\/2025\/02\/Jugendkonferenz-100x100.png",100,100,true],"organiser-icon":["https:\/\/www.anika-net.de\/wp-content\/uploads\/2025\/02\/Jugendkonferenz-200x200.png",200,200,true],"gform-image-choice-sm":["https:\/\/www.anika-net.de\/wp-content\/uploads\/2025\/02\/Jugendkonferenz.png",212,300,false],"gform-image-choice-md":["https:\/\/www.anika-net.de\/wp-content\/uploads\/2025\/02\/Jugendkonferenz.png",283,400,false],"gform-image-choice-lg":["https:\/\/www.anika-net.de\/wp-content\/uploads\/2025\/02\/Jugendkonferenz.png",424,600,false]},"uagb_author_info":{"display_name":"Andrea Ramirez","author_link":"https:\/\/www.anika-net.de\/pl\/author\/andrea-ramirez\/"},"uagb_comment_info":0,"uagb_excerpt":"11 Kon\u00adfe\u00adren\u00adcja M\u0142o\u00addzie\u00ad\u017co\u00adwa w Karlsruhe Two\u00adje pomy\u00ads\u0142y na miasto \u201cCo jest nie tak z boiskiem pi\u0142\u00adkar\u00adskim w two\u00adjej dziel\u00adni\u00adcy? Gdzie mo\u017c\u00adna si\u0119 spo\u00adtka\u0107? I co chcia\u0142\u00adby\u015b zmie\u00adni\u0107 lub ulep\u00adszy\u0107 w&nbsp;czytaj wi\u0119cej","_links":{"self":[{"href":"https:\/\/www.anika-net.de\/pl\/wp-json\/wp\/v2\/event\/58747","targetHints":{"allow":["GET"]}}],"collection":[{"href":"https:\/\/www.anika-net.de\/pl\/wp-json\/wp\/v2\/event"}],"about":[{"href":"https:\/\/www.anika-net.de\/pl\/wp-json\/wp\/v2\/types\/event"}],"author":[{"embeddable":true,"href":"https:\/\/www.anika-net.de\/pl\/wp-json\/wp\/v2\/users\/12"}],"version-history":[{"count":1,"href":"https:\/\/www.anika-net.de\/pl\/wp-json\/wp\/v2\/event\/58747\/revisions"}],"predecessor-version":[{"id":60821,"href":"https:\/\/www.anika-net.de\/pl\/wp-json\/wp\/v2\/event\/58747\/revisions\/60821"}],"acf:post":[{"embeddable":true,"href":"https:\/\/www.anika-net.de\/pl\/wp-json\/wp\/v2\/organiser\/8665"}],"acf:term":[{"embeddable":true,"taxonomy":"event_category","href":"https:\/\/www.anika-net.de\/pl\/wp-json\/wp\/v2\/event_category\/184"}],"wp:featuredmedia":[{"embeddable":true,"href":"https:\/\/www.anika-net.de\/pl\/wp-json\/wp\/v2\/media\/58732"}],"wp:attachment":[{"href":"https:\/\/www.anika-net.de\/pl\/wp-json\/wp\/v2\/media?parent=58747"}],"curies":[{"name":"wp","href":"https:\/\/api.w.org\/{rel}","templated":true}]}}

Two­je pomy­sły dla Two­je­go mia­sta — 11. kon­fe­ren­cja mło­dzie­żo­wa w Karlsruhe

<h4><span style="color: #666699;">11 Kon­fe­ren­cja Mło­dzie­żo­wa w Karlsruhe</span></h4>
<h1><span style="color: #333399;">Two­je pomy­sły na miasto</span></h1>
<blockquote>
<p style="text-align: center;"><em>“Co jest nie tak z boiskiem pił­kar­skim w two­jej dziel­ni­cy? Gdzie moż­na się spo­tkać? I co chciał­byś zmie­nić lub ulep­szyć w Karlsruhe?”<br>
To tyl­ko trzy z wie­lu pytań, na któ­re moż­na odpo­wie­dzieć pod­czas Kon­fe­ren­cji Mło­dzie­żo­wej w Karlsruhe.</em></p>
</blockquote>
<p>Pod­czas <strong>11. Kon­fe­ren­cji Mło­dzie­ży Karls­ru­he</strong>, któ­ra odbę­dzie się 22 mar­ca 2025 r. w ratu­szu w Karls­ru­he, mło­dzi ludzie po raz kolej­ny będą mogli uczest­ni­czyć w kształ­to­wa­niu swo­je­go mia­sta i doświad­czyć pro­ce­sów demo­kra­tycz­nych z pierw­szej&nbsp;ręki.</p>
<p>Wyko­nal­ność pro­po­zy­cji zosta­nie omó­wio­na z przed­sta­wi­cie­la­mi poli­ty­ki i administracji.<br>
Zapra­sza­my wszyst­kich mło­dych ludzi w wie­ku od 14 lat. Byli­by­śmy zachwy­ce­ni, gdy­by wie­lu mło­dych ludzi zna­la­zło dro­gę do ratu­sza w Karls­ru­he i wzię­ło udział w roz­wo­ju mia­sta z wła­sny­mi pomy­sła­mi i sugestiami.</p>

Bürgersaal (Rathaus Karlsruhe)

Karl-Friedrich-Straße 10

Nicolai Börckel

<p>11 Kon­fe­ren­cja Mło­dzie­żo­wa w Karls­ru­he Two­je pomy­sły na mia­sto “Co jest nie tak z boiskiem pił­kar­skim w two­jej dziel­ni­cy? Gdzie moż­na się spo­tkać? I co chciał­byś zmie­nić lub ulep­szyć w Karls­ru­he?” To tyl­ko trzy z wie­lu pytań, na któ­re moż­na odpo­wie­dzieć pod­czas Kon­fe­ren­cji Mło­dzie­żo­wej w Karls­ru­he. Pod­czas 11. Kon­fe­ren­cji Mło­dzie­ży Karls­ru­he, któ­ra odbę­dzie się 22 mar­ca 2025 r. w ratu­szu w Karls­ru­he, mło­dzi ludzie po raz kolej­ny będą mogli uczest­ni­czyć w kształ­to­wa­niu swo­je­go mia­sta i doświad­czyć pro­ce­sów demo­kra­tycz­nych z pierw­szej&nbsp;ręki. Wyko­nal­ność pro­po­zy­cji zosta­nie omó­wio­na z przed­sta­wi­cie­la­mi poli­ty­ki i admi­ni­stra­cji. Zapra­sza­my wszyst­kich mło­dych ludzi w wie­ku od 14 lat. Byli­by­śmy zachwyceni,…</p>

11 Kon­fe­ren­cja Mło­dzie­żo­wa w Karlsruhe Two­je pomy­sły na miasto “Co jest nie tak z boiskiem pił­kar­skim w two­jej dziel­ni­cy? Gdzie moż­na się spo­tkać? I co chciał­byś zmie­nić lub ulep­szyć w&nbsp;czytaj więcej
