{"id":58516,"date":"2025-02-11T12:00:34","date_gmt":"2025-02-11T11:00:34","guid":{"rendered":"https:\/\/www.anika-net.de\/event\/rumunski-wieczor-z-muzyka\/"},"modified":"2025-04-17T15:30:10","modified_gmt":"2025-04-17T13:30:10","slug":"rumunski-wieczor-z-muzyka","status":"publish","type":"event","link":"https:\/\/www.anika-net.de\/pl\/event\/rumunski-wieczor-z-muzyka\/","title":{"rendered":"Rumu\u0144\u00adski wie\u00adcz\u00f3r z muzyk\u0105"},"content":{"rendered":"<h4><span style=\"color: #666699;\">Kra\u00adje Ludzie Przysmaki:<\/span><\/h4>\n<h1><span style=\"color: #333399;\">Rumu\u0144\u00adski wie\u00adcz\u00f3r z muzyk\u0105<\/span><\/h1>\n<h3><span style=\"color: #008080;\">Spo\u00adtka\u00adnie kulinarno-kulturowe<\/span><br>\n<span style=\"color: #008080;\">Op\u0142a\u00adta za uczest\u00adnic\u00adtwo:&nbsp;25&nbsp;\u20ac<\/span><\/h3>\n<p>B\u0119dziesz przy\u00adgo\u00adto\u00adwy\u00adwa\u0107 przy\u00adsma\u00adki kuch\u00adni rumu\u0144\u00adskiej w ma\u0142ej gru\u00adpie i pod okiem eks\u00adper\u00adt\u00f3w. Do wybo\u00adru b\u0119d\u0105 r\u00f3\u017c\u00adne dania, w tym zar\u00f3w\u00adno wege\u00adta\u00adria\u0144\u00adskie, jak i mi\u0119\u00adsne, a tak\u00ad\u017ce pysz\u00adny deser. Nast\u0119p\u00adnie od godzi\u00adny 19:00 b\u0119dziesz ser\u00adwo\u00adwa\u0107 swo\u00adje menu \u201cgo\u015bciom\u201d. Pod\u00adczas wsp\u00f3l\u00adne\u00adgo jedze\u00adnia b\u0119dzie mo\u017c\u00adna poroz\u00adma\u00adwia\u0107 i cie\u00adszy\u0107 si\u0119 rumu\u0144\u00adsk\u0105 muzy\u00adk\u0105 i ta\u0144cami.<\/p>\n<p>To ju\u017c si\u00f3d\u00adme wyda\u00adrze\u00adnie z serii Koch\u00adKul\u00adtu\u00adrE\u00advents. W cen\u00adtrum uwa\u00adgi zawsze znaj\u00addu\u00adje si\u0119 kon\u00adty\u00adnent z regionem\/krajem i jego kuli\u00adnar\u00adny\u00admi przy\u00adsma\u00adka\u00admi, muzy\u00adk\u0105 i kul\u00adtu\u00adr\u0105. Je\u015bli chcia\u0142\u00adby\u015b pozna\u0107 kul\u00adtu\u00adr\u0119 Rumu\u00adnii z wyprze\u00addze\u00adniem, b\u0119dziesz mia\u0142 oka\u00adzj\u0119 to zro\u00adbi\u0107 pod\u00adczas pre\u00adzen\u00adta\u00adcji. B\u0105d\u017a ciekawy!<\/p>\n<p><strong>Pro\u00adsi\u00admy o rezer\u00adwa\u00adcj\u0119 kur\u00adsu goto\u00adwa\u00adnia pod nume\u00adrem 251\u201330300 na stro\u00adnie vhs oraz wyk\u0142a\u00addu pod nume\u00adrem 251\u201330301.<\/strong><\/p>\n<blockquote><p><em>Wsp\u00f3\u0142\u00adpra\u00adca w ramach kam\u00adpu\u00adsu edu\u00adka\u00adcyj\u00adne\u00adgo z KONS, ibz i&nbsp;VHS<\/em><\/p><\/blockquote>\n","protected":false},"author":12,"featured_media":58505,"template":"","class_list":["post-58516","event","type-event","status-publish","has-post-thumbnail","hentry","event_category-rekreacja"],"acf":{"event-recurring":false,"event-category":184,"event-is-language-course":false,"event-recurring-still-active":true,"event-display-details":true,"event-schedules-recurring":null,"event-schedules-calendar":[{"event-calendar-day":"20250315","event-calendar-time":"16:00 - 22:00","event-calendar-time-text":""}],"event-is-online":false,"event-online-url":"","event-location-building":"ibz - EG, Gro\u00dfer Saal ","event-location-street":"Kaiserallee 12d","event-location-zip":"76133","event-location-city":"Karlsruhe","event-location-contact-person":"","event-location-phone":"721 89 33 37 10  (ibz)","event-location-phone-2":"","event-location-mail":"","event-location-mail-2":"","event-location-website":"https:\/\/www.ibz-karlsruhe.de\/events\/laender-leute-leckereien-japan-347\/","event-target-group":[{"target-group":"all"}],"event-target-group-comment":"","event-free":false,"event-organiser":[8256,6704,28549,34261],"event-header-copyright-overlay":true,"event-copyright-note-description-end":true},"featured_image_urls_v2":{"full":["https:\/\/www.anika-net.de\/wp-content\/uploads\/2022\/11\/freestocks-_IZZKKL0uBs-unsplash-scaled.jpg",2560,1707,false],"thumbnail":["https:\/\/www.anika-net.de\/wp-content\/uploads\/2022\/11\/freestocks-_IZZKKL0uBs-unsplash-150x150.jpg",150,150,true],"medium":["https:\/\/www.anika-net.de\/wp-content\/uploads\/2022\/11\/freestocks-_IZZKKL0uBs-unsplash-300x200.jpg",300,200,true],"medium_large":["https:\/\/www.anika-net.de\/wp-content\/uploads\/2022\/11\/freestocks-_IZZKKL0uBs-unsplash-768x512.jpg",640,427,true],"large":["https:\/\/www.anika-net.de\/wp-content\/uploads\/2022\/11\/freestocks-_IZZKKL0uBs-unsplash-1024x683.jpg",640,427,true],"1536x1536":["https:\/\/www.anika-net.de\/wp-content\/uploads\/2022\/11\/freestocks-_IZZKKL0uBs-unsplash-1536x1024.jpg",1536,1024,true],"2048x2048":["https:\/\/www.anika-net.de\/wp-content\/uploads\/2022\/11\/freestocks-_IZZKKL0uBs-unsplash-2048x1365.jpg",2048,1365,true],"event-overview":["https:\/\/www.anika-net.de\/wp-content\/uploads\/2022\/11\/freestocks-_IZZKKL0uBs-unsplash-960x640.jpg",960,640,true],"event-archive-thumb":["https:\/\/www.anika-net.de\/wp-content\/uploads\/2022\/11\/freestocks-_IZZKKL0uBs-unsplash-480x320.jpg",480,320,true],"grid-item-thumbnail":["https:\/\/www.anika-net.de\/wp-content\/uploads\/2022\/11\/freestocks-_IZZKKL0uBs-unsplash-360x200.jpg",360,200,true],"network-partner-icon":["https:\/\/www.anika-net.de\/wp-content\/uploads\/2022\/11\/freestocks-_IZZKKL0uBs-unsplash-100x100.jpg",100,100,true],"organiser-icon":["https:\/\/www.anika-net.de\/wp-content\/uploads\/2022\/11\/freestocks-_IZZKKL0uBs-unsplash-200x200.jpg",200,200,true],"gform-image-choice-sm":["https:\/\/www.anika-net.de\/wp-content\/uploads\/2022\/11\/freestocks-_IZZKKL0uBs-unsplash-300x300.jpg",300,300,true],"gform-image-choice-md":["https:\/\/www.anika-net.de\/wp-content\/uploads\/2022\/11\/freestocks-_IZZKKL0uBs-unsplash-400x400.jpg",400,400,true],"gform-image-choice-lg":["https:\/\/www.anika-net.de\/wp-content\/uploads\/2022\/11\/freestocks-_IZZKKL0uBs-unsplash-600x600.jpg",600,600,true]},"post_excerpt_stackable_v2":"<p>Kra\u00adje Ludzie Przy\u00adsma\u00adki: Rumu\u0144\u00adski wie\u00adcz\u00f3r z muzy\u00adk\u0105 Spo\u00adtka\u00adnie kuli\u00adnar\u00adno-kul\u00adtu\u00adro\u00adwe Op\u0142a\u00adta za uczest\u00adnic\u00adtwo:&nbsp;25&nbsp;\u20ac B\u0119dziesz przy\u00adgo\u00adto\u00adwy\u00adwa\u0107 przy\u00adsma\u00adki kuch\u00adni rumu\u0144\u00adskiej w ma\u0142ej gru\u00adpie i pod okiem eks\u00adper\u00adt\u00f3w. Do wybo\u00adru b\u0119d\u0105 r\u00f3\u017c\u00adne dania, w tym zar\u00f3w\u00adno wege\u00adta\u00adria\u0144\u00adskie, jak i mi\u0119\u00adsne, a tak\u00ad\u017ce pysz\u00adny deser. Nast\u0119p\u00adnie od godzi\u00adny 19:00 b\u0119dziesz ser\u00adwo\u00adwa\u0107 swo\u00adje menu \u201cgo\u015bciom\u201d. Pod\u00adczas wsp\u00f3l\u00adne\u00adgo jedze\u00adnia b\u0119dzie mo\u017c\u00adna poroz\u00adma\u00adwia\u0107 i cie\u00adszy\u0107 si\u0119 rumu\u0144\u00adsk\u0105 muzy\u00adk\u0105 i ta\u0144\u00adca\u00admi. To ju\u017c si\u00f3d\u00adme wyda\u00adrze\u00adnie z serii Koch\u00adKul\u00adtu\u00adrE\u00advents. W cen\u00adtrum uwa\u00adgi zawsze znaj\u00addu\u00adje si\u0119 kon\u00adty\u00adnent z regionem\/krajem i jego kuli\u00adnar\u00adny\u00admi przy\u00adsma\u00adka\u00admi, muzy\u00adk\u0105 i kul\u00adtu\u00adr\u0105. Je\u015bli chcia\u0142\u00adby\u015b pozna\u0107 kul\u00adtu\u00adr\u0119 Rumu\u00adnii z wyprze\u00addze\u00adniem, b\u0119dziesz mia\u0142 oka\u00adzj\u0119 to zro\u00adbi\u0107 pod\u00adczas pre\u00adzen\u00adta\u00adcji.&nbsp;B\u0105d\u017a\u2026<\/p>\n","category_list_v2":"","author_info_v2":{"name":"Andrea Ramirez","url":"https:\/\/www.anika-net.de\/pl\/author\/andrea-ramirez\/"},"comments_num_v2":"0 comments","uagb_featured_image_src":{"full":["https:\/\/www.anika-net.de\/wp-content\/uploads\/2022\/11\/freestocks-_IZZKKL0uBs-unsplash-scaled.jpg",2560,1707,false],"thumbnail":["https:\/\/www.anika-net.de\/wp-content\/uploads\/2022\/11\/freestocks-_IZZKKL0uBs-unsplash-150x150.jpg",150,150,true],"medium":["https:\/\/www.anika-net.de\/wp-content\/uploads\/2022\/11\/freestocks-_IZZKKL0uBs-unsplash-300x200.jpg",300,200,true],"medium_large":["https:\/\/www.anika-net.de\/wp-content\/uploads\/2022\/11\/freestocks-_IZZKKL0uBs-unsplash-768x512.jpg",640,427,true],"large":["https:\/\/www.anika-net.de\/wp-content\/uploads\/2022\/11\/freestocks-_IZZKKL0uBs-unsplash-1024x683.jpg",640,427,true],"1536x1536":["https:\/\/www.anika-net.de\/wp-content\/uploads\/2022\/11\/freestocks-_IZZKKL0uBs-unsplash-1536x1024.jpg",1536,1024,true],"2048x2048":["https:\/\/www.anika-net.de\/wp-content\/uploads\/2022\/11\/freestocks-_IZZKKL0uBs-unsplash-2048x1365.jpg",2048,1365,true],"event-overview":["https:\/\/www.anika-net.de\/wp-content\/uploads\/2022\/11\/freestocks-_IZZKKL0uBs-unsplash-960x640.jpg",960,640,true],"event-archive-thumb":["https:\/\/www.anika-net.de\/wp-content\/uploads\/2022\/11\/freestocks-_IZZKKL0uBs-unsplash-480x320.jpg",480,320,true],"grid-item-thumbnail":["https:\/\/www.anika-net.de\/wp-content\/uploads\/2022\/11\/freestocks-_IZZKKL0uBs-unsplash-360x200.jpg",360,200,true],"network-partner-icon":["https:\/\/www.anika-net.de\/wp-content\/uploads\/2022\/11\/freestocks-_IZZKKL0uBs-unsplash-100x100.jpg",100,100,true],"organiser-icon":["https:\/\/www.anika-net.de\/wp-content\/uploads\/2022\/11\/freestocks-_IZZKKL0uBs-unsplash-200x200.jpg",200,200,true],"gform-image-choice-sm":["https:\/\/www.anika-net.de\/wp-content\/uploads\/2022\/11\/freestocks-_IZZKKL0uBs-unsplash-300x300.jpg",300,300,true],"gform-image-choice-md":["https:\/\/www.anika-net.de\/wp-content\/uploads\/2022\/11\/freestocks-_IZZKKL0uBs-unsplash-400x400.jpg",400,400,true],"gform-image-choice-lg":["https:\/\/www.anika-net.de\/wp-content\/uploads\/2022\/11\/freestocks-_IZZKKL0uBs-unsplash-600x600.jpg",600,600,true]},"uagb_author_info":{"display_name":"Andrea Ramirez","author_link":"https:\/\/www.anika-net.de\/pl\/author\/andrea-ramirez\/"},"uagb_comment_info":0,"uagb_excerpt":"Kra\u00adje Ludzie Przysmaki: Rumu\u0144\u00adski wie\u00adcz\u00f3r z muzyk\u0105 Spo\u00adtka\u00adnie kulinarno-kulturowe Op\u0142a\u00adta za uczest\u00adnic\u00adtwo:&nbsp;25&nbsp;\u20ac B\u0119dziesz przy\u00adgo\u00adto\u00adwy\u00adwa\u0107 przy\u00adsma\u00adki kuch\u00adni rumu\u0144\u00adskiej w ma\u0142ej gru\u00adpie i pod okiem eks\u00adper\u00adt\u00f3w. Do wybo\u00adru b\u0119d\u0105 r\u00f3\u017c\u00adne dania, w&nbsp;czytaj wi\u0119cej","_links":{"self":[{"href":"https:\/\/www.anika-net.de\/pl\/wp-json\/wp\/v2\/event\/58516","targetHints":{"allow":["GET"]}}],"collection":[{"href":"https:\/\/www.anika-net.de\/pl\/wp-json\/wp\/v2\/event"}],"about":[{"href":"https:\/\/www.anika-net.de\/pl\/wp-json\/wp\/v2\/types\/event"}],"author":[{"embeddable":true,"href":"https:\/\/www.anika-net.de\/pl\/wp-json\/wp\/v2\/users\/12"}],"version-history":[{"count":1,"href":"https:\/\/www.anika-net.de\/pl\/wp-json\/wp\/v2\/event\/58516\/revisions"}],"predecessor-version":[{"id":60786,"href":"https:\/\/www.anika-net.de\/pl\/wp-json\/wp\/v2\/event\/58516\/revisions\/60786"}],"acf:post":[{"embeddable":true,"href":"https:\/\/www.anika-net.de\/pl\/wp-json\/wp\/v2\/organiser\/34261"},{"embeddable":true,"href":"https:\/\/www.anika-net.de\/pl\/wp-json\/wp\/v2\/organiser\/28549"},{"embeddable":true,"href":"https:\/\/www.anika-net.de\/pl\/wp-json\/wp\/v2\/organiser\/6704"},{"embeddable":true,"href":"https:\/\/www.anika-net.de\/pl\/wp-json\/wp\/v2\/organiser\/8256"}],"acf:term":[{"embeddable":true,"taxonomy":"event_category","href":"https:\/\/www.anika-net.de\/pl\/wp-json\/wp\/v2\/event_category\/184"}],"wp:featuredmedia":[{"embeddable":true,"href":"https:\/\/www.anika-net.de\/pl\/wp-json\/wp\/v2\/media\/58505"}],"wp:attachment":[{"href":"https:\/\/www.anika-net.de\/pl\/wp-json\/wp\/v2\/media?parent=58516"}],"curies":[{"name":"wp","href":"https:\/\/api.w.org\/{rel}","templated":true}]}}

Rumuń­ski wie­czór z muzyką

<h4><span style="color: #666699;">Kra­je Ludzie Przysmaki:</span></h4>
<h1><span style="color: #333399;">Rumuń­ski wie­czór z muzyką</span></h1>
<h3><span style="color: #008080;">Spo­tka­nie kulinarno-kulturowe</span><br>
<span style="color: #008080;">Opła­ta za uczest­nic­two:&nbsp;25&nbsp;€</span></h3>
<p>Będziesz przy­go­to­wy­wać przy­sma­ki kuch­ni rumuń­skiej w małej gru­pie i pod okiem eks­per­tów. Do wybo­ru będą róż­ne dania, w tym zarów­no wege­ta­riań­skie, jak i mię­sne, a tak­że pysz­ny deser. Następ­nie od godzi­ny 19:00 będziesz ser­wo­wać swo­je menu “gościom”. Pod­czas wspól­ne­go jedze­nia będzie moż­na poroz­ma­wiać i cie­szyć się rumuń­ską muzy­ką i tańcami.</p>
<p>To już siód­me wyda­rze­nie z serii Koch­Kul­tu­rE­vents. W cen­trum uwa­gi zawsze znaj­du­je się kon­ty­nent z regionem/krajem i jego kuli­nar­ny­mi przy­sma­ka­mi, muzy­ką i kul­tu­rą. Jeśli chciał­byś poznać kul­tu­rę Rumu­nii z wyprze­dze­niem, będziesz miał oka­zję to zro­bić pod­czas pre­zen­ta­cji. Bądź ciekawy!</p>
<p><strong>Pro­si­my o rezer­wa­cję kur­su goto­wa­nia pod nume­rem 251–30300 na stro­nie vhs oraz wykła­du pod nume­rem 251–30301.</strong></p>
<blockquote><p><em>Współ­pra­ca w ramach kam­pu­su edu­ka­cyj­ne­go z KONS, ibz i&nbsp;VHS</em></p></blockquote>

ibz - EG, Großer Saal

<p>Kra­je Ludzie Przy­sma­ki: Rumuń­ski wie­czór z muzy­ką Spo­tka­nie kuli­nar­no-kul­tu­ro­we Opła­ta za uczest­nic­two:&nbsp;25&nbsp;€ Będziesz przy­go­to­wy­wać przy­sma­ki kuch­ni rumuń­skiej w małej gru­pie i pod okiem eks­per­tów. Do wybo­ru będą róż­ne dania, w tym zarów­no wege­ta­riań­skie, jak i mię­sne, a tak­że pysz­ny deser. Następ­nie od godzi­ny 19:00 będziesz ser­wo­wać swo­je menu “gościom”. Pod­czas wspól­ne­go jedze­nia będzie moż­na poroz­ma­wiać i cie­szyć się rumuń­ską muzy­ką i tań­ca­mi. To już siód­me wyda­rze­nie z serii Koch­Kul­tu­rE­vents. W cen­trum uwa­gi zawsze znaj­du­je się kon­ty­nent z regionem/krajem i jego kuli­nar­ny­mi przy­sma­ka­mi, muzy­ką i kul­tu­rą. Jeśli chciał­byś poznać kul­tu­rę Rumu­nii z wyprze­dze­niem, będziesz miał oka­zję to zro­bić pod­czas pre­zen­ta­cji.&nbsp;Bądź…</p>

Kra­je Ludzie Przysmaki: Rumuń­ski wie­czór z muzyką Spo­tka­nie kulinarno-kulturowe Opła­ta za uczest­nic­two:&nbsp;25&nbsp;€ Będziesz przy­go­to­wy­wać przy­sma­ki kuch­ni rumuń­skiej w małej gru­pie i pod okiem eks­per­tów. Do wybo­ru będą róż­ne dania, w&nbsp;czytaj więcej
