{"id":58167,"date":"2025-02-05T09:43:31","date_gmt":"2025-02-05T08:43:31","guid":{"rendered":"https:\/\/www.anika-net.de\/event\/zycie-z-intensywnym-indywidualnym-wsparciem-spoleczno-edukacyjnym\/"},"modified":"2025-04-17T15:34:10","modified_gmt":"2025-04-17T13:34:10","slug":"zycie-z-intensywnym-indywidualnym-wsparciem-spoleczno-edukacyjnym","status":"publish","type":"event","link":"https:\/\/www.anika-net.de\/pl\/event\/zycie-z-intensywnym-indywidualnym-wsparciem-spoleczno-edukacyjnym\/","title":{"rendered":"\u017bycie z inten\u00adsyw\u00adnym indy\u00adwi\u00addu\u00adal\u00adnym wspar\u00adciem spo\u0142eczno-edukacyjnym"},"content":{"rendered":"<h1><span style=\"color: #800080;\">\u017bycie z inten\u00adsyw\u00adnym indy\u00adwi\u00addu\u00adal\u00adnym wspar\u00adciem spo\u0142eczno-edukacyjnym<\/span><\/h1>\n<p><strong>WisE<\/strong> <em>(miesz\u00adka\u00adnie z inten\u00adsyw\u00adnym indy\u00adwi\u00addu\u00adal\u00adnym wspar\u00adciem spo\u00ad\u0142ecz\u00adno-edu\u00adka\u00adcyj\u00adnym)<\/em> to us\u0142u\u00adga pomo\u00adcy spo\u00ad\u0142ecz\u00adnej <strong>dla m\u0142o\u00addych kobiet w wie\u00adku 16 lat i star\u00adszych<\/strong>, kt\u00f3\u00adre chc\u0105 miesz\u00adka\u0107 same i chcia\u00ad\u0142y\u00adby uzy\u00adska\u0107 wspar\u00adcie w tym zakresie.<br>\nW indy\u00adwi\u00addu\u00adal\u00adnych przy\u00adpad\u00adkach przyj\u00admo\u00adwa\u00adne s\u0105 r\u00f3w\u00adnie\u017c m\u0142o\u00adde oso\u00adby innej p\u0142ci. <strong>Zapew\u00adnia\u00admy miesz\u00adka\u00adnia 1\u2011pokojowe.<\/strong><\/p>\n<p>Pra\u00adcow\u00adnik socjal\u00adny towa\u00adrzy\u00adszy m\u0142o\u00addym ludziom we wszyst\u00adkich spra\u00adwach zgod\u00adnie z refe\u00adren\u00adcyj\u00adnym sys\u00adte\u00admem wsparcia.<br>\nOdby\u00adwa\u00adj\u0105 si\u0119 2\u20133 spo\u00adtka\u00adnia tygo\u00addnio\u00adwo (sto\u00adsu\u00adnek per\u00adso\u00adne\u00adlu 1:4).<br>\nCelem jest pomoc m\u0142o\u00addym ludziom w budo\u00adwa\u00adniu nie\u00adza\u00adle\u017c\u00adne\u00adgo \u017cycia w mia\u00adr\u0119 mo\u017cliwo\u015bci.<\/p>\n<p>Zapra\u00adsza\u00admy do um\u00f3\u00adwie\u00adnia si\u0119 z nami na szcze\u00adg\u00f3\u00ad\u0142o\u00adwe spotkanie.<\/p>\n<p>\ud83d\udcce <strong><a href=\"file:\/\/\/C:\/Users\/ibz-k\/Downloads\/Flyer-WisE.pdf\">Ulot\u00adka<\/a><\/strong><\/p>\n<h2><span style=\"color: #008080;\">WisE Mother-Child<\/span><\/h2>\n<p>\u017bycie z inten\u00adsyw\u00adnym indy\u00adwi\u00addu\u00adal\u00adnym wspar\u00adciem spo\u00ad\u0142ecz\u00adno-edu\u00adka\u00adcyj\u00adnym dla matek z dzie\u0107mi.<br>\nWisE Mother-Child to us\u0142u\u00adga pomo\u00adcy spo\u00ad\u0142ecz\u00adnej <strong>dla m\u0142o\u00addych matek w wie\u00adku 18 lat i star\u00adszych<\/strong>, kt\u00f3\u00adre <strong>chc\u0105 miesz\u00adka\u0107 same z dzieckiem\/dzie\u0107mi (w wie\u00adku 0\u20136 lat)<\/strong> i nadal potrze\u00adbu\u00adj\u0105 inten\u00adsyw\u00adne\u00adgo wspar\u00adcia, aby usa\u00admo\u00addziel\u00adni\u0107 si\u0119 ze swo\u00adim dzieckiem.<\/p>\n<p>M\u0142o\u00adde mat\u00adki musz\u0105 by\u0107 w sta\u00adnie wzi\u0105\u0107 odpo\u00adwie\u00addzial\u00adno\u015b\u0107 za sie\u00adbie i swo\u00adje dziec\u00adko w zakre\u00adsie, w jakim s\u0105 w sta\u00adnie uzy\u00adska\u0107 pomoc i dotrzy\u00adma\u0107 um\u00f3w. M\u0142o\u00adde mat\u00adki musz\u0105 by\u0107 w sta\u00adnie wzi\u0105\u0107 wy\u0142\u0105cz\u00adn\u0105 odpo\u00adwie\u00addzial\u00adno\u015b\u0107 za dzie\u00adci, szcze\u00adg\u00f3l\u00adnie w zakre\u00adsie pod\u00adsta\u00adwo\u00adwej opie\u00adki i nadzoru.<\/p>\n<p>Zakres opie\u00adki i tema\u00adty\u00adka s\u0105 zasad\u00adni\u00adczo takie same jak w przy\u00adpad\u00adku WisE. Dodat\u00adko\u00adwo dost\u0119p\u00adne s\u0105 takie tema\u00adty, jak wspar\u00adcie w cza\u00adsie ci\u0105\u00ad\u017cy, przy\u00adgo\u00adto\u00adwa\u00adnie do poro\u00addu, wzmoc\u00adnie\u00adnie roli mat\u00adki, wycho\u00adwa\u00adnie i zdro\u00adwie dzie\u00adci oraz dal\u00adsze pla\u00adno\u00adwa\u00adnie rodziny.<br>\nW indy\u00adwi\u00addu\u00adal\u00adnych przy\u00adpad\u00adkach m\u0142o\u00addzi ojco\u00adwie r\u00f3w\u00adnie\u017c mog\u0105 zosta\u0107 przyj\u0119ci.<\/p>\n","protected":false},"author":12,"featured_media":58194,"template":"","class_list":["post-58167","event","type-event","status-publish","has-post-thumbnail","hentry","event_category-zakwaterowanie"],"acf":{"event-recurring":true,"event-category":265,"event-is-language-course":false,"event-recurring-still-active":true,"event-display-details":true,"event-schedules-recurring":[{"event-recurring-week-day":"0","event-recurring-time":"09:00 - 12:00 \/ 15:00 - 16:30","event-recurring-time-text":""},{"event-recurring-week-day":"1","event-recurring-time":"15:00 - 16:30","event-recurring-time-text":""},{"event-recurring-week-day":"2","event-recurring-time":"09:00 - 12:00 \/ 15:00 - 16:30","event-recurring-time-text":""},{"event-recurring-week-day":"3","event-recurring-time":"09:00 - 12:00 \/ 15:00 - 16:30","event-recurring-time-text":""},{"event-recurring-week-day":"4","event-recurring-time":"09:00 - 12:00 \/ 13:00 - 15:00","event-recurring-time-text":""}],"event-schedules-calendar":null,"event-is-online":false,"event-online-url":"","event-location-building":"SOZP\u00c4DAL","event-location-street":"Werderstr. 40-44","event-location-zip":"76137","event-location-city":"Karlsruhe","event-location-contact-person":"","event-location-phone":"0721 - 354 802 01","event-location-phone-2":"","event-location-mail":"wise@sozpaedal.de","event-location-mail-2":"","event-location-website":"https:\/\/www.sozpaedal.de\/wise.html","event-target-group":[{"target-group":"teens"},{"target-group":"women"}],"event-target-group-comment":"","event-free":true,"event-organiser":[10371],"event-header-copyright-overlay":true,"event-copyright-note-description-end":false},"featured_image_urls_v2":{"full":["https:\/\/www.anika-net.de\/wp-content\/uploads\/2025\/02\/freepik__expand__20737.png",1472,832,false],"thumbnail":["https:\/\/www.anika-net.de\/wp-content\/uploads\/2025\/02\/freepik__expand__20737-150x150.png",150,150,true],"medium":["https:\/\/www.anika-net.de\/wp-content\/uploads\/2025\/02\/freepik__expand__20737-300x170.png",300,170,true],"medium_large":["https:\/\/www.anika-net.de\/wp-content\/uploads\/2025\/02\/freepik__expand__20737-768x434.png",640,362,true],"large":["https:\/\/www.anika-net.de\/wp-content\/uploads\/2025\/02\/freepik__expand__20737-1024x579.png",640,362,true],"1536x1536":["https:\/\/www.anika-net.de\/wp-content\/uploads\/2025\/02\/freepik__expand__20737.png",1472,832,false],"2048x2048":["https:\/\/www.anika-net.de\/wp-content\/uploads\/2025\/02\/freepik__expand__20737.png",1472,832,false],"event-overview":["https:\/\/www.anika-net.de\/wp-content\/uploads\/2025\/02\/freepik__expand__20737-960x640.png",960,640,true],"event-archive-thumb":["https:\/\/www.anika-net.de\/wp-content\/uploads\/2025\/02\/freepik__expand__20737-480x271.png",480,271,true],"grid-item-thumbnail":["https:\/\/www.anika-net.de\/wp-content\/uploads\/2025\/02\/freepik__expand__20737-360x200.png",360,200,true],"network-partner-icon":["https:\/\/www.anika-net.de\/wp-content\/uploads\/2025\/02\/freepik__expand__20737-100x100.png",100,100,true],"organiser-icon":["https:\/\/www.anika-net.de\/wp-content\/uploads\/2025\/02\/freepik__expand__20737-200x200.png",200,200,true],"gform-image-choice-sm":["https:\/\/www.anika-net.de\/wp-content\/uploads\/2025\/02\/freepik__expand__20737-300x300.png",300,300,true],"gform-image-choice-md":["https:\/\/www.anika-net.de\/wp-content\/uploads\/2025\/02\/freepik__expand__20737-400x400.png",400,400,true],"gform-image-choice-lg":["https:\/\/www.anika-net.de\/wp-content\/uploads\/2025\/02\/freepik__expand__20737-600x600.png",600,600,true]},"post_excerpt_stackable_v2":"<p>\u017bycie z inten\u00adsyw\u00adnym indy\u00adwi\u00addu\u00adal\u00adnym wspar\u00adciem spo\u00ad\u0142ecz\u00adno-edu\u00adka\u00adcyj\u00adnym WisE (miesz\u00adka\u00adnie z inten\u00adsyw\u00adnym indy\u00adwi\u00addu\u00adal\u00adnym wspar\u00adciem spo\u00ad\u00ad\u0142e\u00adcz\u00adno-edu\u00ad\u00adka\u00ad\u00adcy\u00adj\u00adnym) to us\u0142u\u00adga pomo\u00adcy spo\u00ad\u0142ecz\u00adnej dla m\u0142o\u00addych kobiet w wie\u00adku 16 lat i star\u00adszych, kt\u00f3\u00adre chc\u0105 miesz\u00adka\u0107 same i chcia\u00ad\u0142y\u00adby uzy\u00adska\u0107 wspar\u00adcie w tym zakre\u00adsie. W indy\u00adwi\u00addu\u00adal\u00adnych przy\u00adpad\u00adkach przyj\u00admo\u00adwa\u00adne s\u0105 r\u00f3w\u00adnie\u017c m\u0142o\u00adde oso\u00adby innej p\u0142ci. Zapew\u00adnia\u00admy miesz\u00adka\u00adnia 1\u2011pokojowe. Pra\u00adcow\u00adnik socjal\u00adny towa\u00adrzy\u00adszy m\u0142o\u00addym ludziom we wszyst\u00adkich spra\u00adwach zgod\u00adnie z refe\u00adren\u00adcyj\u00adnym sys\u00adte\u00admem wspar\u00adcia. Odby\u00adwa\u00adj\u0105 si\u0119 2\u20133 spo\u00adtka\u00adnia tygo\u00addnio\u00adwo (sto\u00adsu\u00adnek per\u00adso\u00adne\u00adlu 1:4). Celem jest pomoc m\u0142o\u00addym ludziom w budo\u00adwa\u00adniu nie\u00adza\u00adle\u017c\u00adne\u00adgo \u017cycia w mia\u00adr\u0119 mo\u017c\u00adli\u00adwo\u00ad\u015bci. Zapra\u00adsza\u00admy do um\u00f3\u00adwie\u00adnia si\u0119 z nami na szcze\u00adg\u00f3\u00ad\u0142o\u00adwe spo\u00adtka\u00adnie. \ud83d\udcce Ulot\u00adka WisE Mother-Child \u017bycie z inten\u00adsyw\u00adnym indywidualnym\u2026<\/p>\n","category_list_v2":"","author_info_v2":{"name":"Andrea Ramirez","url":"https:\/\/www.anika-net.de\/pl\/author\/andrea-ramirez\/"},"comments_num_v2":"0 comments","uagb_featured_image_src":{"full":["https:\/\/www.anika-net.de\/wp-content\/uploads\/2025\/02\/freepik__expand__20737.png",1472,832,false],"thumbnail":["https:\/\/www.anika-net.de\/wp-content\/uploads\/2025\/02\/freepik__expand__20737-150x150.png",150,150,true],"medium":["https:\/\/www.anika-net.de\/wp-content\/uploads\/2025\/02\/freepik__expand__20737-300x170.png",300,170,true],"medium_large":["https:\/\/www.anika-net.de\/wp-content\/uploads\/2025\/02\/freepik__expand__20737-768x434.png",640,362,true],"large":["https:\/\/www.anika-net.de\/wp-content\/uploads\/2025\/02\/freepik__expand__20737-1024x579.png",640,362,true],"1536x1536":["https:\/\/www.anika-net.de\/wp-content\/uploads\/2025\/02\/freepik__expand__20737.png",1472,832,false],"2048x2048":["https:\/\/www.anika-net.de\/wp-content\/uploads\/2025\/02\/freepik__expand__20737.png",1472,832,false],"event-overview":["https:\/\/www.anika-net.de\/wp-content\/uploads\/2025\/02\/freepik__expand__20737-960x640.png",960,640,true],"event-archive-thumb":["https:\/\/www.anika-net.de\/wp-content\/uploads\/2025\/02\/freepik__expand__20737-480x271.png",480,271,true],"grid-item-thumbnail":["https:\/\/www.anika-net.de\/wp-content\/uploads\/2025\/02\/freepik__expand__20737-360x200.png",360,200,true],"network-partner-icon":["https:\/\/www.anika-net.de\/wp-content\/uploads\/2025\/02\/freepik__expand__20737-100x100.png",100,100,true],"organiser-icon":["https:\/\/www.anika-net.de\/wp-content\/uploads\/2025\/02\/freepik__expand__20737-200x200.png",200,200,true],"gform-image-choice-sm":["https:\/\/www.anika-net.de\/wp-content\/uploads\/2025\/02\/freepik__expand__20737-300x300.png",300,300,true],"gform-image-choice-md":["https:\/\/www.anika-net.de\/wp-content\/uploads\/2025\/02\/freepik__expand__20737-400x400.png",400,400,true],"gform-image-choice-lg":["https:\/\/www.anika-net.de\/wp-content\/uploads\/2025\/02\/freepik__expand__20737-600x600.png",600,600,true]},"uagb_author_info":{"display_name":"Andrea Ramirez","author_link":"https:\/\/www.anika-net.de\/pl\/author\/andrea-ramirez\/"},"uagb_comment_info":0,"uagb_excerpt":"\u017bycie z inten\u00adsyw\u00adnym indy\u00adwi\u00addu\u00adal\u00adnym wspar\u00adciem spo\u0142eczno-edukacyjnym WisE (miesz\u00adka\u00adnie z inten\u00adsyw\u00adnym indy\u00adwi\u00addu\u00adal\u00adnym wspar\u00adciem spo\u00ad\u0142ecz\u00adno-edu\u00adka\u00adcyj\u00adnym) to us\u0142u\u00adga pomo\u00adcy spo\u00ad\u0142ecz\u00adnej dla m\u0142o\u00addych kobiet w wie\u00adku 16 lat i star\u00adszych, kt\u00f3\u00adre chc\u0105 miesz\u00adka\u0107 same&nbsp;czytaj wi\u0119cej","_links":{"self":[{"href":"https:\/\/www.anika-net.de\/pl\/wp-json\/wp\/v2\/event\/58167","targetHints":{"allow":["GET"]}}],"collection":[{"href":"https:\/\/www.anika-net.de\/pl\/wp-json\/wp\/v2\/event"}],"about":[{"href":"https:\/\/www.anika-net.de\/pl\/wp-json\/wp\/v2\/types\/event"}],"author":[{"embeddable":true,"href":"https:\/\/www.anika-net.de\/pl\/wp-json\/wp\/v2\/users\/12"}],"version-history":[{"count":2,"href":"https:\/\/www.anika-net.de\/pl\/wp-json\/wp\/v2\/event\/58167\/revisions"}],"predecessor-version":[{"id":60819,"href":"https:\/\/www.anika-net.de\/pl\/wp-json\/wp\/v2\/event\/58167\/revisions\/60819"}],"acf:post":[{"embeddable":true,"href":"https:\/\/www.anika-net.de\/pl\/wp-json\/wp\/v2\/organiser\/10371"}],"acf:term":[{"embeddable":true,"taxonomy":"event_category","href":"https:\/\/www.anika-net.de\/pl\/wp-json\/wp\/v2\/event_category\/265"}],"wp:featuredmedia":[{"embeddable":true,"href":"https:\/\/www.anika-net.de\/pl\/wp-json\/wp\/v2\/media\/58194"}],"wp:attachment":[{"href":"https:\/\/www.anika-net.de\/pl\/wp-json\/wp\/v2\/media?parent=58167"}],"curies":[{"name":"wp","href":"https:\/\/api.w.org\/{rel}","templated":true}]}}

Życie z inten­syw­nym indy­wi­du­al­nym wspar­ciem społeczno-edukacyjnym

<h1><span style="color: #800080;">Życie z inten­syw­nym indy­wi­du­al­nym wspar­ciem społeczno-edukacyjnym</span></h1>
<p><strong>WisE</strong> <em>(miesz­ka­nie z inten­syw­nym indy­wi­du­al­nym wspar­ciem spo­łecz­no-edu­ka­cyj­nym)</em> to usłu­ga pomo­cy spo­łecz­nej <strong>dla mło­dych kobiet w wie­ku 16 lat i star­szych</strong>, któ­re chcą miesz­kać same i chcia­ły­by uzy­skać wspar­cie w tym zakresie.<br>
W indy­wi­du­al­nych przy­pad­kach przyj­mo­wa­ne są rów­nież mło­de oso­by innej płci. <strong>Zapew­nia­my miesz­ka­nia 1‑pokojowe.</strong></p>
<p>Pra­cow­nik socjal­ny towa­rzy­szy mło­dym ludziom we wszyst­kich spra­wach zgod­nie z refe­ren­cyj­nym sys­te­mem wsparcia.<br>
Odby­wa­ją się 2–3 spo­tka­nia tygo­dnio­wo (sto­su­nek per­so­ne­lu 1:4).<br>
Celem jest pomoc mło­dym ludziom w budo­wa­niu nie­za­leż­ne­go życia w mia­rę możliwości.</p>
<p>Zapra­sza­my do umó­wie­nia się z nami na szcze­gó­ło­we spotkanie.</p>
<p>📎 <strong><a href="file:///C:/Users/ibz-k/Downloads/Flyer-WisE.pdf">Ulot­ka</a></strong></p>
<h2><span style="color: #008080;">WisE Mother-Child</span></h2>
<p>Życie z inten­syw­nym indy­wi­du­al­nym wspar­ciem spo­łecz­no-edu­ka­cyj­nym dla matek z dziećmi.<br>
WisE Mother-Child to usłu­ga pomo­cy spo­łecz­nej <strong>dla mło­dych matek w wie­ku 18 lat i star­szych</strong>, któ­re <strong>chcą miesz­kać same z dzieckiem/dziećmi (w wie­ku 0–6 lat)</strong> i nadal potrze­bu­ją inten­syw­ne­go wspar­cia, aby usa­mo­dziel­nić się ze swo­im dzieckiem.</p>
<p>Mło­de mat­ki muszą być w sta­nie wziąć odpo­wie­dzial­ność za sie­bie i swo­je dziec­ko w zakre­sie, w jakim są w sta­nie uzy­skać pomoc i dotrzy­mać umów. Mło­de mat­ki muszą być w sta­nie wziąć wyłącz­ną odpo­wie­dzial­ność za dzie­ci, szcze­gól­nie w zakre­sie pod­sta­wo­wej opie­ki i nadzoru.</p>
<p>Zakres opie­ki i tema­ty­ka są zasad­ni­czo takie same jak w przy­pad­ku WisE. Dodat­ko­wo dostęp­ne są takie tema­ty, jak wspar­cie w cza­sie cią­ży, przy­go­to­wa­nie do poro­du, wzmoc­nie­nie roli mat­ki, wycho­wa­nie i zdro­wie dzie­ci oraz dal­sze pla­no­wa­nie rodziny.<br>
W indy­wi­du­al­nych przy­pad­kach mło­dzi ojco­wie rów­nież mogą zostać przyjęci.</p>

SOZPÄDAL

<p>Życie z inten­syw­nym indy­wi­du­al­nym wspar­ciem spo­łecz­no-edu­ka­cyj­nym WisE (miesz­ka­nie z inten­syw­nym indy­wi­du­al­nym wspar­ciem spo­­łe­cz­no-edu­­ka­­cy­j­nym) to usłu­ga pomo­cy spo­łecz­nej dla mło­dych kobiet w wie­ku 16 lat i star­szych, któ­re chcą miesz­kać same i chcia­ły­by uzy­skać wspar­cie w tym zakre­sie. W indy­wi­du­al­nych przy­pad­kach przyj­mo­wa­ne są rów­nież mło­de oso­by innej płci. Zapew­nia­my miesz­ka­nia 1‑pokojowe. Pra­cow­nik socjal­ny towa­rzy­szy mło­dym ludziom we wszyst­kich spra­wach zgod­nie z refe­ren­cyj­nym sys­te­mem wspar­cia. Odby­wa­ją się 2–3 spo­tka­nia tygo­dnio­wo (sto­su­nek per­so­ne­lu 1:4). Celem jest pomoc mło­dym ludziom w budo­wa­niu nie­za­leż­ne­go życia w mia­rę moż­li­wo­ści. Zapra­sza­my do umó­wie­nia się z nami na szcze­gó­ło­we spo­tka­nie. 📎 Ulot­ka WisE Mother-Child Życie z inten­syw­nym indywidualnym…</p>

Życie z inten­syw­nym indy­wi­du­al­nym wspar­ciem społeczno-edukacyjnym WisE (miesz­ka­nie z inten­syw­nym indy­wi­du­al­nym wspar­ciem spo­łecz­no-edu­ka­cyj­nym) to usłu­ga pomo­cy spo­łecz­nej dla mło­dych kobiet w wie­ku 16 lat i star­szych, któ­re chcą miesz­kać same&nbsp;czytaj więcej
