{"id":58082,"date":"2025-02-04T11:05:33","date_gmt":"2025-02-04T10:05:33","guid":{"rendered":"https:\/\/www.anika-net.de\/event\/mlodzi-ludzie-zmieniajacy-kariere\/"},"modified":"2025-04-17T15:41:55","modified_gmt":"2025-04-17T13:41:55","slug":"mlodzi-ludzie-zmieniajacy-kariere","status":"publish","type":"event","link":"https:\/\/www.anika-net.de\/pl\/event\/mlodzi-ludzie-zmieniajacy-kariere\/","title":{"rendered":"M\u0142o\u00addzi ludzie zmie\u00adnia\u00adj\u0105\u00adcy karier\u0119"},"content":{"rendered":"<h1><span style=\"color: #ff9900;\">Wspar\u00adcie dla m\u0142o\u00addych os\u00f3b zmie\u00adnia\u00adj\u0105\u00adcych karie\u00adr\u0119 wcho\u00addz\u0105\u00adcych do sys\u00adte\u00admu edukacji<\/span><\/h1>\n<blockquote><p><em>Ofe\u00adru\u00adje\u00admy bez\u00adp\u0142at\u00adne lek\u00adcje j\u0119zy\u00adka nie\u00admiec\u00adkie\u00adgo (w razie potrze\u00adby r\u00f3w\u00adnie\u017c w j\u0119zy\u00adku angiel\u00adskim) dla m\u0142o\u00addzie\u00ad\u017cy w wie\u00adku 12\u201318 lat w ma\u0142ych gru\u00adpach w szko\u00ad\u0142ach i salach JMD.<\/em><\/p><\/blockquote>\n<p><strong>Cel:<\/strong> Budo\u00adwa\u00adnie pisem\u00adnych i ust\u00adnych umie\u00adj\u0119t\u00adno\u00ad\u015bci j\u0119zy\u00adko\u00adwych jako warun\u00adku wst\u0119p\u00adne\u00adgo inte\u00adgra\u00adcji, a tak\u00ad\u017ce zaj\u0119\u00adcie si\u0119 indy\u00adwi\u00addu\u00adal\u00adny\u00admi luka\u00admi w wie\u00addzy, naucza\u00adnie umie\u00adj\u0119t\u00adno\u00ad\u015bci spo\u00ad\u0142ecz\u00adnych i mi\u0119\u00addzy\u00adkul\u00adtu\u00adro\u00adwych, zapew\u00adnie\u00adnie orien\u00adta\u00adcji w nowym \u015bro\u00addo\u00adwi\u00adsku spo\u00ad\u0142ecz\u00adnym oraz wspar\u00adcie w pla\u00adno\u00adwa\u00adniu \u015bcie\u00ad\u017cek edu\u00adka\u00adcyj\u00adnych i szkoleniowych.<\/p>\n","protected":false},"author":12,"featured_media":19012,"template":"","class_list":["post-58082","event","type-event","status-publish","has-post-thumbnail","hentry","event_category-edukacja"],"acf":{"event-recurring":true,"event-category":182,"event-is-language-course":false,"event-recurring-still-active":true,"event-display-details":true,"event-schedules-recurring":[{"event-recurring-week-day":"0","event-recurring-time":"11:00 - 13:00","event-recurring-time-text":""},{"event-recurring-week-day":"2","event-recurring-time":"11:00 - 13:00","event-recurring-time-text":""},{"event-recurring-week-day":"1","event-recurring-time":"14:00 - 17:00 ","event-recurring-time-text":""},{"event-recurring-week-day":"3","event-recurring-time":"14:00 - 17:00 ","event-recurring-time-text":""},{"event-recurring-week-day":"4","event-recurring-time":"13:00 - 16:00","event-recurring-time-text":""}],"event-schedules-calendar":null,"event-is-online":false,"event-online-url":"","event-location-building":"Jugendmigrationsdienst Karlsruhe","event-location-street":"Scheffelstra\u00dfe  11-17, 1st floor","event-location-zip":"76135","event-location-city":"Karlsruhe","event-location-contact-person":"Elena Reznik","event-location-phone":" 0721 85019-841","event-location-phone-2":"","event-location-mail":"elena.reznik@ib.de","event-location-mail-2":"","event-location-website":"https:\/\/www.internationaler-bund.de\/angebot\/5858","event-target-group":[{"target-group":"children"}],"event-target-group-comment":"Dzieci, kt\u00f3re s\u0105 przyjmowane do systemu edukacji jako boczni uczestnicy od sz\u00f3stego roku \u017cycia.","event-free":true,"event-organiser":[9632,1639],"event-header-copyright-overlay":false,"event-copyright-note-description-end":false},"featured_image_urls_v2":{"full":["https:\/\/www.anika-net.de\/wp-content\/uploads\/2021\/10\/JMD-Logo.png",1181,390,false],"thumbnail":["https:\/\/www.anika-net.de\/wp-content\/uploads\/2021\/10\/JMD-Logo-150x150.png",150,150,true],"medium":["https:\/\/www.anika-net.de\/wp-content\/uploads\/2021\/10\/JMD-Logo-300x99.png",300,99,true],"medium_large":["https:\/\/www.anika-net.de\/wp-content\/uploads\/2021\/10\/JMD-Logo-768x254.png",640,212,true],"large":["https:\/\/www.anika-net.de\/wp-content\/uploads\/2021\/10\/JMD-Logo-1024x338.png",640,211,true],"1536x1536":["https:\/\/www.anika-net.de\/wp-content\/uploads\/2021\/10\/JMD-Logo.png",1181,390,false],"2048x2048":["https:\/\/www.anika-net.de\/wp-content\/uploads\/2021\/10\/JMD-Logo.png",1181,390,false],"event-overview":["https:\/\/www.anika-net.de\/wp-content\/uploads\/2021\/10\/JMD-Logo-960x390.png",960,390,true],"event-archive-thumb":["https:\/\/www.anika-net.de\/wp-content\/uploads\/2021\/10\/JMD-Logo-480x159.png",480,159,true],"grid-item-thumbnail":["https:\/\/www.anika-net.de\/wp-content\/uploads\/2021\/10\/JMD-Logo-360x200.png",360,200,true],"network-partner-icon":["https:\/\/www.anika-net.de\/wp-content\/uploads\/2021\/10\/JMD-Logo-100x100.png",100,100,true],"organiser-icon":["https:\/\/www.anika-net.de\/wp-content\/uploads\/2021\/10\/JMD-Logo-200x200.png",200,200,true],"gform-image-choice-sm":["https:\/\/www.anika-net.de\/wp-content\/uploads\/2021\/10\/JMD-Logo.png",300,99,false],"gform-image-choice-md":["https:\/\/www.anika-net.de\/wp-content\/uploads\/2021\/10\/JMD-Logo.png",400,132,false],"gform-image-choice-lg":["https:\/\/www.anika-net.de\/wp-content\/uploads\/2021\/10\/JMD-Logo.png",600,198,false]},"post_excerpt_stackable_v2":"<p>Wspar\u00adcie dla m\u0142o\u00addych os\u00f3b zmie\u00adnia\u00adj\u0105\u00adcych karie\u00adr\u0119 wcho\u00addz\u0105\u00adcych do sys\u00adte\u00admu edu\u00adka\u00adcji Ofe\u00adru\u00adje\u00admy bez\u00adp\u0142at\u00adne lek\u00adcje j\u0119zy\u00adka nie\u00admiec\u00adkie\u00adgo (w razie potrze\u00adby r\u00f3w\u00adnie\u017c w j\u0119zy\u00adku angiel\u00adskim) dla m\u0142o\u00addzie\u00ad\u017cy w wie\u00adku 12\u201318 lat w ma\u0142ych gru\u00adpach w szko\u00ad\u0142ach i salach JMD. Cel: Budo\u00adwa\u00adnie pisem\u00adnych i ust\u00adnych umie\u00adj\u0119t\u00adno\u00ad\u015bci j\u0119zy\u00adko\u00adwych jako warun\u00adku wst\u0119p\u00adne\u00adgo inte\u00adgra\u00adcji, a tak\u00ad\u017ce zaj\u0119\u00adcie si\u0119 indy\u00adwi\u00addu\u00adal\u00adny\u00admi luka\u00admi w wie\u00addzy, naucza\u00adnie umie\u00adj\u0119t\u00adno\u00ad\u015bci spo\u00ad\u0142ecz\u00adnych i mi\u0119\u00addzy\u00adkul\u00adtu\u00adro\u00adwych, zapew\u00adnie\u00adnie orien\u00adta\u00adcji w nowym \u015bro\u00addo\u00adwi\u00adsku spo\u00ad\u0142ecz\u00adnym oraz wspar\u00adcie w pla\u00adno\u00adwa\u00adniu \u015bcie\u00ad\u017cek edu\u00adka\u00adcyj\u00adnych i szkoleniowych.<\/p>\n","category_list_v2":"","author_info_v2":{"name":"Andrea Ramirez","url":"https:\/\/www.anika-net.de\/pl\/author\/andrea-ramirez\/"},"comments_num_v2":"0 comments","uagb_featured_image_src":{"full":["https:\/\/www.anika-net.de\/wp-content\/uploads\/2021\/10\/JMD-Logo.png",1181,390,false],"thumbnail":["https:\/\/www.anika-net.de\/wp-content\/uploads\/2021\/10\/JMD-Logo-150x150.png",150,150,true],"medium":["https:\/\/www.anika-net.de\/wp-content\/uploads\/2021\/10\/JMD-Logo-300x99.png",300,99,true],"medium_large":["https:\/\/www.anika-net.de\/wp-content\/uploads\/2021\/10\/JMD-Logo-768x254.png",640,212,true],"large":["https:\/\/www.anika-net.de\/wp-content\/uploads\/2021\/10\/JMD-Logo-1024x338.png",640,211,true],"1536x1536":["https:\/\/www.anika-net.de\/wp-content\/uploads\/2021\/10\/JMD-Logo.png",1181,390,false],"2048x2048":["https:\/\/www.anika-net.de\/wp-content\/uploads\/2021\/10\/JMD-Logo.png",1181,390,false],"event-overview":["https:\/\/www.anika-net.de\/wp-content\/uploads\/2021\/10\/JMD-Logo-960x390.png",960,390,true],"event-archive-thumb":["https:\/\/www.anika-net.de\/wp-content\/uploads\/2021\/10\/JMD-Logo-480x159.png",480,159,true],"grid-item-thumbnail":["https:\/\/www.anika-net.de\/wp-content\/uploads\/2021\/10\/JMD-Logo-360x200.png",360,200,true],"network-partner-icon":["https:\/\/www.anika-net.de\/wp-content\/uploads\/2021\/10\/JMD-Logo-100x100.png",100,100,true],"organiser-icon":["https:\/\/www.anika-net.de\/wp-content\/uploads\/2021\/10\/JMD-Logo-200x200.png",200,200,true],"gform-image-choice-sm":["https:\/\/www.anika-net.de\/wp-content\/uploads\/2021\/10\/JMD-Logo.png",300,99,false],"gform-image-choice-md":["https:\/\/www.anika-net.de\/wp-content\/uploads\/2021\/10\/JMD-Logo.png",400,132,false],"gform-image-choice-lg":["https:\/\/www.anika-net.de\/wp-content\/uploads\/2021\/10\/JMD-Logo.png",600,198,false]},"uagb_author_info":{"display_name":"Andrea Ramirez","author_link":"https:\/\/www.anika-net.de\/pl\/author\/andrea-ramirez\/"},"uagb_comment_info":0,"uagb_excerpt":"Wspar\u00adcie dla m\u0142o\u00addych os\u00f3b zmie\u00adnia\u00adj\u0105\u00adcych karie\u00adr\u0119 wcho\u00addz\u0105\u00adcych do sys\u00adte\u00admu edukacji Ofe\u00adru\u00adje\u00admy bez\u00adp\u0142at\u00adne lek\u00adcje j\u0119zy\u00adka nie\u00admiec\u00adkie\u00adgo (w razie potrze\u00adby r\u00f3w\u00adnie\u017c w j\u0119zy\u00adku angiel\u00adskim) dla m\u0142o\u00addzie\u00ad\u017cy w wie\u00adku 12\u201318 lat w ma\u0142ych&nbsp;czytaj wi\u0119cej","_links":{"self":[{"href":"https:\/\/www.anika-net.de\/pl\/wp-json\/wp\/v2\/event\/58082","targetHints":{"allow":["GET"]}}],"collection":[{"href":"https:\/\/www.anika-net.de\/pl\/wp-json\/wp\/v2\/event"}],"about":[{"href":"https:\/\/www.anika-net.de\/pl\/wp-json\/wp\/v2\/types\/event"}],"author":[{"embeddable":true,"href":"https:\/\/www.anika-net.de\/pl\/wp-json\/wp\/v2\/users\/12"}],"version-history":[{"count":1,"href":"https:\/\/www.anika-net.de\/pl\/wp-json\/wp\/v2\/event\/58082\/revisions"}],"predecessor-version":[{"id":60872,"href":"https:\/\/www.anika-net.de\/pl\/wp-json\/wp\/v2\/event\/58082\/revisions\/60872"}],"acf:post":[{"embeddable":true,"href":"https:\/\/www.anika-net.de\/pl\/wp-json\/wp\/v2\/organiser\/1639"},{"embeddable":true,"href":"https:\/\/www.anika-net.de\/pl\/wp-json\/wp\/v2\/organiser\/9632"}],"acf:term":[{"embeddable":true,"taxonomy":"event_category","href":"https:\/\/www.anika-net.de\/pl\/wp-json\/wp\/v2\/event_category\/182"}],"wp:featuredmedia":[{"embeddable":true,"href":"https:\/\/www.anika-net.de\/pl\/wp-json\/wp\/v2\/media\/19012"}],"wp:attachment":[{"href":"https:\/\/www.anika-net.de\/pl\/wp-json\/wp\/v2\/media?parent=58082"}],"curies":[{"name":"wp","href":"https:\/\/api.w.org\/{rel}","templated":true}]}}

Mło­dzi ludzie zmie­nia­ją­cy karierę

<h1><span style="color: #ff9900;">Wspar­cie dla mło­dych osób zmie­nia­ją­cych karie­rę wcho­dzą­cych do sys­te­mu edukacji</span></h1>
<blockquote><p><em>Ofe­ru­je­my bez­płat­ne lek­cje języ­ka nie­miec­kie­go (w razie potrze­by rów­nież w języ­ku angiel­skim) dla mło­dzie­ży w wie­ku 12–18 lat w małych gru­pach w szko­łach i salach JMD.</em></p></blockquote>
<p><strong>Cel:</strong> Budo­wa­nie pisem­nych i ust­nych umie­jęt­no­ści języ­ko­wych jako warun­ku wstęp­ne­go inte­gra­cji, a tak­że zaję­cie się indy­wi­du­al­ny­mi luka­mi w wie­dzy, naucza­nie umie­jęt­no­ści spo­łecz­nych i mię­dzy­kul­tu­ro­wych, zapew­nie­nie orien­ta­cji w nowym śro­do­wi­sku spo­łecz­nym oraz wspar­cie w pla­no­wa­niu ście­żek edu­ka­cyj­nych i szkoleniowych.</p>

Scheffelstraße  11-17, 1st floor

Dzieci, które są przyjmowane do systemu edukacji jako boczni uczestnicy od szóstego roku życia.

<p>Wspar­cie dla mło­dych osób zmie­nia­ją­cych karie­rę wcho­dzą­cych do sys­te­mu edu­ka­cji Ofe­ru­je­my bez­płat­ne lek­cje języ­ka nie­miec­kie­go (w razie potrze­by rów­nież w języ­ku angiel­skim) dla mło­dzie­ży w wie­ku 12–18 lat w małych gru­pach w szko­łach i salach JMD. Cel: Budo­wa­nie pisem­nych i ust­nych umie­jęt­no­ści języ­ko­wych jako warun­ku wstęp­ne­go inte­gra­cji, a tak­że zaję­cie się indy­wi­du­al­ny­mi luka­mi w wie­dzy, naucza­nie umie­jęt­no­ści spo­łecz­nych i mię­dzy­kul­tu­ro­wych, zapew­nie­nie orien­ta­cji w nowym śro­do­wi­sku spo­łecz­nym oraz wspar­cie w pla­no­wa­niu ście­żek edu­ka­cyj­nych i szkoleniowych.</p>

Wspar­cie dla mło­dych osób zmie­nia­ją­cych karie­rę wcho­dzą­cych do sys­te­mu edukacji Ofe­ru­je­my bez­płat­ne lek­cje języ­ka nie­miec­kie­go (w razie potrze­by rów­nież w języ­ku angiel­skim) dla mło­dzie­ży w wie­ku 12–18 lat w małych&nbsp;czytaj więcej
