{"id":57953,"date":"2025-02-03T11:24:54","date_gmt":"2025-02-03T10:24:54","guid":{"rendered":"https:\/\/www.anika-net.de\/event\/wyszukiwanie-szkolen-porady-dotyczace-praktyk-zawodowych\/"},"modified":"2025-04-17T15:46:36","modified_gmt":"2025-04-17T13:46:36","slug":"wyszukiwanie-szkolen-porady-dotyczace-praktyk-zawodowych","status":"publish","type":"event","link":"https:\/\/www.anika-net.de\/pl\/event\/wyszukiwanie-szkolen-porady-dotyczace-praktyk-zawodowych\/","title":{"rendered":"Wyszu\u00adki\u00adwa\u00adnie szko\u00adle\u0144 \u2014 pora\u00addy doty\u00adcz\u0105\u00adce prak\u00adtyk zawodowych"},"content":{"rendered":"<h4><span style=\"color: #666699;\"><strong>IHK Karls\u00adru\u00adhe <\/strong><\/span><\/h4>\n<h1><span style=\"color: #ff6600;\">Wyszu\u00adki\u00adwa\u00adnie szko\u00adle\u0144 \u2014 pora\u00addy doty\u00adcz\u0105\u00adce prak\u00adtyk zawodowych<\/span><\/h1>\n<p>Zesp\u00f3\u0142 IHK Karls\u00adru\u00adhe dora\u00addza we wszyst\u00adkich kwe\u00adstiach zwi\u0105\u00adza\u00adnych z poszu\u00adki\u00adwa\u00adniem prak\u00adtyk zawo\u00addo\u00adwych. Dorad\u00adcy zawo\u00addo\u00adwi IHK w Karls\u00adru\u00adhe i Baden-Baden poin\u00adfor\u00admu\u00adj\u0105 Ci\u0119 o wol\u00adnych miej\u00adscach prak\u00adtyk i udzie\u00adl\u0105 Ci indy\u00adwi\u00addu\u00adal\u00adnej pora\u00addy. Pod\u00adczas oso\u00adbi\u00adstych kon\u00adsul\u00adta\u00adcji eks\u00adper\u00adci IHK spraw\u00addza\u00adj\u0105 Two\u00adj\u0105 wie\u00addz\u0119, moc\u00adne stro\u00adny i doku\u00admen\u00adty apli\u00adka\u00adcyj\u00adne, dora\u00addza\u00adj\u0105 w wybo\u00adrze karie\u00adry i orga\u00adni\u00adzu\u00adj\u0105 odpo\u00adwied\u00adnie prak\u00adty\u00adki, miej\u00adsca EQ i&nbsp;sta\u017ce.<\/p>\n<h3><span style=\"color: #008080;\">Nasze us\u0142u\u00adgi doradcze<\/span><\/h3>\n<ul>\n<li>Doradz\u00adtwo w zakre\u00adsie szko\u00adle\u0144 i mo\u017c\u00adli\u00adwo\u00ad\u015bci karie\u00adry w prze\u00admy\u00ad\u015ble, han\u00addlu, IT, hote\u00adlar\u00adstwie i gastro\u00adno\u00admii, tech\u00adno\u00adlo\u00adgii, spo\u00ad\u0142e\u00adcze\u0144\u00adstwie, naukach przy\u00adrod\u00adni\u00adczych i innych dzie\u00addzi\u00adnach zawodowych.<\/li>\n<li>Wspar\u00adcie w zakre\u00adsie doradz\u00adtwa zawo\u00addo\u00adwe\u00adgo i wybo\u00adru kariery<\/li>\n<li>Wspar\u00adcie w poszu\u00adki\u00adwa\u00adniu prak\u00adtyk i&nbsp;sta\u017cy<\/li>\n<li>Wska\u00adz\u00f3w\u00adki doty\u00adcz\u0105\u00adce apli\u00adka\u00adcji i spraw\u00addza\u00adnie port\u00adfo\u00adlio aplikacji<\/li>\n<li>Wspar\u00adcie w poszu\u00adki\u00adwa\u00adniu prak\u00adtyk i&nbsp;sta\u017cy<\/li>\n<li>Pora\u00addy doty\u00adcz\u0105\u00adce podw\u00f3j\u00adne\u00adgo szko\u00adle\u00adnia i mo\u017c\u00adli\u00adwo\u00ad\u015bci kariery<\/li>\n<li>Pora\u00addy dla os\u00f3b, kt\u00f3\u00adre porzu\u00adci\u00ad\u0142y studia<\/li>\n<\/ul>\n<p><strong><span style=\"color: #008080;\">Um\u00f3w si\u0119 na konsultacj\u0119<\/span><\/strong><br>\nAby um\u00f3\u00adwi\u0107 si\u0119 na spo\u00adtka\u00adnie, mo\u017cesz sko\u00adrzy\u00adsta\u0107 z <a href=\"https:\/\/www.ihk.de\/karlsruhe\/fachthemen\/uebersicht-ausbildung\/berufsorientierung\/jugendliche\/lehrstellenberatung-2449534\" rel=\"noopener\">narz\u0119\u00addzia onli\u00adne<\/a>, wys\u0142a\u0107 wia\u00addo\u00admo\u015b\u0107 e\u2011mail lub zadzwoni\u0107.<\/p>\n","protected":false},"author":12,"featured_media":9025,"template":"","class_list":["post-57953","event","type-event","status-publish","has-post-thumbnail","hentry","event_category-edukacja"],"acf":{"event-recurring":true,"event-category":182,"event-is-language-course":false,"event-recurring-still-active":true,"event-display-details":true,"event-schedules-recurring":null,"event-schedules-calendar":null,"event-is-online":false,"event-online-url":"","event-location-building":"IHK Karlsruhe","event-location-street":"Lammstra\u00dfe 13-17","event-location-zip":"76133","event-location-city":"Karlsruhe","event-location-contact-person":"Frau Laura Ernst","event-location-phone":"0721 174-447","event-location-phone-2":"0721 174-0","event-location-mail":"lehrstellenberatung@karlsruhe.ihk.de","event-location-mail-2":"info@karlsruhe.ihk.de","event-location-website":"https:\/\/www.ihk.de\/karlsruhe\/fachthemen\/ausbildung\/berufsorientierung\/jugendliche\/lehrstellenberatung-2449534","event-target-group":[{"target-group":""}],"event-target-group-comment":"Dla migrant\u00f3w","event-free":true,"event-organiser":[9018],"event-header-copyright-overlay":false,"event-copyright-note-description-end":false},"featured_image_urls_v2":{"full":["https:\/\/www.anika-net.de\/wp-content\/uploads\/2021\/10\/logo.png",1418,709,false],"thumbnail":["https:\/\/www.anika-net.de\/wp-content\/uploads\/2021\/10\/logo-150x150.png",150,150,true],"medium":["https:\/\/www.anika-net.de\/wp-content\/uploads\/2021\/10\/logo-300x150.png",300,150,true],"medium_large":["https:\/\/www.anika-net.de\/wp-content\/uploads\/2021\/10\/logo-768x384.png",640,320,true],"large":["https:\/\/www.anika-net.de\/wp-content\/uploads\/2021\/10\/logo-1024x512.png",640,320,true],"1536x1536":["https:\/\/www.anika-net.de\/wp-content\/uploads\/2021\/10\/logo.png",1418,709,false],"2048x2048":["https:\/\/www.anika-net.de\/wp-content\/uploads\/2021\/10\/logo.png",1418,709,false],"event-overview":["https:\/\/www.anika-net.de\/wp-content\/uploads\/2021\/10\/logo-960x640.png",960,640,true],"event-archive-thumb":["https:\/\/www.anika-net.de\/wp-content\/uploads\/2021\/10\/logo-480x240.png",480,240,true],"grid-item-thumbnail":["https:\/\/www.anika-net.de\/wp-content\/uploads\/2021\/10\/logo-360x200.png",360,200,true],"network-partner-icon":["https:\/\/www.anika-net.de\/wp-content\/uploads\/2021\/10\/logo-100x100.png",100,100,true],"organiser-icon":["https:\/\/www.anika-net.de\/wp-content\/uploads\/2021\/10\/logo-200x200.png",200,200,true],"gform-image-choice-sm":["https:\/\/www.anika-net.de\/wp-content\/uploads\/2021\/10\/logo.png",300,150,false],"gform-image-choice-md":["https:\/\/www.anika-net.de\/wp-content\/uploads\/2021\/10\/logo.png",400,200,false],"gform-image-choice-lg":["https:\/\/www.anika-net.de\/wp-content\/uploads\/2021\/10\/logo.png",600,300,false]},"post_excerpt_stackable_v2":"<p>IHK Karls\u00adru\u00adhe Wyszu\u00adki\u00adwa\u00adnie szko\u00adle\u0144 \u2014 pora\u00addy doty\u00adcz\u0105\u00adce prak\u00adtyk zawo\u00addo\u00adwych Zesp\u00f3\u0142 IHK Karls\u00adru\u00adhe dora\u00addza we wszyst\u00adkich kwe\u00adstiach zwi\u0105\u00adza\u00adnych z poszu\u00adki\u00adwa\u00adniem prak\u00adtyk zawo\u00addo\u00adwych. Dorad\u00adcy zawo\u00addo\u00adwi IHK w Karls\u00adru\u00adhe i Baden-Baden poin\u00adfor\u00admu\u00adj\u0105 Ci\u0119 o wol\u00adnych miej\u00adscach prak\u00adtyk i udzie\u00adl\u0105 Ci indy\u00adwi\u00addu\u00adal\u00adnej pora\u00addy. Pod\u00adczas oso\u00adbi\u00adstych kon\u00adsul\u00adta\u00adcji eks\u00adper\u00adci IHK spraw\u00addza\u00adj\u0105 Two\u00adj\u0105 wie\u00addz\u0119, moc\u00adne stro\u00adny i doku\u00admen\u00adty apli\u00adka\u00adcyj\u00adne, dora\u00addza\u00adj\u0105 w wybo\u00adrze karie\u00adry i orga\u00adni\u00adzu\u00adj\u0105 odpo\u00adwied\u00adnie prak\u00adty\u00adki, miej\u00adsca EQ i&nbsp;sta\u00ad\u017ce. Nasze us\u0142u\u00adgi dorad\u00adcze Doradz\u00adtwo w zakre\u00adsie szko\u00adle\u0144 i mo\u017c\u00adli\u00adwo\u00ad\u015bci karie\u00adry w prze\u00admy\u00ad\u015ble, han\u00addlu, IT, hote\u00adlar\u00adstwie i gastro\u00adno\u00admii, tech\u00adno\u00adlo\u00adgii, spo\u00ad\u0142e\u00adcze\u0144\u00adstwie, naukach przy\u00adrod\u00adni\u00adczych i innych dzie\u00addzi\u00adnach zawo\u00addo\u00adwych. Wspar\u00adcie w zakre\u00adsie doradz\u00adtwa zawo\u00addo\u00adwe\u00adgo i wybo\u00adru karie\u00adry Wspar\u00adcie w poszu\u00adki\u00adwa\u00adniu praktyk\u2026<\/p>\n","category_list_v2":"","author_info_v2":{"name":"Andrea Ramirez","url":"https:\/\/www.anika-net.de\/pl\/author\/andrea-ramirez\/"},"comments_num_v2":"0 comments","uagb_featured_image_src":{"full":["https:\/\/www.anika-net.de\/wp-content\/uploads\/2021\/10\/logo.png",1418,709,false],"thumbnail":["https:\/\/www.anika-net.de\/wp-content\/uploads\/2021\/10\/logo-150x150.png",150,150,true],"medium":["https:\/\/www.anika-net.de\/wp-content\/uploads\/2021\/10\/logo-300x150.png",300,150,true],"medium_large":["https:\/\/www.anika-net.de\/wp-content\/uploads\/2021\/10\/logo-768x384.png",640,320,true],"large":["https:\/\/www.anika-net.de\/wp-content\/uploads\/2021\/10\/logo-1024x512.png",640,320,true],"1536x1536":["https:\/\/www.anika-net.de\/wp-content\/uploads\/2021\/10\/logo.png",1418,709,false],"2048x2048":["https:\/\/www.anika-net.de\/wp-content\/uploads\/2021\/10\/logo.png",1418,709,false],"event-overview":["https:\/\/www.anika-net.de\/wp-content\/uploads\/2021\/10\/logo-960x640.png",960,640,true],"event-archive-thumb":["https:\/\/www.anika-net.de\/wp-content\/uploads\/2021\/10\/logo-480x240.png",480,240,true],"grid-item-thumbnail":["https:\/\/www.anika-net.de\/wp-content\/uploads\/2021\/10\/logo-360x200.png",360,200,true],"network-partner-icon":["https:\/\/www.anika-net.de\/wp-content\/uploads\/2021\/10\/logo-100x100.png",100,100,true],"organiser-icon":["https:\/\/www.anika-net.de\/wp-content\/uploads\/2021\/10\/logo-200x200.png",200,200,true],"gform-image-choice-sm":["https:\/\/www.anika-net.de\/wp-content\/uploads\/2021\/10\/logo.png",300,150,false],"gform-image-choice-md":["https:\/\/www.anika-net.de\/wp-content\/uploads\/2021\/10\/logo.png",400,200,false],"gform-image-choice-lg":["https:\/\/www.anika-net.de\/wp-content\/uploads\/2021\/10\/logo.png",600,300,false]},"uagb_author_info":{"display_name":"Andrea Ramirez","author_link":"https:\/\/www.anika-net.de\/pl\/author\/andrea-ramirez\/"},"uagb_comment_info":0,"uagb_excerpt":"IHK Karls\u00adru\u00adhe Wyszu\u00adki\u00adwa\u00adnie szko\u00adle\u0144 \u2014 pora\u00addy doty\u00adcz\u0105\u00adce prak\u00adtyk zawodowych Zesp\u00f3\u0142 IHK Karls\u00adru\u00adhe dora\u00addza we wszyst\u00adkich kwe\u00adstiach zwi\u0105\u00adza\u00adnych z poszu\u00adki\u00adwa\u00adniem prak\u00adtyk zawo\u00addo\u00adwych. Dorad\u00adcy zawo\u00addo\u00adwi IHK w Karls\u00adru\u00adhe i Baden-Baden poin\u00adfor\u00admu\u00adj\u0105 Ci\u0119&nbsp;czytaj wi\u0119cej","_links":{"self":[{"href":"https:\/\/www.anika-net.de\/pl\/wp-json\/wp\/v2\/event\/57953","targetHints":{"allow":["GET"]}}],"collection":[{"href":"https:\/\/www.anika-net.de\/pl\/wp-json\/wp\/v2\/event"}],"about":[{"href":"https:\/\/www.anika-net.de\/pl\/wp-json\/wp\/v2\/types\/event"}],"author":[{"embeddable":true,"href":"https:\/\/www.anika-net.de\/pl\/wp-json\/wp\/v2\/users\/12"}],"version-history":[{"count":1,"href":"https:\/\/www.anika-net.de\/pl\/wp-json\/wp\/v2\/event\/57953\/revisions"}],"predecessor-version":[{"id":60890,"href":"https:\/\/www.anika-net.de\/pl\/wp-json\/wp\/v2\/event\/57953\/revisions\/60890"}],"acf:post":[{"embeddable":true,"href":"https:\/\/www.anika-net.de\/pl\/wp-json\/wp\/v2\/organiser\/9018"}],"acf:term":[{"embeddable":true,"taxonomy":"event_category","href":"https:\/\/www.anika-net.de\/pl\/wp-json\/wp\/v2\/event_category\/182"}],"wp:featuredmedia":[{"embeddable":true,"href":"https:\/\/www.anika-net.de\/pl\/wp-json\/wp\/v2\/media\/9025"}],"wp:attachment":[{"href":"https:\/\/www.anika-net.de\/pl\/wp-json\/wp\/v2\/media?parent=57953"}],"curies":[{"name":"wp","href":"https:\/\/api.w.org\/{rel}","templated":true}]}}

Wyszu­ki­wa­nie szko­leń — pora­dy doty­czą­ce prak­tyk zawodowych

<h4><span style="color: #666699;"><strong>IHK Karls­ru­he </strong></span></h4>
<h1><span style="color: #ff6600;">Wyszu­ki­wa­nie szko­leń — pora­dy doty­czą­ce prak­tyk zawodowych</span></h1>
<p>Zespół IHK Karls­ru­he dora­dza we wszyst­kich kwe­stiach zwią­za­nych z poszu­ki­wa­niem prak­tyk zawo­do­wych. Dorad­cy zawo­do­wi IHK w Karls­ru­he i Baden-Baden poin­for­mu­ją Cię o wol­nych miej­scach prak­tyk i udzie­lą Ci indy­wi­du­al­nej pora­dy. Pod­czas oso­bi­stych kon­sul­ta­cji eks­per­ci IHK spraw­dza­ją Two­ją wie­dzę, moc­ne stro­ny i doku­men­ty apli­ka­cyj­ne, dora­dza­ją w wybo­rze karie­ry i orga­ni­zu­ją odpo­wied­nie prak­ty­ki, miej­sca EQ i&nbsp;staże.</p>
<h3><span style="color: #008080;">Nasze usłu­gi doradcze</span></h3>
<ul>
<li>Doradz­two w zakre­sie szko­leń i moż­li­wo­ści karie­ry w prze­my­śle, han­dlu, IT, hote­lar­stwie i gastro­no­mii, tech­no­lo­gii, spo­łe­czeń­stwie, naukach przy­rod­ni­czych i innych dzie­dzi­nach zawodowych.</li>
<li>Wspar­cie w zakre­sie doradz­twa zawo­do­we­go i wybo­ru kariery</li>
<li>Wspar­cie w poszu­ki­wa­niu prak­tyk i&nbsp;staży</li>
<li>Wska­zów­ki doty­czą­ce apli­ka­cji i spraw­dza­nie port­fo­lio aplikacji</li>
<li>Wspar­cie w poszu­ki­wa­niu prak­tyk i&nbsp;staży</li>
<li>Pora­dy doty­czą­ce podwój­ne­go szko­le­nia i moż­li­wo­ści kariery</li>
<li>Pora­dy dla osób, któ­re porzu­ci­ły studia</li>
</ul>
<p><strong><span style="color: #008080;">Umów się na konsultację</span></strong><br>
Aby umó­wić się na spo­tka­nie, możesz sko­rzy­stać z <a href="https://www.ihk.de/karlsruhe/fachthemen/uebersicht-ausbildung/berufsorientierung/jugendliche/lehrstellenberatung-2449534" rel="noopener">narzę­dzia onli­ne</a>, wysłać wia­do­mość e‑mail lub zadzwonić.</p>

Lammstraße 13-17

Dla migrantów

<p>IHK Karls­ru­he Wyszu­ki­wa­nie szko­leń — pora­dy doty­czą­ce prak­tyk zawo­do­wych Zespół IHK Karls­ru­he dora­dza we wszyst­kich kwe­stiach zwią­za­nych z poszu­ki­wa­niem prak­tyk zawo­do­wych. Dorad­cy zawo­do­wi IHK w Karls­ru­he i Baden-Baden poin­for­mu­ją Cię o wol­nych miej­scach prak­tyk i udzie­lą Ci indy­wi­du­al­nej pora­dy. Pod­czas oso­bi­stych kon­sul­ta­cji eks­per­ci IHK spraw­dza­ją Two­ją wie­dzę, moc­ne stro­ny i doku­men­ty apli­ka­cyj­ne, dora­dza­ją w wybo­rze karie­ry i orga­ni­zu­ją odpo­wied­nie prak­ty­ki, miej­sca EQ i&nbsp;sta­że. Nasze usłu­gi dorad­cze Doradz­two w zakre­sie szko­leń i moż­li­wo­ści karie­ry w prze­my­śle, han­dlu, IT, hote­lar­stwie i gastro­no­mii, tech­no­lo­gii, spo­łe­czeń­stwie, naukach przy­rod­ni­czych i innych dzie­dzi­nach zawo­do­wych. Wspar­cie w zakre­sie doradz­twa zawo­do­we­go i wybo­ru karie­ry Wspar­cie w poszu­ki­wa­niu praktyk…</p>

IHK Karls­ru­he Wyszu­ki­wa­nie szko­leń — pora­dy doty­czą­ce prak­tyk zawodowych Zespół IHK Karls­ru­he dora­dza we wszyst­kich kwe­stiach zwią­za­nych z poszu­ki­wa­niem prak­tyk zawo­do­wych. Dorad­cy zawo­do­wi IHK w Karls­ru­he i Baden-Baden poin­for­mu­ją Cię&nbsp;czytaj więcej
