{"id":57938,"date":"2025-02-03T10:33:21","date_gmt":"2025-02-03T09:33:21","guid":{"rendered":"https:\/\/www.anika-net.de\/event\/mondo-2025\/"},"modified":"2026-04-28T14:29:40","modified_gmt":"2026-04-28T12:29:40","slug":"mondo-2025","status":"publish","type":"event","link":"https:\/\/www.anika-net.de\/pl\/event\/mondo-2025\/","title":{"rendered":"MONDO 2026"},"content":{"rendered":"<div>\n<blockquote>\n<h3><span style=\"color: #666699;\"><em>MONDO ozna\u00adcza \u201c\u015bwiat\u201d. Festi\u00adwal pre\u00adzen\u00adtu\u00adje r\u00f3\u017c\u00adno\u00adrod\u00adno\u015b\u0107 kul\u00adtu\u00adro\u00adw\u0105 miesz\u00adka\u0144\u00adc\u00f3w Karls\u00adru\u00adhe z ca\u0142e\u00adgo \u015bwiata.&nbsp;<\/em><\/span><\/h3>\n<\/blockquote>\n<h1><span style=\"color: #800080;\">MONDO 2026 \u2014 festi\u00adwal dla ka\u017cdego<br>\n<\/span><\/h1>\n<blockquote><p><em>W sobo\u00adt\u0119, 11 lip\u00adca 2026 r., b\u0119dzie\u00admy \u015bwi\u0119\u00adto\u00adwa\u0107 MONDO \u2014 festi\u00adwal dla wszyst\u00adkich, mi\u0119\u00addzy\u00adkul\u00adtu\u00adro\u00adwy festi\u00adwal w Karls\u00adru\u00adhe \u2014 na kam\u00adpu\u00adsie Bildungscampus<\/em><\/p><\/blockquote>\n<p>Zagra\u00adnicz\u00adno-nie\u00admiec\u00adkie sto\u00adwa\u00adrzy\u00adsze\u00adnia i insty\u00adtu\u00adcje zapre\u00adzen\u00adtu\u00adj\u0105 si\u0119 ze sto\u00adiska\u00admi i r\u00f3\u017c\u00adno\u00adrod\u00adnym pro\u00adgra\u00admem kul\u00adtu\u00adral\u00adnym. Udzie\u00adla\u00adj\u0105 infor\u00adma\u00adcji o aktu\u00adal\u00adnych pro\u00adjek\u00adtach, dzia\u00ad\u0142a\u00adniach i wyda\u00adrze\u00adniach zwi\u0105\u00adza\u00adnych z pra\u00adc\u0105 mi\u0119\u00addzy\u00adkul\u00adtu\u00adro\u00adw\u0105 i mi\u0119\u00addzy\u00adna\u00adro\u00addo\u00adw\u0105 w Karls\u00adru\u00adhe. Wsz\u0119\u00addzie ofe\u00adro\u00adwa\u00adne s\u0105 spe\u00adcja\u00ad\u0142y z ca\u0142e\u00adgo \u015bwia\u00adta. Wolon\u00adta\u00adriu\u00adsze ze sto\u00adwa\u00adrzy\u00adsze\u0144 s\u0105 odpo\u00adwie\u00addzial\u00adni za potra\u00adwy, a tym samym gwa\u00adran\u00adtu\u00adj\u0105 auten\u00adtycz\u00adno\u015b\u0107, kt\u00f3\u00adr\u0105 trud\u00adno zna\u00adle\u017a\u0107 na innych festiwalach.&nbsp;<\/p>\n<p>R\u00f3\u017c\u00adno\u00adrod\u00adno\u015b\u0107 i kolo\u00adryt Karls\u00adru\u00adhe mo\u017c\u00adna do\u015bwiad\u00adczy\u0107 wszyst\u00adki\u00admi zmy\u00ads\u0142a\u00admi pod\u00adczas MONDO&nbsp;2026.<\/p>\n<p>W obli\u00adczu kon\u00adflik\u00adt\u00f3w i wojen na ca\u0142ym \u015bwie\u00adcie, ale tak\u00ad\u017ce w ser\u00adcu Euro\u00adpy, poko\u00adjo\u00adwe wsp\u00f3\u0142\u00adist\u00adnie\u00adnie i wsp\u00f3l\u00adne \u015bwi\u0119\u00adto\u00adwa\u00adnie r\u00f3\u017c\u00adnych kul\u00adtur w Karls\u00adru\u00adhe jest obie\u00adcu\u00adj\u0105\u00adcym sygna\u0142em.<\/p>\n<h3><span style=\"color: #008080;\"><strong>Czy chcesz wzi\u0105\u0107 udzia\u0142 ze swo\u00adim stoiskiem?<\/strong><\/span><\/h3>\n<\/div>\n<p>Byli\u00adby\u00ad\u015bmy zachwy\u00adce\u00adni, gdy\u00adby\u015b Ty i Two\u00adje gru\u00adpy mog\u0142y wzi\u0105\u0107 udzia\u0142 w tym roku, czy to ze sto\u00adiskiem infor\u00adma\u00adcyj\u00adnym, sto\u00adiskiem z jedze\u00adniem, na sce\u00adnie z pio\u00adsen\u00adka\u00admi, ta\u0144\u00adca\u00admi, wyst\u0119\u00adpa\u00admi lub aktyw\u00adno\u00ad\u015bci\u0105 na jed\u00adnej z naszych wysp akcji \/ spotka\u0144.<\/p>\n<p>Przyjd\u017a do nas ze swo\u00adimi pomy\u00ads\u0142a\u00admi, festi\u00adwal powi\u00adnien by\u0107 kolo\u00adro\u00adwy i dla ka\u017cdego.<\/p>\n","protected":false},"author":12,"featured_media":58933,"template":"","class_list":["post-57938","event","type-event","status-publish","has-post-thumbnail","hentry","event_category-rekreacja"],"acf":{"event-recurring":false,"event-category":184,"event-is-language-course":false,"event-recurring-still-active":true,"event-display-details":true,"event-schedules-recurring":null,"event-schedules-calendar":[{"event-calendar-day":"20260711","event-calendar-time":"14:00 - 19:00","event-calendar-time-text":""}],"event-is-online":false,"event-online-url":"","event-location-building":"Bildungscampus","event-location-street":"Kaiseralle 12 d","event-location-zip":"76133","event-location-city":"Karlsruhe","event-location-contact-person":"","event-location-phone":"0721 \u2013 89 333 710","event-location-phone-2":"","event-location-mail":"info@ibz-karlsruhe.de","event-location-mail-2":"","event-location-website":"https:\/\/www.ibz-karlsruhe.de\/","event-target-group":[{"target-group":"all"}],"event-target-group-comment":"","event-free":true,"event-organiser":[6704,34261],"event-header-copyright-overlay":true,"event-copyright-note-description-end":false},"featured_image_urls_v2":{"full":["https:\/\/www.anika-net.de\/wp-content\/uploads\/2024\/02\/MONDO_instagram_feed_leer_gelb_NEU.jpg",1080,287,false],"thumbnail":["https:\/\/www.anika-net.de\/wp-content\/uploads\/2024\/02\/MONDO_instagram_feed_leer_gelb_NEU-150x150.jpg",150,150,true],"medium":["https:\/\/www.anika-net.de\/wp-content\/uploads\/2024\/02\/MONDO_instagram_feed_leer_gelb_NEU-300x80.jpg",300,80,true],"medium_large":["https:\/\/www.anika-net.de\/wp-content\/uploads\/2024\/02\/MONDO_instagram_feed_leer_gelb_NEU-768x204.jpg",640,170,true],"large":["https:\/\/www.anika-net.de\/wp-content\/uploads\/2024\/02\/MONDO_instagram_feed_leer_gelb_NEU-1024x272.jpg",640,170,true],"1536x1536":["https:\/\/www.anika-net.de\/wp-content\/uploads\/2024\/02\/MONDO_instagram_feed_leer_gelb_NEU.jpg",1080,287,false],"2048x2048":["https:\/\/www.anika-net.de\/wp-content\/uploads\/2024\/02\/MONDO_instagram_feed_leer_gelb_NEU.jpg",1080,287,false],"event-overview":["https:\/\/www.anika-net.de\/wp-content\/uploads\/2024\/02\/MONDO_instagram_feed_leer_gelb_NEU-960x287.jpg",960,287,true],"event-archive-thumb":["https:\/\/www.anika-net.de\/wp-content\/uploads\/2024\/02\/MONDO_instagram_feed_leer_gelb_NEU-480x128.jpg",480,128,true],"grid-item-thumbnail":["https:\/\/www.anika-net.de\/wp-content\/uploads\/2024\/02\/MONDO_instagram_feed_leer_gelb_NEU-360x200.jpg",360,200,true],"network-partner-icon":["https:\/\/www.anika-net.de\/wp-content\/uploads\/2024\/02\/MONDO_instagram_feed_leer_gelb_NEU-100x100.jpg",100,100,true],"organiser-icon":["https:\/\/www.anika-net.de\/wp-content\/uploads\/2024\/02\/MONDO_instagram_feed_leer_gelb_NEU-200x200.jpg",200,200,true],"gform-image-choice-sm":["https:\/\/www.anika-net.de\/wp-content\/uploads\/2024\/02\/MONDO_instagram_feed_leer_gelb_NEU.jpg",300,80,false],"gform-image-choice-md":["https:\/\/www.anika-net.de\/wp-content\/uploads\/2024\/02\/MONDO_instagram_feed_leer_gelb_NEU.jpg",400,106,false],"gform-image-choice-lg":["https:\/\/www.anika-net.de\/wp-content\/uploads\/2024\/02\/MONDO_instagram_feed_leer_gelb_NEU.jpg",600,159,false]},"post_excerpt_stackable_v2":"<p>MONDO ozna\u00adcza \u201c\u015bwiat\u201d. Festi\u00adwal pre\u00adzen\u00adtu\u00adje r\u00f3\u017c\u00adno\u00adrod\u00adno\u015b\u0107 kul\u00adtu\u00adro\u00adw\u0105 miesz\u00adka\u0144\u00adc\u00f3w Karls\u00adru\u00adhe z ca\u0142e\u00adgo \u015bwia\u00adta.&nbsp; MONDO 2026 \u2014 festi\u00adwal dla ka\u017c\u00adde\u00adgo W sobo\u00adt\u0119, 11 lip\u00adca 2026 r., b\u0119dzie\u00admy \u015bwi\u0119\u00adto\u00adwa\u0107 MONDO \u2014 festi\u00adwal dla wszyst\u00adkich, mi\u0119\u00addzy\u00adkul\u00adtu\u00adro\u00adwy festi\u00adwal w Karls\u00adru\u00adhe \u2014 na kam\u00adpu\u00adsie Bil\u00addung\u00adscam\u00adpus Zagra\u00ad\u00adni\u00adcz\u00adno-nie\u00ad\u00admie\u00adc\u00adkie sto\u00adwa\u00adrzy\u00adsze\u00adnia i insty\u00adtu\u00adcje zapre\u00adzen\u00adtu\u00adj\u0105 si\u0119 ze sto\u00adiska\u00admi i r\u00f3\u017c\u00adno\u00adrod\u00adnym pro\u00adgra\u00admem kul\u00adtu\u00adral\u00adnym. Udzie\u00adla\u00adj\u0105 infor\u00adma\u00adcji o aktu\u00adal\u00adnych pro\u00adjek\u00adtach, dzia\u00ad\u0142a\u00adniach i wyda\u00adrze\u00adniach zwi\u0105\u00adza\u00adnych z pra\u00adc\u0105 mi\u0119\u00addzy\u00adkul\u00adtu\u00adro\u00adw\u0105 i mi\u0119\u00addzy\u00adna\u00adro\u00addo\u00adw\u0105 w Karls\u00adru\u00adhe. Wsz\u0119\u00addzie ofe\u00adro\u00adwa\u00adne s\u0105 spe\u00adcja\u00ad\u0142y z ca\u0142e\u00adgo \u015bwia\u00adta. Wolon\u00adta\u00adriu\u00adsze ze sto\u00adwa\u00adrzy\u00adsze\u0144 s\u0105 odpo\u00adwie\u00addzial\u00adni za potra\u00adwy, a tym samym gwa\u00adran\u00adtu\u00adj\u0105 auten\u00adtycz\u00adno\u015b\u0107, kt\u00f3\u00adr\u0105 trud\u00adno zna\u00adle\u017a\u0107 na innych festi\u00adwa\u00adlach.&nbsp; R\u00f3\u017c\u00adno\u00adrod\u00adno\u015b\u0107 i kolo\u00adryt Karls\u00adru\u00adhe mo\u017c\u00adna do\u015bwiad\u00adczy\u0107 wszyst\u00adki\u00admi zmys\u0142ami\u2026<\/p>\n","category_list_v2":"","author_info_v2":{"name":"Andrea Ramirez","url":"https:\/\/www.anika-net.de\/pl\/author\/andrea-ramirez\/"},"comments_num_v2":"0 comments","uagb_featured_image_src":{"full":["https:\/\/www.anika-net.de\/wp-content\/uploads\/2024\/02\/MONDO_instagram_feed_leer_gelb_NEU.jpg",1080,287,false],"thumbnail":["https:\/\/www.anika-net.de\/wp-content\/uploads\/2024\/02\/MONDO_instagram_feed_leer_gelb_NEU-150x150.jpg",150,150,true],"medium":["https:\/\/www.anika-net.de\/wp-content\/uploads\/2024\/02\/MONDO_instagram_feed_leer_gelb_NEU-300x80.jpg",300,80,true],"medium_large":["https:\/\/www.anika-net.de\/wp-content\/uploads\/2024\/02\/MONDO_instagram_feed_leer_gelb_NEU-768x204.jpg",640,170,true],"large":["https:\/\/www.anika-net.de\/wp-content\/uploads\/2024\/02\/MONDO_instagram_feed_leer_gelb_NEU-1024x272.jpg",640,170,true],"1536x1536":["https:\/\/www.anika-net.de\/wp-content\/uploads\/2024\/02\/MONDO_instagram_feed_leer_gelb_NEU.jpg",1080,287,false],"2048x2048":["https:\/\/www.anika-net.de\/wp-content\/uploads\/2024\/02\/MONDO_instagram_feed_leer_gelb_NEU.jpg",1080,287,false],"event-overview":["https:\/\/www.anika-net.de\/wp-content\/uploads\/2024\/02\/MONDO_instagram_feed_leer_gelb_NEU-960x287.jpg",960,287,true],"event-archive-thumb":["https:\/\/www.anika-net.de\/wp-content\/uploads\/2024\/02\/MONDO_instagram_feed_leer_gelb_NEU-480x128.jpg",480,128,true],"grid-item-thumbnail":["https:\/\/www.anika-net.de\/wp-content\/uploads\/2024\/02\/MONDO_instagram_feed_leer_gelb_NEU-360x200.jpg",360,200,true],"network-partner-icon":["https:\/\/www.anika-net.de\/wp-content\/uploads\/2024\/02\/MONDO_instagram_feed_leer_gelb_NEU-100x100.jpg",100,100,true],"organiser-icon":["https:\/\/www.anika-net.de\/wp-content\/uploads\/2024\/02\/MONDO_instagram_feed_leer_gelb_NEU-200x200.jpg",200,200,true],"gform-image-choice-sm":["https:\/\/www.anika-net.de\/wp-content\/uploads\/2024\/02\/MONDO_instagram_feed_leer_gelb_NEU.jpg",300,80,false],"gform-image-choice-md":["https:\/\/www.anika-net.de\/wp-content\/uploads\/2024\/02\/MONDO_instagram_feed_leer_gelb_NEU.jpg",400,106,false],"gform-image-choice-lg":["https:\/\/www.anika-net.de\/wp-content\/uploads\/2024\/02\/MONDO_instagram_feed_leer_gelb_NEU.jpg",600,159,false]},"uagb_author_info":{"display_name":"Andrea Ramirez","author_link":"https:\/\/www.anika-net.de\/pl\/author\/andrea-ramirez\/"},"uagb_comment_info":0,"uagb_excerpt":"MONDO ozna\u00adcza \u201c\u015bwiat\u201d. Festi\u00adwal pre\u00adzen\u00adtu\u00adje r\u00f3\u017c\u00adno\u00adrod\u00adno\u015b\u0107 kul\u00adtu\u00adro\u00adw\u0105 miesz\u00adka\u0144\u00adc\u00f3w Karls\u00adru\u00adhe z ca\u0142e\u00adgo \u015bwiata.&nbsp; MONDO 2026 \u2014 festi\u00adwal dla ka\u017cdego W sobo\u00adt\u0119, 11 lip\u00adca 2026 r., b\u0119dzie\u00admy \u015bwi\u0119\u00adto\u00adwa\u0107 MONDO \u2014 festi\u00adwal dla&nbsp;czytaj wi\u0119cej","_links":{"self":[{"href":"https:\/\/www.anika-net.de\/pl\/wp-json\/wp\/v2\/event\/57938","targetHints":{"allow":["GET"]}}],"collection":[{"href":"https:\/\/www.anika-net.de\/pl\/wp-json\/wp\/v2\/event"}],"about":[{"href":"https:\/\/www.anika-net.de\/pl\/wp-json\/wp\/v2\/types\/event"}],"author":[{"embeddable":true,"href":"https:\/\/www.anika-net.de\/pl\/wp-json\/wp\/v2\/users\/12"}],"version-history":[{"count":3,"href":"https:\/\/www.anika-net.de\/pl\/wp-json\/wp\/v2\/event\/57938\/revisions"}],"predecessor-version":[{"id":121474,"href":"https:\/\/www.anika-net.de\/pl\/wp-json\/wp\/v2\/event\/57938\/revisions\/121474"}],"acf:post":[{"embeddable":true,"href":"https:\/\/www.anika-net.de\/pl\/wp-json\/wp\/v2\/organiser\/34261"},{"embeddable":true,"href":"https:\/\/www.anika-net.de\/pl\/wp-json\/wp\/v2\/organiser\/6704"}],"acf:term":[{"embeddable":true,"taxonomy":"event_category","href":"https:\/\/www.anika-net.de\/pl\/wp-json\/wp\/v2\/event_category\/184"}],"wp:featuredmedia":[{"embeddable":true,"href":"https:\/\/www.anika-net.de\/pl\/wp-json\/wp\/v2\/media\/58933"}],"wp:attachment":[{"href":"https:\/\/www.anika-net.de\/pl\/wp-json\/wp\/v2\/media?parent=57938"}],"curies":[{"name":"wp","href":"https:\/\/api.w.org\/{rel}","templated":true}]}}

<div>
<blockquote>
<h3><span style="color: #666699;"><em>MONDO ozna­cza “świat”. Festi­wal pre­zen­tu­je róż­no­rod­ność kul­tu­ro­wą miesz­kań­ców Karls­ru­he z całe­go świata.&nbsp;</em></span></h3>
</blockquote>
<h1><span style="color: #800080;">MONDO 2026 — festi­wal dla każdego<br>
</span></h1>
<blockquote><p><em>W sobo­tę, 11 lip­ca 2026 r., będzie­my świę­to­wać MONDO — festi­wal dla wszyst­kich, mię­dzy­kul­tu­ro­wy festi­wal w Karls­ru­he — na kam­pu­sie Bildungscampus</em></p></blockquote>
<p>Zagra­nicz­no-nie­miec­kie sto­wa­rzy­sze­nia i insty­tu­cje zapre­zen­tu­ją się ze sto­iska­mi i róż­no­rod­nym pro­gra­mem kul­tu­ral­nym. Udzie­la­ją infor­ma­cji o aktu­al­nych pro­jek­tach, dzia­ła­niach i wyda­rze­niach zwią­za­nych z pra­cą mię­dzy­kul­tu­ro­wą i mię­dzy­na­ro­do­wą w Karls­ru­he. Wszę­dzie ofe­ro­wa­ne są spe­cja­ły z całe­go świa­ta. Wolon­ta­riu­sze ze sto­wa­rzy­szeń są odpo­wie­dzial­ni za potra­wy, a tym samym gwa­ran­tu­ją auten­tycz­ność, któ­rą trud­no zna­leźć na innych festiwalach.&nbsp;</p>
<p>Róż­no­rod­ność i kolo­ryt Karls­ru­he moż­na doświad­czyć wszyst­ki­mi zmy­sła­mi pod­czas MONDO&nbsp;2026.</p>
<p>W obli­czu kon­flik­tów i wojen na całym świe­cie, ale tak­że w ser­cu Euro­py, poko­jo­we współ­ist­nie­nie i wspól­ne świę­to­wa­nie róż­nych kul­tur w Karls­ru­he jest obie­cu­ją­cym sygnałem.</p>
<h3><span style="color: #008080;"><strong>Czy chcesz wziąć udział ze swo­im stoiskiem?</strong></span></h3>
</div>
<p>Byli­by­śmy zachwy­ce­ni, gdy­byś Ty i Two­je gru­py mogły wziąć udział w tym roku, czy to ze sto­iskiem infor­ma­cyj­nym, sto­iskiem z jedze­niem, na sce­nie z pio­sen­ka­mi, tań­ca­mi, wystę­pa­mi lub aktyw­no­ścią na jed­nej z naszych wysp akcji / spotkań.</p>
<p>Przyjdź do nas ze swo­imi pomy­sła­mi, festi­wal powi­nien być kolo­ro­wy i dla każdego.</p>

<p>MONDO ozna­cza “świat”. Festi­wal pre­zen­tu­je róż­no­rod­ność kul­tu­ro­wą miesz­kań­ców Karls­ru­he z całe­go świa­ta.&nbsp; MONDO 2026 — festi­wal dla każ­de­go W sobo­tę, 11 lip­ca 2026 r., będzie­my świę­to­wać MONDO — festi­wal dla wszyst­kich, mię­dzy­kul­tu­ro­wy festi­wal w Karls­ru­he — na kam­pu­sie Bil­dung­scam­pus Zagra­­ni­cz­no-nie­­mie­c­kie sto­wa­rzy­sze­nia i insty­tu­cje zapre­zen­tu­ją się ze sto­iska­mi i róż­no­rod­nym pro­gra­mem kul­tu­ral­nym. Udzie­la­ją infor­ma­cji o aktu­al­nych pro­jek­tach, dzia­ła­niach i wyda­rze­niach zwią­za­nych z pra­cą mię­dzy­kul­tu­ro­wą i mię­dzy­na­ro­do­wą w Karls­ru­he. Wszę­dzie ofe­ro­wa­ne są spe­cja­ły z całe­go świa­ta. Wolon­ta­riu­sze ze sto­wa­rzy­szeń są odpo­wie­dzial­ni za potra­wy, a tym samym gwa­ran­tu­ją auten­tycz­ność, któ­rą trud­no zna­leźć na innych festi­wa­lach.&nbsp; Róż­no­rod­ność i kolo­ryt Karls­ru­he moż­na doświad­czyć wszyst­ki­mi zmysłami…</p>

MONDO ozna­cza “świat”. Festi­wal pre­zen­tu­je róż­no­rod­ność kul­tu­ro­wą miesz­kań­ców Karls­ru­he z całe­go świata.&nbsp; MONDO 2026 — festi­wal dla każdego W sobo­tę, 11 lip­ca 2026 r., będzie­my świę­to­wać MONDO — festi­wal dla&nbsp;czytaj więcej
