{"id":57858,"date":"2025-01-28T14:08:32","date_gmt":"2025-01-28T13:08:32","guid":{"rendered":"https:\/\/www.anika-net.de\/event\/firma-jako-miejsce-nauki-jezykow-obcych\/"},"modified":"2025-04-17T15:33:47","modified_gmt":"2025-04-17T13:33:47","slug":"firma-jako-miejsce-nauki-jezykow-obcych","status":"publish","type":"event","link":"https:\/\/www.anika-net.de\/pl\/event\/firma-jako-miejsce-nauki-jezykow-obcych\/","title":{"rendered":"Popraw sw\u00f3j nie\u00admiec\u00adki we w\u0142a\u00adsnej firmie"},"content":{"rendered":"<blockquote>\n<h2><span style=\"color: #666699;\">Akwi\u00adzy\u00adcja zwi\u0105\u00adza\u00adna z miej\u00adscem&nbsp;pracy<\/span><br>\n<span style=\"color: #666699;\">j\u0119zy\u00adka niemieckiego<\/span><\/h2>\n<\/blockquote>\n<h1><span style=\"color: #ff9900;\">Popraw sw\u00f3j nie\u00admiec\u00adki we w\u0142a\u00adsnej firmie<\/span><\/h1>\n<p><span style=\"color: #008080;\"><strong>Cze\u00adgo mo\u017c\u00adna si\u0119 spodziewa\u0107?<\/strong><\/span><\/p>\n<ul>\n<li>Do 12 tygo\u00addni sta\u00ad\u017cu w fir\u00admie od kwiet\u00adnia 2025&nbsp;r.<\/li>\n<li>Wyko\u00adrzy\u00adstaj i pog\u0142\u0119b swo\u00adje umie\u00adj\u0119t\u00adno\u00ad\u015bci j\u0119zy\u00adko\u00adwe w codzien\u00adnym \u017cyciu zawodowym.<\/li>\n<li>Przy\u00adgo\u00adto\u00adwa\u00adnie do pro\u00adfe\u00adsjo\u00adnal\u00adnej komunikacji.<\/li>\n<li>Kon\u00adty\u00adnu\u00adacja lek\u00adcji nie\u00admiec\u00adkie\u00adgo: b\u0119dziesz kon\u00adty\u00adnu\u00adowa\u0107 nauk\u0119 w swo\u00adjej gru\u00adpie 2 dni w tygodniu.<br>\n\u0106wi\u00adcze\u00adnia prak\u00adtycz\u00adne przy\u00addat\u00adne w codzien\u00adnym \u017cyciu zawodowym.<\/li>\n<\/ul>\n<p><strong><span style=\"color: #008080;\">Dla kogo?<\/span><\/strong><\/p>\n<ul>\n<li>Oso\u00adby poni\u00ad\u017cej pozio\u00admu B1, kt\u00f3\u00adre chc\u0105 popra\u00adwi\u0107 swo\u00adje umie\u00adj\u0119t\u00adno\u00ad\u015bci j\u0119zykowe<br>\ni jed\u00adno\u00adcze\u00ad\u015bnie zdo\u00adby\u0107 prak\u00adtycz\u00adne do\u015bwiadczenie.<\/li>\n<li>Fir\u00admy, kt\u00f3\u00adre chc\u0105 wspie\u00adra\u0107 swo\u00adich mi\u0119\u00addzy\u00adna\u00adro\u00addo\u00adwych pra\u00adcow\u00adni\u00adk\u00f3w umie\u00adj\u0119t\u00adno\u00ad\u015bcia\u00admi j\u0119zykowymi.<\/li>\n<li>Ka\u017c\u00addy, kto chce lepiej zin\u00adte\u00adgro\u00adwa\u0107 si\u0119 z nie\u00admiec\u00adkim ryn\u00adkiem&nbsp;pracy.<\/li>\n<\/ul>\n<p><strong><a href=\"https:\/\/www.anika-net.de\/wp-content\/uploads\/2025\/02\/BaS-Flyer.pdf\">Ulot\u00adka<\/a><\/strong><\/p>\n","protected":false},"author":12,"featured_media":57838,"template":"","class_list":["post-57858","event","type-event","status-publish","has-post-thumbnail","hentry","event_category-edukacja"],"acf":{"event-recurring":false,"event-category":182,"event-is-language-course":false,"event-recurring-still-active":true,"event-display-details":true,"event-schedules-recurring":null,"event-schedules-calendar":[{"event-calendar-day":"20250401","event-calendar-time":"","event-calendar-time-text":""}],"event-is-online":false,"event-online-url":"","event-location-building":"","event-location-street":"","event-location-zip":"","event-location-city":"Karlsruhe","event-location-contact-person":"Frau Anna Movsisyan","event-location-phone":"","event-location-phone-2":"","event-location-mail":"movsisyan@debuet.org","event-location-mail-2":"","event-location-website":"https:\/\/debuet.org\/","event-target-group":null,"event-target-group-comment":"Ka\u017cdy, kto chce lepiej zintegrowa\u0107 si\u0119 z niemieckim rynkiem pracy","event-free":true,"event-organiser":[52353,54167],"event-header-copyright-overlay":true,"event-copyright-note-description-end":false},"featured_image_urls_v2":{"full":["https:\/\/www.anika-net.de\/wp-content\/uploads\/2025\/01\/Betrieb-als-Sprachlerort-scaled.jpg",2560,1707,false],"thumbnail":["https:\/\/www.anika-net.de\/wp-content\/uploads\/2025\/01\/Betrieb-als-Sprachlerort-150x150.jpg",150,150,true],"medium":["https:\/\/www.anika-net.de\/wp-content\/uploads\/2025\/01\/Betrieb-als-Sprachlerort-300x200.jpg",300,200,true],"medium_large":["https:\/\/www.anika-net.de\/wp-content\/uploads\/2025\/01\/Betrieb-als-Sprachlerort-768x512.jpg",640,427,true],"large":["https:\/\/www.anika-net.de\/wp-content\/uploads\/2025\/01\/Betrieb-als-Sprachlerort-1024x683.jpg",640,427,true],"1536x1536":["https:\/\/www.anika-net.de\/wp-content\/uploads\/2025\/01\/Betrieb-als-Sprachlerort-1536x1024.jpg",1536,1024,true],"2048x2048":["https:\/\/www.anika-net.de\/wp-content\/uploads\/2025\/01\/Betrieb-als-Sprachlerort-2048x1365.jpg",2048,1365,true],"event-overview":["https:\/\/www.anika-net.de\/wp-content\/uploads\/2025\/01\/Betrieb-als-Sprachlerort-960x640.jpg",960,640,true],"event-archive-thumb":["https:\/\/www.anika-net.de\/wp-content\/uploads\/2025\/01\/Betrieb-als-Sprachlerort-480x320.jpg",480,320,true],"grid-item-thumbnail":["https:\/\/www.anika-net.de\/wp-content\/uploads\/2025\/01\/Betrieb-als-Sprachlerort-360x200.jpg",360,200,true],"network-partner-icon":["https:\/\/www.anika-net.de\/wp-content\/uploads\/2025\/01\/Betrieb-als-Sprachlerort-100x100.jpg",100,100,true],"organiser-icon":["https:\/\/www.anika-net.de\/wp-content\/uploads\/2025\/01\/Betrieb-als-Sprachlerort-200x200.jpg",200,200,true],"gform-image-choice-sm":["https:\/\/www.anika-net.de\/wp-content\/uploads\/2025\/01\/Betrieb-als-Sprachlerort-300x300.jpg",300,300,true],"gform-image-choice-md":["https:\/\/www.anika-net.de\/wp-content\/uploads\/2025\/01\/Betrieb-als-Sprachlerort-400x400.jpg",400,400,true],"gform-image-choice-lg":["https:\/\/www.anika-net.de\/wp-content\/uploads\/2025\/01\/Betrieb-als-Sprachlerort-600x600.jpg",600,600,true]},"post_excerpt_stackable_v2":"<p>Akwi\u00adzy\u00adcja zwi\u0105\u00adza\u00adna z miej\u00adscem&nbsp;pra\u00adcy j\u0119zy\u00adka nie\u00admiec\u00adkie\u00adgo Popraw sw\u00f3j nie\u00admiec\u00adki we w\u0142a\u00adsnej fir\u00admie Cze\u00adgo mo\u017c\u00adna si\u0119 spo\u00addzie\u00adwa\u0107? Do 12 tygo\u00addni sta\u00ad\u017cu w fir\u00admie od kwiet\u00adnia 2025&nbsp;r. Wyko\u00adrzy\u00adstaj i pog\u0142\u0119b swo\u00adje umie\u00adj\u0119t\u00adno\u00ad\u015bci j\u0119zy\u00adko\u00adwe w codzien\u00adnym \u017cyciu zawo\u00addo\u00adwym. Przy\u00adgo\u00adto\u00adwa\u00adnie do pro\u00adfe\u00adsjo\u00adnal\u00adnej komu\u00adni\u00adka\u00adcji. Kon\u00adty\u00adnu\u00adacja lek\u00adcji nie\u00admiec\u00adkie\u00adgo: b\u0119dziesz kon\u00adty\u00adnu\u00adowa\u0107 nauk\u0119 w swo\u00adjej gru\u00adpie 2 dni w tygo\u00addniu. \u0106wi\u00adcze\u00adnia prak\u00adtycz\u00adne przy\u00addat\u00adne w codzien\u00adnym \u017cyciu zawo\u00addo\u00adwym. Dla kogo? Oso\u00adby poni\u00ad\u017cej pozio\u00admu B1, kt\u00f3\u00adre chc\u0105 popra\u00adwi\u0107 swo\u00adje umie\u00adj\u0119t\u00adno\u00ad\u015bci j\u0119zy\u00adko\u00adwe i jed\u00adno\u00adcze\u00ad\u015bnie zdo\u00adby\u0107 prak\u00adtycz\u00adne do\u015bwiad\u00adcze\u00adnie. Fir\u00admy, kt\u00f3\u00adre chc\u0105 wspie\u00adra\u0107 swo\u00adich mi\u0119\u00addzy\u00adna\u00adro\u00addo\u00adwych pra\u00adcow\u00adni\u00adk\u00f3w umie\u00adj\u0119t\u00adno\u00ad\u015bcia\u00admi j\u0119zy\u00adko\u00adwy\u00admi. Ka\u017c\u00addy, kto chce lepiej zin\u00adte\u00adgro\u00adwa\u0107 si\u0119 z nie\u00admiec\u00adkim ryn\u00adkiem&nbsp;pra\u00adcy. Ulotka<\/p>\n","category_list_v2":"","author_info_v2":{"name":"Andrea Ramirez","url":"https:\/\/www.anika-net.de\/pl\/author\/andrea-ramirez\/"},"comments_num_v2":"0 comments","uagb_featured_image_src":{"full":["https:\/\/www.anika-net.de\/wp-content\/uploads\/2025\/01\/Betrieb-als-Sprachlerort-scaled.jpg",2560,1707,false],"thumbnail":["https:\/\/www.anika-net.de\/wp-content\/uploads\/2025\/01\/Betrieb-als-Sprachlerort-150x150.jpg",150,150,true],"medium":["https:\/\/www.anika-net.de\/wp-content\/uploads\/2025\/01\/Betrieb-als-Sprachlerort-300x200.jpg",300,200,true],"medium_large":["https:\/\/www.anika-net.de\/wp-content\/uploads\/2025\/01\/Betrieb-als-Sprachlerort-768x512.jpg",640,427,true],"large":["https:\/\/www.anika-net.de\/wp-content\/uploads\/2025\/01\/Betrieb-als-Sprachlerort-1024x683.jpg",640,427,true],"1536x1536":["https:\/\/www.anika-net.de\/wp-content\/uploads\/2025\/01\/Betrieb-als-Sprachlerort-1536x1024.jpg",1536,1024,true],"2048x2048":["https:\/\/www.anika-net.de\/wp-content\/uploads\/2025\/01\/Betrieb-als-Sprachlerort-2048x1365.jpg",2048,1365,true],"event-overview":["https:\/\/www.anika-net.de\/wp-content\/uploads\/2025\/01\/Betrieb-als-Sprachlerort-960x640.jpg",960,640,true],"event-archive-thumb":["https:\/\/www.anika-net.de\/wp-content\/uploads\/2025\/01\/Betrieb-als-Sprachlerort-480x320.jpg",480,320,true],"grid-item-thumbnail":["https:\/\/www.anika-net.de\/wp-content\/uploads\/2025\/01\/Betrieb-als-Sprachlerort-360x200.jpg",360,200,true],"network-partner-icon":["https:\/\/www.anika-net.de\/wp-content\/uploads\/2025\/01\/Betrieb-als-Sprachlerort-100x100.jpg",100,100,true],"organiser-icon":["https:\/\/www.anika-net.de\/wp-content\/uploads\/2025\/01\/Betrieb-als-Sprachlerort-200x200.jpg",200,200,true],"gform-image-choice-sm":["https:\/\/www.anika-net.de\/wp-content\/uploads\/2025\/01\/Betrieb-als-Sprachlerort-300x300.jpg",300,300,true],"gform-image-choice-md":["https:\/\/www.anika-net.de\/wp-content\/uploads\/2025\/01\/Betrieb-als-Sprachlerort-400x400.jpg",400,400,true],"gform-image-choice-lg":["https:\/\/www.anika-net.de\/wp-content\/uploads\/2025\/01\/Betrieb-als-Sprachlerort-600x600.jpg",600,600,true]},"uagb_author_info":{"display_name":"Andrea Ramirez","author_link":"https:\/\/www.anika-net.de\/pl\/author\/andrea-ramirez\/"},"uagb_comment_info":0,"uagb_excerpt":"Akwi\u00adzy\u00adcja zwi\u0105\u00adza\u00adna z miej\u00adscem&nbsp;pracy j\u0119zy\u00adka niemieckiego Popraw sw\u00f3j nie\u00admiec\u00adki we w\u0142a\u00adsnej firmie Cze\u00adgo mo\u017c\u00adna si\u0119 spodziewa\u0107? Do 12 tygo\u00addni sta\u00ad\u017cu w fir\u00admie od kwiet\u00adnia 2025&nbsp;r. Wyko\u00adrzy\u00adstaj i pog\u0142\u0119b swo\u00adje umie\u00adj\u0119t\u00adno\u00ad\u015bci&nbsp;czytaj wi\u0119cej","_links":{"self":[{"href":"https:\/\/www.anika-net.de\/pl\/wp-json\/wp\/v2\/event\/57858","targetHints":{"allow":["GET"]}}],"collection":[{"href":"https:\/\/www.anika-net.de\/pl\/wp-json\/wp\/v2\/event"}],"about":[{"href":"https:\/\/www.anika-net.de\/pl\/wp-json\/wp\/v2\/types\/event"}],"author":[{"embeddable":true,"href":"https:\/\/www.anika-net.de\/pl\/wp-json\/wp\/v2\/users\/12"}],"version-history":[{"count":1,"href":"https:\/\/www.anika-net.de\/pl\/wp-json\/wp\/v2\/event\/57858\/revisions"}],"predecessor-version":[{"id":58336,"href":"https:\/\/www.anika-net.de\/pl\/wp-json\/wp\/v2\/event\/57858\/revisions\/58336"}],"acf:post":[{"embeddable":true,"href":"https:\/\/www.anika-net.de\/pl\/wp-json\/wp\/v2\/organiser\/54167"},{"embeddable":true,"href":"https:\/\/www.anika-net.de\/pl\/wp-json\/wp\/v2\/organiser\/52353"}],"acf:term":[{"embeddable":true,"taxonomy":"event_category","href":"https:\/\/www.anika-net.de\/pl\/wp-json\/wp\/v2\/event_category\/182"}],"wp:featuredmedia":[{"embeddable":true,"href":"https:\/\/www.anika-net.de\/pl\/wp-json\/wp\/v2\/media\/57838"}],"wp:attachment":[{"href":"https:\/\/www.anika-net.de\/pl\/wp-json\/wp\/v2\/media?parent=57858"}],"curies":[{"name":"wp","href":"https:\/\/api.w.org\/{rel}","templated":true}]}}

Popraw swój nie­miec­ki we wła­snej firmie

<blockquote>
<h2><span style="color: #666699;">Akwi­zy­cja zwią­za­na z miej­scem&nbsp;pracy</span><br>
<span style="color: #666699;">języ­ka niemieckiego</span></h2>
</blockquote>
<h1><span style="color: #ff9900;">Popraw swój nie­miec­ki we wła­snej firmie</span></h1>
<p><span style="color: #008080;"><strong>Cze­go moż­na się spodziewać?</strong></span></p>
<ul>
<li>Do 12 tygo­dni sta­żu w fir­mie od kwiet­nia 2025&nbsp;r.</li>
<li>Wyko­rzy­staj i pogłęb swo­je umie­jęt­no­ści języ­ko­we w codzien­nym życiu zawodowym.</li>
<li>Przy­go­to­wa­nie do pro­fe­sjo­nal­nej komunikacji.</li>
<li>Kon­ty­nu­acja lek­cji nie­miec­kie­go: będziesz kon­ty­nu­ować naukę w swo­jej gru­pie 2 dni w tygodniu.<br>
Ćwi­cze­nia prak­tycz­ne przy­dat­ne w codzien­nym życiu zawodowym.</li>
</ul>
<p><strong><span style="color: #008080;">Dla kogo?</span></strong></p>
<ul>
<li>Oso­by poni­żej pozio­mu B1, któ­re chcą popra­wić swo­je umie­jęt­no­ści językowe<br>
i jed­no­cze­śnie zdo­być prak­tycz­ne doświadczenie.</li>
<li>Fir­my, któ­re chcą wspie­rać swo­ich mię­dzy­na­ro­do­wych pra­cow­ni­ków umie­jęt­no­ścia­mi językowymi.</li>
<li>Każ­dy, kto chce lepiej zin­te­gro­wać się z nie­miec­kim ryn­kiem&nbsp;pracy.</li>
</ul>
<p><strong><a href="https://www.anika-net.de/wp-content/uploads/2025/02/BaS-Flyer.pdf">Ulot­ka</a></strong></p>

Każdy, kto chce lepiej zintegrować się z niemieckim rynkiem pracy

<p>Akwi­zy­cja zwią­za­na z miej­scem&nbsp;pra­cy języ­ka nie­miec­kie­go Popraw swój nie­miec­ki we wła­snej fir­mie Cze­go moż­na się spo­dzie­wać? Do 12 tygo­dni sta­żu w fir­mie od kwiet­nia 2025&nbsp;r. Wyko­rzy­staj i pogłęb swo­je umie­jęt­no­ści języ­ko­we w codzien­nym życiu zawo­do­wym. Przy­go­to­wa­nie do pro­fe­sjo­nal­nej komu­ni­ka­cji. Kon­ty­nu­acja lek­cji nie­miec­kie­go: będziesz kon­ty­nu­ować naukę w swo­jej gru­pie 2 dni w tygo­dniu. Ćwi­cze­nia prak­tycz­ne przy­dat­ne w codzien­nym życiu zawo­do­wym. Dla kogo? Oso­by poni­żej pozio­mu B1, któ­re chcą popra­wić swo­je umie­jęt­no­ści języ­ko­we i jed­no­cze­śnie zdo­być prak­tycz­ne doświad­cze­nie. Fir­my, któ­re chcą wspie­rać swo­ich mię­dzy­na­ro­do­wych pra­cow­ni­ków umie­jęt­no­ścia­mi języ­ko­wy­mi. Każ­dy, kto chce lepiej zin­te­gro­wać się z nie­miec­kim ryn­kiem&nbsp;pra­cy. Ulotka</p>

Akwi­zy­cja zwią­za­na z miej­scem&nbsp;pracy języ­ka niemieckiego Popraw swój nie­miec­ki we wła­snej firmie Cze­go moż­na się spodziewać? Do 12 tygo­dni sta­żu w fir­mie od kwiet­nia 2025&nbsp;r. Wyko­rzy­staj i pogłęb swo­je umie­jęt­no­ści&nbsp;czytaj więcej
