{"id":57775,"date":"2025-01-28T12:53:59","date_gmt":"2025-01-28T11:53:59","guid":{"rendered":"https:\/\/www.anika-net.de\/event\/miedzynarodowy-tydzien-przeciwko-rasizmowi-karlsruhe-2025\/"},"modified":"2026-03-10T11:01:21","modified_gmt":"2026-03-10T10:01:21","slug":"miedzynarodowy-tydzien-przeciwko-rasizmowi-karlsruhe-2025","status":"publish","type":"event","link":"https:\/\/www.anika-net.de\/pl\/event\/miedzynarodowy-tydzien-przeciwko-rasizmowi-karlsruhe-2025\/","title":{"rendered":"Mi\u0119\u00addzy\u00adna\u00adro\u00addo\u00adwy Tydzie\u0144 Prze\u00adciw\u00adko Rasi\u00adzmo\u00adwi Karls\u00adru\u00adhe&nbsp;2026"},"content":{"rendered":"<div>\n<blockquote>\n<h2><span style=\"color: #666699;\"><em>Karls\u00adru\u00adhe dla wszystkich!<\/em><\/span><\/h2>\n<h1><span style=\"color: #800080;\">Mi\u0119\u00addzy\u00adna\u00adro\u00addo\u00adwy Tydzie\u0144 Prze\u00adciw\u00adko Rasi\u00adzmo\u00adwi Karls\u00adru\u00adhe&nbsp;2025<\/span><\/h1>\n<\/blockquote>\n<p><strong>Mi\u0119\u00addzy\u00adna\u00adro\u00addo\u00adwy Dzie\u0144 Wal\u00adki z Rasi\u00adzmem<\/strong> obcho\u00addzo\u00adny jest corocz\u00adnie 21 mar\u00adca i zosta\u0142 og\u0142o\u00adszo\u00adny przez Orga\u00adni\u00adza\u00adcj\u0119 Naro\u00add\u00f3w Zjed\u00adno\u00adczo\u00adnych w 1966 r. W ostat\u00adnich latach z oka\u00adzji tego dnia w Karls\u00adru\u00adhe odby\u00ad\u0142y si\u0119 r\u00f3w\u00adnie\u017c Mi\u0119\u00addzy\u00adna\u00adro\u00addo\u00adwe Tygo\u00addnie Wal\u00adki z Rasi\u00adzmem. Bie\u00adrze w nich udzia\u0142 ponad 40 sto\u00adwa\u00adrzy\u00adsze\u0144, ini\u00adcja\u00adtyw i orga\u00adni\u00adza\u00adcji, a tak\u00ad\u017ce oso\u00adby pry\u00adwat\u00adne ze wszyst\u00adkich sek\u00adto\u00adr\u00f3w spo\u00ad\u0142e\u00adcze\u0144\u00adstwa Karls\u00adru\u00adhe. Wsp\u00f3l\u00adnym celem jest zwr\u00f3\u00adce\u00adnie<strong> wi\u0119k\u00adszej uwa\u00adgi na dzia\u00ad\u0142a\u00adnia kry\u00adtycz\u00adne wobec rasi\u00adzmu<\/strong>. Temat rasi\u00adzmu musi by\u0107 sta\u00adle obec\u00adny w agen\u00addzie spo\u00ad\u0142e\u00adcze\u0144\u00adstwa mia\u00adsta, aby ludzie byli uwra\u017c\u00adli\u00adwie\u00adni i zmo\u00adbi\u00adli\u00adzo\u00adwa\u00adni prze\u00adciw\u00adko rasi\u00adzmo\u00adwi. Te tygo\u00addnie przy\u00adczy\u00adnia\u00adj\u0105 si\u0119 do&nbsp;tego.<\/p>\n<h3><strong>\ud83d\udcce <\/strong><a href=\"https:\/\/www.iwgr-ka.de\/events\/liste\/\" rel=\"noopener\"><strong>Do pro\u00adgra\u00admu&nbsp;2025<\/strong><\/a><\/h3>\n<h3><a href=\"https:\/\/www.iwgr-ka.de\/event\/eroeffnungsveranstaltung-iwgr-2025\/\" rel=\"noopener\"><strong>Wyda\u00adrze\u00adnie otwie\u00adra\u00adj\u0105\u00adce IWGR&nbsp;2025<\/strong><\/a><\/h3>\n<p>17.03 \/ 19:00 \u2014 21:00 Uhr <strong>Tol\u00adl\u00adhaus<\/strong><br>\nAlter Schlach\u00adthof&nbsp;35<br>\n76131 Karlsruhe<\/p>\n<\/div>\n","protected":false},"author":12,"featured_media":119754,"template":"","class_list":["post-57775","event","type-event","status-publish","has-post-thumbnail","hentry","event_category-rekreacja"],"acf":{"event-recurring":false,"event-category":184,"event-is-language-course":false,"event-recurring-still-active":true,"event-display-details":true,"event-schedules-recurring":null,"event-schedules-calendar":[{"event-calendar-day":"20260315","event-calendar-time":"","event-calendar-time-text":""},{"event-calendar-day":"20260329","event-calendar-time":"","event-calendar-time-text":""}],"event-is-online":false,"event-online-url":"","event-location-building":"","event-location-street":"","event-location-zip":"","event-location-city":"Verschiedene Orte- Karlsruhe","event-location-contact-person":"","event-location-phone":"","event-location-phone-2":"","event-location-mail":"kontakt@iwgr-ka.de","event-location-mail-2":"","event-location-website":"https:\/\/www.iwgr-ka.de\/","event-target-group":[{"target-group":"all"}],"event-target-group-comment":"Mi\u0119dzynarodowy Tydzie\u0144 przeciwko Rasizmowi Karlsruhe 2024","event-free":true,"event-organiser":[31892,10707],"event-header-copyright-overlay":true,"event-copyright-note-description-end":false},"featured_image_urls_v2":{"full":["https:\/\/www.anika-net.de\/wp-content\/uploads\/2024\/03\/Logo_IWgR_2026.webp",1600,1600,false],"thumbnail":["https:\/\/www.anika-net.de\/wp-content\/uploads\/2024\/03\/Logo_IWgR_2026-150x150.webp",150,150,true],"medium":["https:\/\/www.anika-net.de\/wp-content\/uploads\/2024\/03\/Logo_IWgR_2026-300x300.webp",300,300,true],"medium_large":["https:\/\/www.anika-net.de\/wp-content\/uploads\/2024\/03\/Logo_IWgR_2026-768x768.webp",640,640,true],"large":["https:\/\/www.anika-net.de\/wp-content\/uploads\/2024\/03\/Logo_IWgR_2026-1024x1024.webp",640,640,true],"1536x1536":["https:\/\/www.anika-net.de\/wp-content\/uploads\/2024\/03\/Logo_IWgR_2026-1536x1536.webp",1536,1536,true],"2048x2048":["https:\/\/www.anika-net.de\/wp-content\/uploads\/2024\/03\/Logo_IWgR_2026.webp",1600,1600,false],"event-overview":["https:\/\/www.anika-net.de\/wp-content\/uploads\/2024\/03\/Logo_IWgR_2026-960x640.webp",960,640,true],"event-archive-thumb":["https:\/\/www.anika-net.de\/wp-content\/uploads\/2024\/03\/Logo_IWgR_2026-480x480.webp",480,480,true],"grid-item-thumbnail":["https:\/\/www.anika-net.de\/wp-content\/uploads\/2024\/03\/Logo_IWgR_2026-360x200.webp",360,200,true],"network-partner-icon":["https:\/\/www.anika-net.de\/wp-content\/uploads\/2024\/03\/Logo_IWgR_2026-100x100.webp",100,100,true],"organiser-icon":["https:\/\/www.anika-net.de\/wp-content\/uploads\/2024\/03\/Logo_IWgR_2026-200x200.webp",200,200,true],"gform-image-choice-sm":["https:\/\/www.anika-net.de\/wp-content\/uploads\/2024\/03\/Logo_IWgR_2026.webp",300,300,false],"gform-image-choice-md":["https:\/\/www.anika-net.de\/wp-content\/uploads\/2024\/03\/Logo_IWgR_2026.webp",400,400,false],"gform-image-choice-lg":["https:\/\/www.anika-net.de\/wp-content\/uploads\/2024\/03\/Logo_IWgR_2026.webp",600,600,false]},"post_excerpt_stackable_v2":"<p>Karls\u00adru\u00adhe dla wszyst\u00adkich! Mi\u0119\u00addzy\u00adna\u00adro\u00addo\u00adwy Tydzie\u0144 Prze\u00adciw\u00adko Rasi\u00adzmo\u00adwi Karls\u00adru\u00adhe&nbsp;2025 Mi\u0119\u00addzy\u00adna\u00adro\u00addo\u00adwy Dzie\u0144 Wal\u00adki z Rasi\u00adzmem obcho\u00addzo\u00adny jest corocz\u00adnie 21 mar\u00adca i zosta\u0142 og\u0142o\u00adszo\u00adny przez Orga\u00adni\u00adza\u00adcj\u0119 Naro\u00add\u00f3w Zjed\u00adno\u00adczo\u00adnych w 1966 r. W ostat\u00adnich latach z oka\u00adzji tego dnia w Karls\u00adru\u00adhe odby\u00ad\u0142y si\u0119 r\u00f3w\u00adnie\u017c Mi\u0119\u00addzy\u00adna\u00adro\u00addo\u00adwe Tygo\u00addnie Wal\u00adki z Rasi\u00adzmem. Bie\u00adrze w nich udzia\u0142 ponad 40 sto\u00adwa\u00adrzy\u00adsze\u0144, ini\u00adcja\u00adtyw i orga\u00adni\u00adza\u00adcji, a tak\u00ad\u017ce oso\u00adby pry\u00adwat\u00adne ze wszyst\u00adkich sek\u00adto\u00adr\u00f3w spo\u00ad\u0142e\u00adcze\u0144\u00adstwa Karls\u00adru\u00adhe. Wsp\u00f3l\u00adnym celem jest zwr\u00f3\u00adce\u00adnie wi\u0119k\u00adszej uwa\u00adgi na dzia\u00ad\u0142a\u00adnia kry\u00adtycz\u00adne wobec rasi\u00adzmu. Temat rasi\u00adzmu musi by\u0107 sta\u00adle obec\u00adny w agen\u00addzie spo\u00ad\u0142e\u00adcze\u0144\u00adstwa mia\u00adsta, aby ludzie byli uwra\u017c\u00adli\u00adwie\u00adni i zmo\u00adbi\u00adli\u00adzo\u00adwa\u00adni prze\u00adciw\u00adko rasi\u00adzmo\u00adwi. Te tygo\u00addnie przy\u00adczy\u00adnia\u00adj\u0105 si\u0119 do&nbsp;tego. \ud83d\udcce&nbsp;Do\u2026<\/p>\n","category_list_v2":"","author_info_v2":{"name":"Andrea Ramirez","url":"https:\/\/www.anika-net.de\/pl\/author\/andrea-ramirez\/"},"comments_num_v2":"0 comments","uagb_featured_image_src":{"full":["https:\/\/www.anika-net.de\/wp-content\/uploads\/2024\/03\/Logo_IWgR_2026.webp",1600,1600,false],"thumbnail":["https:\/\/www.anika-net.de\/wp-content\/uploads\/2024\/03\/Logo_IWgR_2026-150x150.webp",150,150,true],"medium":["https:\/\/www.anika-net.de\/wp-content\/uploads\/2024\/03\/Logo_IWgR_2026-300x300.webp",300,300,true],"medium_large":["https:\/\/www.anika-net.de\/wp-content\/uploads\/2024\/03\/Logo_IWgR_2026-768x768.webp",640,640,true],"large":["https:\/\/www.anika-net.de\/wp-content\/uploads\/2024\/03\/Logo_IWgR_2026-1024x1024.webp",640,640,true],"1536x1536":["https:\/\/www.anika-net.de\/wp-content\/uploads\/2024\/03\/Logo_IWgR_2026-1536x1536.webp",1536,1536,true],"2048x2048":["https:\/\/www.anika-net.de\/wp-content\/uploads\/2024\/03\/Logo_IWgR_2026.webp",1600,1600,false],"event-overview":["https:\/\/www.anika-net.de\/wp-content\/uploads\/2024\/03\/Logo_IWgR_2026-960x640.webp",960,640,true],"event-archive-thumb":["https:\/\/www.anika-net.de\/wp-content\/uploads\/2024\/03\/Logo_IWgR_2026-480x480.webp",480,480,true],"grid-item-thumbnail":["https:\/\/www.anika-net.de\/wp-content\/uploads\/2024\/03\/Logo_IWgR_2026-360x200.webp",360,200,true],"network-partner-icon":["https:\/\/www.anika-net.de\/wp-content\/uploads\/2024\/03\/Logo_IWgR_2026-100x100.webp",100,100,true],"organiser-icon":["https:\/\/www.anika-net.de\/wp-content\/uploads\/2024\/03\/Logo_IWgR_2026-200x200.webp",200,200,true],"gform-image-choice-sm":["https:\/\/www.anika-net.de\/wp-content\/uploads\/2024\/03\/Logo_IWgR_2026.webp",300,300,false],"gform-image-choice-md":["https:\/\/www.anika-net.de\/wp-content\/uploads\/2024\/03\/Logo_IWgR_2026.webp",400,400,false],"gform-image-choice-lg":["https:\/\/www.anika-net.de\/wp-content\/uploads\/2024\/03\/Logo_IWgR_2026.webp",600,600,false]},"uagb_author_info":{"display_name":"Andrea Ramirez","author_link":"https:\/\/www.anika-net.de\/pl\/author\/andrea-ramirez\/"},"uagb_comment_info":0,"uagb_excerpt":"Karls\u00adru\u00adhe dla wszystkich! Mi\u0119\u00addzy\u00adna\u00adro\u00addo\u00adwy Tydzie\u0144 Prze\u00adciw\u00adko Rasi\u00adzmo\u00adwi Karls\u00adru\u00adhe&nbsp;2025 Mi\u0119\u00addzy\u00adna\u00adro\u00addo\u00adwy Dzie\u0144 Wal\u00adki z Rasi\u00adzmem obcho\u00addzo\u00adny jest corocz\u00adnie 21 mar\u00adca i zosta\u0142 og\u0142o\u00adszo\u00adny przez Orga\u00adni\u00adza\u00adcj\u0119 Naro\u00add\u00f3w Zjed\u00adno\u00adczo\u00adnych w 1966 r. W ostat\u00adnich&nbsp;czytaj wi\u0119cej","_links":{"self":[{"href":"https:\/\/www.anika-net.de\/pl\/wp-json\/wp\/v2\/event\/57775","targetHints":{"allow":["GET"]}}],"collection":[{"href":"https:\/\/www.anika-net.de\/pl\/wp-json\/wp\/v2\/event"}],"about":[{"href":"https:\/\/www.anika-net.de\/pl\/wp-json\/wp\/v2\/types\/event"}],"author":[{"embeddable":true,"href":"https:\/\/www.anika-net.de\/pl\/wp-json\/wp\/v2\/users\/12"}],"version-history":[{"count":3,"href":"https:\/\/www.anika-net.de\/pl\/wp-json\/wp\/v2\/event\/57775\/revisions"}],"predecessor-version":[{"id":119768,"href":"https:\/\/www.anika-net.de\/pl\/wp-json\/wp\/v2\/event\/57775\/revisions\/119768"}],"acf:post":[{"embeddable":true,"href":"https:\/\/www.anika-net.de\/pl\/wp-json\/wp\/v2\/organiser\/10707"},{"embeddable":true,"href":"https:\/\/www.anika-net.de\/pl\/wp-json\/wp\/v2\/organiser\/31892"}],"acf:term":[{"embeddable":true,"taxonomy":"event_category","href":"https:\/\/www.anika-net.de\/pl\/wp-json\/wp\/v2\/event_category\/184"}],"wp:featuredmedia":[{"embeddable":true,"href":"https:\/\/www.anika-net.de\/pl\/wp-json\/wp\/v2\/media\/119754"}],"wp:attachment":[{"href":"https:\/\/www.anika-net.de\/pl\/wp-json\/wp\/v2\/media?parent=57775"}],"curies":[{"name":"wp","href":"https:\/\/api.w.org\/{rel}","templated":true}]}}

Mię­dzy­na­ro­do­wy Tydzień Prze­ciw­ko Rasi­zmo­wi Karls­ru­he&nbsp;2026

<div>
<blockquote>
<h2><span style="color: #666699;"><em>Karls­ru­he dla wszystkich!</em></span></h2>
<h1><span style="color: #800080;">Mię­dzy­na­ro­do­wy Tydzień Prze­ciw­ko Rasi­zmo­wi Karls­ru­he&nbsp;2025</span></h1>
</blockquote>
<p><strong>Mię­dzy­na­ro­do­wy Dzień Wal­ki z Rasi­zmem</strong> obcho­dzo­ny jest corocz­nie 21 mar­ca i został ogło­szo­ny przez Orga­ni­za­cję Naro­dów Zjed­no­czo­nych w 1966 r. W ostat­nich latach z oka­zji tego dnia w Karls­ru­he odby­ły się rów­nież Mię­dzy­na­ro­do­we Tygo­dnie Wal­ki z Rasi­zmem. Bie­rze w nich udział ponad 40 sto­wa­rzy­szeń, ini­cja­tyw i orga­ni­za­cji, a tak­że oso­by pry­wat­ne ze wszyst­kich sek­to­rów spo­łe­czeń­stwa Karls­ru­he. Wspól­nym celem jest zwró­ce­nie<strong> więk­szej uwa­gi na dzia­ła­nia kry­tycz­ne wobec rasi­zmu</strong>. Temat rasi­zmu musi być sta­le obec­ny w agen­dzie spo­łe­czeń­stwa mia­sta, aby ludzie byli uwraż­li­wie­ni i zmo­bi­li­zo­wa­ni prze­ciw­ko rasi­zmo­wi. Te tygo­dnie przy­czy­nia­ją się do&nbsp;tego.</p>
<h3><strong>📎 </strong><a href="https://www.iwgr-ka.de/events/liste/" rel="noopener"><strong>Do pro­gra­mu&nbsp;2025</strong></a></h3>
<h3><a href="https://www.iwgr-ka.de/event/eroeffnungsveranstaltung-iwgr-2025/" rel="noopener"><strong>Wyda­rze­nie otwie­ra­ją­ce IWGR&nbsp;2025</strong></a></h3>
<p>17.03 / 19:00 — 21:00 Uhr <strong>Tol­l­haus</strong><br>
Alter Schlach­thof&nbsp;35<br>
76131 Karlsruhe</p>
</div>

Międzynarodowy Tydzień przeciwko Rasizmowi Karlsruhe 2024

<p>Karls­ru­he dla wszyst­kich! Mię­dzy­na­ro­do­wy Tydzień Prze­ciw­ko Rasi­zmo­wi Karls­ru­he&nbsp;2025 Mię­dzy­na­ro­do­wy Dzień Wal­ki z Rasi­zmem obcho­dzo­ny jest corocz­nie 21 mar­ca i został ogło­szo­ny przez Orga­ni­za­cję Naro­dów Zjed­no­czo­nych w 1966 r. W ostat­nich latach z oka­zji tego dnia w Karls­ru­he odby­ły się rów­nież Mię­dzy­na­ro­do­we Tygo­dnie Wal­ki z Rasi­zmem. Bie­rze w nich udział ponad 40 sto­wa­rzy­szeń, ini­cja­tyw i orga­ni­za­cji, a tak­że oso­by pry­wat­ne ze wszyst­kich sek­to­rów spo­łe­czeń­stwa Karls­ru­he. Wspól­nym celem jest zwró­ce­nie więk­szej uwa­gi na dzia­ła­nia kry­tycz­ne wobec rasi­zmu. Temat rasi­zmu musi być sta­le obec­ny w agen­dzie spo­łe­czeń­stwa mia­sta, aby ludzie byli uwraż­li­wie­ni i zmo­bi­li­zo­wa­ni prze­ciw­ko rasi­zmo­wi. Te tygo­dnie przy­czy­nia­ją się do&nbsp;tego. 📎&nbsp;Do…</p>

Karls­ru­he dla wszystkich! Mię­dzy­na­ro­do­wy Tydzień Prze­ciw­ko Rasi­zmo­wi Karls­ru­he&nbsp;2025 Mię­dzy­na­ro­do­wy Dzień Wal­ki z Rasi­zmem obcho­dzo­ny jest corocz­nie 21 mar­ca i został ogło­szo­ny przez Orga­ni­za­cję Naro­dów Zjed­no­czo­nych w 1966 r. W ostat­nich&nbsp;czytaj więcej
