{"id":57716,"date":"2025-01-20T13:19:24","date_gmt":"2025-01-20T12:19:24","guid":{"rendered":"https:\/\/www.anika-net.de\/event\/centrum-doradztwa-karlsruhe-pytania-dotyczace-ciazy\/"},"modified":"2025-04-17T15:46:29","modified_gmt":"2025-04-17T13:46:29","slug":"centrum-doradztwa-karlsruhe-pytania-dotyczace-ciazy","status":"publish","type":"event","link":"https:\/\/www.anika-net.de\/pl\/event\/centrum-doradztwa-karlsruhe-pytania-dotyczace-ciazy\/","title":{"rendered":"Cen\u00adtrum doradz\u00adtwa Karls\u00adru\u00adhe \u2014 Pyta\u00adnia doty\u00adcz\u0105\u00adce&nbsp;ci\u0105\u017cy"},"content":{"rendered":"<h2><span style=\"color: #ffcc00;\"><strong>Pro\u00adfa\u00admi\u00adlia Karlsruhe<\/strong><\/span><\/h2>\n<blockquote>\n<h2><strong><em>Masz pyta\u00adnia doty\u00adcz\u0105\u00adce ci\u0105\u00ad\u017cy, sek\u00adsu\u00adal\u00adno\u00ad\u015bci, part\u00adner\u00adstwa lub rodzi\u00adciel\u00adstwa? W pro fami\u00adlia otrzy\u00admasz pro\u00adfe\u00adsjo\u00adnal\u00adn\u0105, pouf\u00adn\u0105 pora\u00add\u0119. Two\u00adje pra\u00adwa s\u0105 na pierw\u00adszym miej\u00adscu w naszej pracy.<\/em><\/strong><\/h2>\n<\/blockquote>\n<p>Chce\u00admy, aby wszy\u00adscy ludzie mogli \u017cy\u0107 swo\u00adj\u0105 sek\u00adsu\u00adal\u00adno\u00ad\u015bci\u0105 w spo\u00ads\u00f3b samo\u00adsta\u00adno\u00adwi\u0105\u00adcy i swo\u00adbod\u00adnie decy\u00addo\u00adwa\u0107 o zosta\u00adniu rodzicami.<\/p>\n<h4><span style=\"color: #008080;\">Us\u0142u\u00adgi doradcze<\/span><\/h4>\n<ul>\n<li>Doradz\u00adtwo w przy\u00adpad\u00adku kon\u00adflik\u00adtu w&nbsp;ci\u0105\u017cy<\/li>\n<li>Spo\u00ad\u0142ecz\u00adne doradz\u00adtwo prawne<\/li>\n<li>Doradz\u00adtwo medyczne<\/li>\n<li>Kon\u00adsul\u00adta\u00adcje z m\u0142odzie\u017c\u0105<\/li>\n<li>Edu\u00adka\u00adcja seksualna<\/li>\n<li>Porad\u00adnic\u00adtwo dla os\u00f3b LGBTTIQ*<\/li>\n<li>Sek\u00adsu\u00adal\u00adno\u015b\u0107&nbsp;i\u2026<\/li>\n<li>Porad\u00adnic\u00adtwo psychologiczne<\/li>\n<li>Media\u00adcja<\/li>\n<li>Infor\u00adma\u00adcje prawne<\/li>\n<li>pra\u00adgnie\u00adnie dzieci<\/li>\n<li>Po\u0142o\u017c\u00adna rodzinna<\/li>\n<li>Run\u00adda w czwartek<\/li>\n<li>\u201cBrzuch do brzucha\u201d<\/li>\n<li>Edu\u00adka\u00adcja sek\u00adsu\u00adal\u00adna w szko\u00adle podstawowej<\/li>\n<li>Punkt star\u00adto\u00adwy kawiar\u00adnia dla rodzic\u00f3w<\/li>\n<li>Poroz\u00adma\u00adwiaj\u00admy&nbsp;o\u2026<\/li>\n<li>Pora\u00addy praw\u00adne dla samot\u00adnych (przy\u00adsz\u0142ych) matek<\/li>\n<\/ul>\n<p>&nbsp;<\/p>\n","protected":false},"author":12,"featured_media":49074,"template":"","class_list":["post-57716","event","type-event","status-publish","has-post-thumbnail","hentry","event_category-pomoc-pl"],"acf":{"event-recurring":true,"event-category":185,"event-is-language-course":false,"event-recurring-still-active":true,"event-display-details":true,"event-schedules-recurring":[{"event-recurring-week-day":"0","event-recurring-time":"09:00 - 10:00 \/ 15:00 - 18:00","event-recurring-time-text":""},{"event-recurring-week-day":"1","event-recurring-time":"09:00 - 10:00 ","event-recurring-time-text":""},{"event-recurring-week-day":"2","event-recurring-time":"09:00 - 12:00 ","event-recurring-time-text":""},{"event-recurring-week-day":"3","event-recurring-time":"15:00 - 16:00","event-recurring-time-text":""},{"event-recurring-week-day":"4","event-recurring-time":"09:00 - 12:00","event-recurring-time-text":""}],"event-schedules-calendar":null,"event-is-online":false,"event-online-url":"","event-location-building":"profamilia Karlsruhe","event-location-street":"Leopoldstra\u00dfe 5","event-location-zip":"76133","event-location-city":"Karlsruhe","event-location-contact-person":"Beratungsstelle Karlsruhe","event-location-phone":"0721 920505","event-location-phone-2":"","event-location-mail":"karlsruhe@profamilia.de","event-location-mail-2":"","event-location-website":"http:\/\/profamilia.de\/karlsruhe","event-target-group":[{"target-group":"adults"}],"event-target-group-comment":"","event-free":true,"event-organiser":[28047],"event-header-copyright-overlay":false,"event-copyright-note-description-end":false},"featured_image_urls_v2":{"full":["https:\/\/www.anika-net.de\/wp-content\/uploads\/2019\/02\/profamilia-logo.png",235,83,false],"thumbnail":["https:\/\/www.anika-net.de\/wp-content\/uploads\/2019\/02\/profamilia-logo-150x83.png",150,83,true],"medium":["https:\/\/www.anika-net.de\/wp-content\/uploads\/2019\/02\/profamilia-logo.png",235,83,false],"medium_large":["https:\/\/www.anika-net.de\/wp-content\/uploads\/2019\/02\/profamilia-logo.png",235,83,false],"large":["https:\/\/www.anika-net.de\/wp-content\/uploads\/2019\/02\/profamilia-logo.png",235,83,false],"1536x1536":["https:\/\/www.anika-net.de\/wp-content\/uploads\/2019\/02\/profamilia-logo.png",235,83,false],"2048x2048":["https:\/\/www.anika-net.de\/wp-content\/uploads\/2019\/02\/profamilia-logo.png",235,83,false],"event-overview":["https:\/\/www.anika-net.de\/wp-content\/uploads\/2019\/02\/profamilia-logo.png",235,83,false],"event-archive-thumb":["https:\/\/www.anika-net.de\/wp-content\/uploads\/2019\/02\/profamilia-logo.png",235,83,false],"grid-item-thumbnail":["https:\/\/www.anika-net.de\/wp-content\/uploads\/2019\/02\/profamilia-logo.png",235,83,false],"network-partner-icon":["https:\/\/www.anika-net.de\/wp-content\/uploads\/2019\/02\/profamilia-logo-100x83.png",100,83,true],"organiser-icon":["https:\/\/www.anika-net.de\/wp-content\/uploads\/2019\/02\/profamilia-logo-200x83.png",200,83,true],"gform-image-choice-sm":["https:\/\/www.anika-net.de\/wp-content\/uploads\/2019\/02\/profamilia-logo.png",235,83,false],"gform-image-choice-md":["https:\/\/www.anika-net.de\/wp-content\/uploads\/2019\/02\/profamilia-logo.png",235,83,false],"gform-image-choice-lg":["https:\/\/www.anika-net.de\/wp-content\/uploads\/2019\/02\/profamilia-logo.png",235,83,false]},"post_excerpt_stackable_v2":"<p>Pro\u00adfa\u00admi\u00adlia Karls\u00adru\u00adhe Masz pyta\u00adnia doty\u00adcz\u0105\u00adce ci\u0105\u00ad\u017cy, sek\u00adsu\u00adal\u00adno\u00ad\u015bci, part\u00adner\u00adstwa lub rodzi\u00adciel\u00adstwa? W pro fami\u00adlia otrzy\u00admasz pro\u00adfe\u00adsjo\u00adnal\u00adn\u0105, pouf\u00adn\u0105 pora\u00add\u0119. Two\u00adje pra\u00adwa s\u0105 na pierw\u00adszym miej\u00adscu w naszej pra\u00adcy. Chce\u00admy, aby wszy\u00adscy ludzie mogli \u017cy\u0107 swo\u00adj\u0105 sek\u00adsu\u00adal\u00adno\u00ad\u015bci\u0105 w spo\u00ads\u00f3b samo\u00adsta\u00adno\u00adwi\u0105\u00adcy i swo\u00adbod\u00adnie decy\u00addo\u00adwa\u0107 o zosta\u00adniu rodzi\u00adca\u00admi. Us\u0142u\u00adgi dorad\u00adcze Doradz\u00adtwo w przy\u00adpad\u00adku kon\u00adflik\u00adtu w&nbsp;ci\u0105\u00ad\u017cy Spo\u00ad\u0142ecz\u00adne doradz\u00adtwo praw\u00adne Doradz\u00adtwo medycz\u00adne Kon\u00adsul\u00adta\u00adcje z m\u0142o\u00addzie\u00ad\u017c\u0105 Edu\u00adka\u00adcja sek\u00adsu\u00adal\u00adna Porad\u00adnic\u00adtwo dla os\u00f3b LGBTTIQ* Sek\u00adsu\u00adal\u00adno\u015b\u0107&nbsp;i\u2026 Porad\u00adnic\u00adtwo psy\u00adcho\u00adlo\u00adgicz\u00adne Media\u00adcja Infor\u00adma\u00adcje praw\u00adne pra\u00adgnie\u00adnie dzie\u00adci Po\u0142o\u017c\u00adna rodzin\u00adna Run\u00adda w czwar\u00adtek \u201cBrzuch do brzu\u00adcha\u201d Edu\u00adka\u00adcja sek\u00adsu\u00adal\u00adna w szko\u00adle pod\u00adsta\u00adwo\u00adwej Punkt star\u00adto\u00adwy kawiar\u00adnia dla rodzi\u00adc\u00f3w Poroz\u00adma\u00adwiaj\u00admy&nbsp;o\u2026 Pora\u00addy praw\u00adne dla samot\u00adnych (przy\u00adsz\u0142ych) matek&nbsp;<\/p>\n","category_list_v2":"","author_info_v2":{"name":"Andrea Ramirez","url":"https:\/\/www.anika-net.de\/pl\/author\/andrea-ramirez\/"},"comments_num_v2":"0 comments","uagb_featured_image_src":{"full":["https:\/\/www.anika-net.de\/wp-content\/uploads\/2019\/02\/profamilia-logo.png",235,83,false],"thumbnail":["https:\/\/www.anika-net.de\/wp-content\/uploads\/2019\/02\/profamilia-logo-150x83.png",150,83,true],"medium":["https:\/\/www.anika-net.de\/wp-content\/uploads\/2019\/02\/profamilia-logo.png",235,83,false],"medium_large":["https:\/\/www.anika-net.de\/wp-content\/uploads\/2019\/02\/profamilia-logo.png",235,83,false],"large":["https:\/\/www.anika-net.de\/wp-content\/uploads\/2019\/02\/profamilia-logo.png",235,83,false],"1536x1536":["https:\/\/www.anika-net.de\/wp-content\/uploads\/2019\/02\/profamilia-logo.png",235,83,false],"2048x2048":["https:\/\/www.anika-net.de\/wp-content\/uploads\/2019\/02\/profamilia-logo.png",235,83,false],"event-overview":["https:\/\/www.anika-net.de\/wp-content\/uploads\/2019\/02\/profamilia-logo.png",235,83,false],"event-archive-thumb":["https:\/\/www.anika-net.de\/wp-content\/uploads\/2019\/02\/profamilia-logo.png",235,83,false],"grid-item-thumbnail":["https:\/\/www.anika-net.de\/wp-content\/uploads\/2019\/02\/profamilia-logo.png",235,83,false],"network-partner-icon":["https:\/\/www.anika-net.de\/wp-content\/uploads\/2019\/02\/profamilia-logo-100x83.png",100,83,true],"organiser-icon":["https:\/\/www.anika-net.de\/wp-content\/uploads\/2019\/02\/profamilia-logo-200x83.png",200,83,true],"gform-image-choice-sm":["https:\/\/www.anika-net.de\/wp-content\/uploads\/2019\/02\/profamilia-logo.png",235,83,false],"gform-image-choice-md":["https:\/\/www.anika-net.de\/wp-content\/uploads\/2019\/02\/profamilia-logo.png",235,83,false],"gform-image-choice-lg":["https:\/\/www.anika-net.de\/wp-content\/uploads\/2019\/02\/profamilia-logo.png",235,83,false]},"uagb_author_info":{"display_name":"Andrea Ramirez","author_link":"https:\/\/www.anika-net.de\/pl\/author\/andrea-ramirez\/"},"uagb_comment_info":0,"uagb_excerpt":"Pro\u00adfa\u00admi\u00adlia Karlsruhe Masz pyta\u00adnia doty\u00adcz\u0105\u00adce ci\u0105\u00ad\u017cy, sek\u00adsu\u00adal\u00adno\u00ad\u015bci, part\u00adner\u00adstwa lub rodzi\u00adciel\u00adstwa? W pro fami\u00adlia otrzy\u00admasz pro\u00adfe\u00adsjo\u00adnal\u00adn\u0105, pouf\u00adn\u0105 pora\u00add\u0119. Two\u00adje pra\u00adwa s\u0105 na pierw\u00adszym miej\u00adscu w naszej pracy. Chce\u00admy, aby wszy\u00adscy ludzie&nbsp;czytaj wi\u0119cej","_links":{"self":[{"href":"https:\/\/www.anika-net.de\/pl\/wp-json\/wp\/v2\/event\/57716","targetHints":{"allow":["GET"]}}],"collection":[{"href":"https:\/\/www.anika-net.de\/pl\/wp-json\/wp\/v2\/event"}],"about":[{"href":"https:\/\/www.anika-net.de\/pl\/wp-json\/wp\/v2\/types\/event"}],"author":[{"embeddable":true,"href":"https:\/\/www.anika-net.de\/pl\/wp-json\/wp\/v2\/users\/12"}],"version-history":[{"count":1,"href":"https:\/\/www.anika-net.de\/pl\/wp-json\/wp\/v2\/event\/57716\/revisions"}],"predecessor-version":[{"id":60889,"href":"https:\/\/www.anika-net.de\/pl\/wp-json\/wp\/v2\/event\/57716\/revisions\/60889"}],"acf:post":[{"embeddable":true,"href":"https:\/\/www.anika-net.de\/pl\/wp-json\/wp\/v2\/organiser\/28047"}],"acf:term":[{"embeddable":true,"taxonomy":"event_category","href":"https:\/\/www.anika-net.de\/pl\/wp-json\/wp\/v2\/event_category\/185"}],"wp:featuredmedia":[{"embeddable":true,"href":"https:\/\/www.anika-net.de\/pl\/wp-json\/wp\/v2\/media\/49074"}],"wp:attachment":[{"href":"https:\/\/www.anika-net.de\/pl\/wp-json\/wp\/v2\/media?parent=57716"}],"curies":[{"name":"wp","href":"https:\/\/api.w.org\/{rel}","templated":true}]}}

Cen­trum doradz­twa Karls­ru­he — Pyta­nia doty­czą­ce&nbsp;ciąży

<h2><span style="color: #ffcc00;"><strong>Pro­fa­mi­lia Karlsruhe</strong></span></h2>
<blockquote>
<h2><strong><em>Masz pyta­nia doty­czą­ce cią­ży, sek­su­al­no­ści, part­ner­stwa lub rodzi­ciel­stwa? W pro fami­lia otrzy­masz pro­fe­sjo­nal­ną, pouf­ną pora­dę. Two­je pra­wa są na pierw­szym miej­scu w naszej pracy.</em></strong></h2>
</blockquote>
<p>Chce­my, aby wszy­scy ludzie mogli żyć swo­ją sek­su­al­no­ścią w spo­sób samo­sta­no­wią­cy i swo­bod­nie decy­do­wać o zosta­niu rodzicami.</p>
<h4><span style="color: #008080;">Usłu­gi doradcze</span></h4>
<ul>
<li>Doradz­two w przy­pad­ku kon­flik­tu w&nbsp;ciąży</li>
<li>Spo­łecz­ne doradz­two prawne</li>
<li>Doradz­two medyczne</li>
<li>Kon­sul­ta­cje z młodzieżą</li>
<li>Edu­ka­cja seksualna</li>
<li>Porad­nic­two dla osób LGBTTIQ*</li>
<li>Sek­su­al­ność&nbsp;i…</li>
<li>Porad­nic­two psychologiczne</li>
<li>Media­cja</li>
<li>Infor­ma­cje prawne</li>
<li>pra­gnie­nie dzieci</li>
<li>Położ­na rodzinna</li>
<li>Run­da w czwartek</li>
<li>“Brzuch do brzucha”</li>
<li>Edu­ka­cja sek­su­al­na w szko­le podstawowej</li>
<li>Punkt star­to­wy kawiar­nia dla rodziców</li>
<li>Poroz­ma­wiaj­my&nbsp;o…</li>
<li>Pora­dy praw­ne dla samot­nych (przy­szłych) matek</li>
</ul>
<p>&nbsp;</p>

Leopoldstraße 5

<p>Pro­fa­mi­lia Karls­ru­he Masz pyta­nia doty­czą­ce cią­ży, sek­su­al­no­ści, part­ner­stwa lub rodzi­ciel­stwa? W pro fami­lia otrzy­masz pro­fe­sjo­nal­ną, pouf­ną pora­dę. Two­je pra­wa są na pierw­szym miej­scu w naszej pra­cy. Chce­my, aby wszy­scy ludzie mogli żyć swo­ją sek­su­al­no­ścią w spo­sób samo­sta­no­wią­cy i swo­bod­nie decy­do­wać o zosta­niu rodzi­ca­mi. Usłu­gi dorad­cze Doradz­two w przy­pad­ku kon­flik­tu w&nbsp;cią­ży Spo­łecz­ne doradz­two praw­ne Doradz­two medycz­ne Kon­sul­ta­cje z mło­dzie­żą Edu­ka­cja sek­su­al­na Porad­nic­two dla osób LGBTTIQ* Sek­su­al­ność&nbsp;i… Porad­nic­two psy­cho­lo­gicz­ne Media­cja Infor­ma­cje praw­ne pra­gnie­nie dzie­ci Położ­na rodzin­na Run­da w czwar­tek “Brzuch do brzu­cha” Edu­ka­cja sek­su­al­na w szko­le pod­sta­wo­wej Punkt star­to­wy kawiar­nia dla rodzi­ców Poroz­ma­wiaj­my&nbsp;o… Pora­dy praw­ne dla samot­nych (przy­szłych) matek&nbsp;</p>

Pro­fa­mi­lia Karlsruhe Masz pyta­nia doty­czą­ce cią­ży, sek­su­al­no­ści, part­ner­stwa lub rodzi­ciel­stwa? W pro fami­lia otrzy­masz pro­fe­sjo­nal­ną, pouf­ną pora­dę. Two­je pra­wa są na pierw­szym miej­scu w naszej pracy. Chce­my, aby wszy­scy ludzie&nbsp;czytaj więcej
