{"id":57410,"date":"2025-01-13T12:31:36","date_gmt":"2025-01-13T11:31:36","guid":{"rendered":"https:\/\/www.anika-net.de\/event\/biuro-ds-rownych-szans-miasta-karlsruhe\/"},"modified":"2025-04-17T15:46:26","modified_gmt":"2025-04-17T13:46:26","slug":"biuro-ds-rownych-szans-miasta-karlsruhe","status":"publish","type":"event","link":"https:\/\/www.anika-net.de\/pl\/event\/biuro-ds-rownych-szans-miasta-karlsruhe\/","title":{"rendered":"Biu\u00adro ds. r\u00f3w\u00adnych szans mia\u00adsta Karlsruhe"},"content":{"rendered":"<blockquote>\n<h3><em><span style=\"color: #993366;\">\u201cM\u0119\u017c\u00adczy\u017a\u00adni i kobie\u00adty maj\u0105 r\u00f3w\u00adne&nbsp;prawa.<\/span><\/em><br>\n<em><span style=\"color: #993366;\">Pa\u0144\u00adstwo pro\u00admu\u00adje fak\u00adtycz\u00adne wdra\u00ad\u017ca\u00adnie r\u00f3w\u00adnych praw dla kobiet i m\u0119\u017c\u00adczyzn oraz dzia\u00ad\u0142a na rzecz eli\u00admi\u00adna\u00adcji ist\u00adnie\u00adj\u0105\u00adcych nier\u00f3wno\u015bci.\u201d<\/span><\/em><\/h3>\n<h6>Usta\u00adwa Zasad\u00adni\u00adcza Arty\u00adku\u0142 3 Ust\u0119p&nbsp;2<\/h6>\n<\/blockquote>\n<h1><span style=\"color: #ffcc00;\"><strong>Biu\u00adro ds. r\u00f3w\u00adnych szans mia\u00adsta Karlsruhe<\/strong><\/span><\/h1>\n<p>Biu\u00adro R\u00f3w\u00adnych Szans Mia\u00adsta Karls\u00adru\u00adhe jest punk\u00adtem kon\u00adtak\u00adto\u00adwym dla kobiet i m\u0119\u017c\u00adczyzn, kt\u00f3\u00adrzy maj\u0105 suge\u00adstie, pyta\u00adnia i skar\u00adgi doty\u00adcz\u0105\u00adce r\u00f3w\u00adnych&nbsp;szans.<\/p>\n<h6><img decoding=\"async\" class=\"alignnone size-medium wp-image-57361\" src=\"https:\/\/www.anika-net.de\/wp-content\/uploads\/2019\/02\/Gleichstellungsarbeit-300x223.png\" alt width=\"300\" height=\"223\" srcset=\"https:\/\/www.anika-net.de\/wp-content\/uploads\/2019\/02\/Gleichstellungsarbeit-300x223.png 300w, https:\/\/www.anika-net.de\/wp-content\/uploads\/2019\/02\/Gleichstellungsarbeit-768x571.png 768w, https:\/\/www.anika-net.de\/wp-content\/uploads\/2019\/02\/Gleichstellungsarbeit-480x357.png 480w, https:\/\/www.anika-net.de\/wp-content\/uploads\/2019\/02\/Gleichstellungsarbeit.png 850w\" sizes=\"(max-width: 300px) 100vw, 300px\"><span class=\"copyright-text\">Gra\u00adfi\u00adka przed\u00adsta\u00adwia r\u00f3\u017c\u00adno\u00adrod\u00adne aspek\u00adty u\u017cyt\u00adko\u00adwa\u00adnia budyn\u00adku. \u00a9 Stadt Karls\u00adru\u00adhe, ZJD\/&nbsp;GB<br>\n<\/span><\/h6>\n<h3><span style=\"color: #008080;\"><strong>Zadzwo\u0144 do nas,&nbsp;je\u015bli:<\/strong><\/span><\/h3>\n<ul>\n<li>chc\u0105 skar\u00ad\u017cy\u0107 si\u0119 na dys\u00adkry\u00admi\u00adna\u00adcj\u0119 jako kobie\u00adta lub m\u0119\u017cczyzna,<\/li>\n<li>szu\u00adka\u0107 infor\u00adma\u00adcji lub wspar\u00adcia w docho\u00addze\u00adniu swo\u00adich&nbsp;praw,<\/li>\n<li>chcia\u0142\u00adby przed\u00adsta\u00adwi\u0107 suge\u00adstie doty\u00adcz\u0105\u00adce popra\u00adwy r\u00f3w\u00adno\u00ad\u015bci w Karlsruhe.<\/li>\n<\/ul>\n<p>\u2611\ufe0f Zach\u0119\u00adca\u00admy do uma\u00adwia\u00adnia oso\u00adbi\u00adstych spo\u00adtka\u0144. \u2611\ufe0f Two\u00adje oba\u00adwy b\u0119d\u0105 trak\u00adto\u00adwa\u00adne jako pouf\u00adne. \u2611\ufe0f Pora\u00addy s\u0105 bez\u00adp\u0142at\u00adne \ud83d\udcce <a href=\"https:\/\/www.anika-net.de\/wp-content\/uploads\/2025\/01\/GB_Faltblatt.pdf\"><strong>Ulot\u00adka infor\u00adma\u00adcyj\u00adna Urz\u0119d\u00adnik ds. r\u00f3w\u00adnych&nbsp;szans<\/strong><\/a><\/p>\n","protected":false},"author":12,"featured_media":57402,"template":"","class_list":["post-57410","event","type-event","status-publish","has-post-thumbnail","hentry","event_category-pomoc-pl"],"acf":{"event-recurring":true,"event-category":185,"event-is-language-course":false,"event-recurring-still-active":true,"event-display-details":true,"event-schedules-recurring":[{"event-recurring-week-day":"0","event-recurring-time":"8:30 - 12:00 & 14:00 - 15:30","event-recurring-time-text":""},{"event-recurring-week-day":"1","event-recurring-time":"8:30 - 12:00 & 14:00 - 15:30","event-recurring-time-text":""},{"event-recurring-week-day":"2","event-recurring-time":"8:30 - 12:00 & 14:00 - 15:30","event-recurring-time-text":""},{"event-recurring-week-day":"3","event-recurring-time":"8:30 - 12:00 & 14:00 - 15:30","event-recurring-time-text":""},{"event-recurring-week-day":"4","event-recurring-time":"8:30 - 12:00 & 14:00 - 15:30","event-recurring-time-text":""}],"event-schedules-calendar":null,"event-is-online":false,"event-online-url":"","event-location-building":"Gleichstellungsbeauftragte - Rathaus am Marktplatz","event-location-street":"Karl-Friedrich-Stra\u00dfe 10","event-location-zip":"76133","event-location-city":"Karlsruhe","event-location-contact-person":"Verena Meister, Gleich\u00adstel\u00adlungs\u00adbe\u00adauf\u00adtragte der Stadt\u00ad \u00adKarls\u00adruhe","event-location-phone":"0721 133-3062","event-location-phone-2":"","event-location-mail":"gb@karlsruhe.de","event-location-mail-2":"","event-location-website":"https:\/\/www.karlsruhe.de\/bildung-soziales\/integration-chancengerechtigkeit\/gleichberechtigung-von-frauen-und-maennern\/die-gleichstellungsbeauftragte","event-target-group":[{"target-group":"all"}],"event-target-group-comment":"","event-free":true,"event-organiser":[10687],"event-header-copyright-overlay":true,"event-copyright-note-description-end":false},"featured_image_urls_v2":{"full":["https:\/\/www.anika-net.de\/wp-content\/uploads\/2019\/02\/Geschlechtergerecht-scaled.jpg",2560,1801,false],"thumbnail":["https:\/\/www.anika-net.de\/wp-content\/uploads\/2019\/02\/Geschlechtergerecht-150x150.jpg",150,150,true],"medium":["https:\/\/www.anika-net.de\/wp-content\/uploads\/2019\/02\/Geschlechtergerecht-300x211.jpg",300,211,true],"medium_large":["https:\/\/www.anika-net.de\/wp-content\/uploads\/2019\/02\/Geschlechtergerecht-768x540.jpg",640,450,true],"large":["https:\/\/www.anika-net.de\/wp-content\/uploads\/2019\/02\/Geschlechtergerecht-1024x720.jpg",640,450,true],"1536x1536":["https:\/\/www.anika-net.de\/wp-content\/uploads\/2019\/02\/Geschlechtergerecht-1536x1080.jpg",1536,1080,true],"2048x2048":["https:\/\/www.anika-net.de\/wp-content\/uploads\/2019\/02\/Geschlechtergerecht-2048x1440.jpg",2048,1440,true],"event-overview":["https:\/\/www.anika-net.de\/wp-content\/uploads\/2019\/02\/Geschlechtergerecht-960x640.jpg",960,640,true],"event-archive-thumb":["https:\/\/www.anika-net.de\/wp-content\/uploads\/2019\/02\/Geschlechtergerecht-480x338.jpg",480,338,true],"grid-item-thumbnail":["https:\/\/www.anika-net.de\/wp-content\/uploads\/2019\/02\/Geschlechtergerecht-360x200.jpg",360,200,true],"network-partner-icon":["https:\/\/www.anika-net.de\/wp-content\/uploads\/2019\/02\/Geschlechtergerecht-100x100.jpg",100,100,true],"organiser-icon":["https:\/\/www.anika-net.de\/wp-content\/uploads\/2019\/02\/Geschlechtergerecht-200x200.jpg",200,200,true],"gform-image-choice-sm":["https:\/\/www.anika-net.de\/wp-content\/uploads\/2019\/02\/Geschlechtergerecht-300x300.jpg",300,300,true],"gform-image-choice-md":["https:\/\/www.anika-net.de\/wp-content\/uploads\/2019\/02\/Geschlechtergerecht-400x400.jpg",400,400,true],"gform-image-choice-lg":["https:\/\/www.anika-net.de\/wp-content\/uploads\/2019\/02\/Geschlechtergerecht-600x600.jpg",600,600,true]},"post_excerpt_stackable_v2":"<p>\u201cM\u0119\u017c\u00adczy\u017a\u00adni i kobie\u00adty maj\u0105 r\u00f3w\u00adne&nbsp;pra\u00adwa. Pa\u0144\u00adstwo pro\u00admu\u00adje fak\u00adtycz\u00adne wdra\u00ad\u017ca\u00adnie r\u00f3w\u00adnych praw dla kobiet i m\u0119\u017c\u00adczyzn oraz dzia\u00ad\u0142a na rzecz eli\u00admi\u00adna\u00adcji ist\u00adnie\u00adj\u0105\u00adcych nie\u00adr\u00f3w\u00adno\u00ad\u015bci.\u201d Usta\u00adwa Zasad\u00adni\u00adcza Arty\u00adku\u0142 3 Ust\u0119p&nbsp;2 Biu\u00adro ds. r\u00f3w\u00adnych szans mia\u00adsta Karls\u00adru\u00adhe Biu\u00adro R\u00f3w\u00adnych Szans Mia\u00adsta Karls\u00adru\u00adhe jest punk\u00adtem kon\u00adtak\u00adto\u00adwym dla kobiet i m\u0119\u017c\u00adczyzn, kt\u00f3\u00adrzy maj\u0105 suge\u00adstie, pyta\u00adnia i skar\u00adgi doty\u00adcz\u0105\u00adce r\u00f3w\u00adnych&nbsp;szans. Gra\u00adfi\u00adka przed\u00adsta\u00adwia r\u00f3\u017c\u00adno\u00adrod\u00adne aspek\u00adty u\u017cyt\u00adko\u00adwa\u00adnia budyn\u00adku. \u00a9 Stadt Karls\u00adru\u00adhe, ZJD\/&nbsp;GB Zadzwo\u0144 do nas,&nbsp;je\u015bli: chc\u0105 skar\u00ad\u017cy\u0107 si\u0119 na dys\u00adkry\u00admi\u00adna\u00adcj\u0119 jako kobie\u00adta lub m\u0119\u017c\u00adczy\u00adzna, szu\u00adka\u0107 infor\u00adma\u00adcji lub wspar\u00adcia w docho\u00addze\u00adniu swo\u00adich&nbsp;praw, chcia\u0142\u00adby przed\u00adsta\u00adwi\u0107 suge\u00adstie doty\u00adcz\u0105\u00adce popra\u00adwy r\u00f3w\u00adno\u00ad\u015bci w Karls\u00adru\u00adhe. \u2611\ufe0f Zach\u0119\u00adca\u00admy do uma\u00adwia\u00adnia oso\u00adbi\u00adstych spo\u00adtka\u0144. \u2611\ufe0f Two\u00adje oba\u00adwy&nbsp;b\u0119d\u0105\u2026<\/p>\n","category_list_v2":"","author_info_v2":{"name":"Andrea Ramirez","url":"https:\/\/www.anika-net.de\/pl\/author\/andrea-ramirez\/"},"comments_num_v2":"0 comments","uagb_featured_image_src":{"full":["https:\/\/www.anika-net.de\/wp-content\/uploads\/2019\/02\/Geschlechtergerecht-scaled.jpg",2560,1801,false],"thumbnail":["https:\/\/www.anika-net.de\/wp-content\/uploads\/2019\/02\/Geschlechtergerecht-150x150.jpg",150,150,true],"medium":["https:\/\/www.anika-net.de\/wp-content\/uploads\/2019\/02\/Geschlechtergerecht-300x211.jpg",300,211,true],"medium_large":["https:\/\/www.anika-net.de\/wp-content\/uploads\/2019\/02\/Geschlechtergerecht-768x540.jpg",640,450,true],"large":["https:\/\/www.anika-net.de\/wp-content\/uploads\/2019\/02\/Geschlechtergerecht-1024x720.jpg",640,450,true],"1536x1536":["https:\/\/www.anika-net.de\/wp-content\/uploads\/2019\/02\/Geschlechtergerecht-1536x1080.jpg",1536,1080,true],"2048x2048":["https:\/\/www.anika-net.de\/wp-content\/uploads\/2019\/02\/Geschlechtergerecht-2048x1440.jpg",2048,1440,true],"event-overview":["https:\/\/www.anika-net.de\/wp-content\/uploads\/2019\/02\/Geschlechtergerecht-960x640.jpg",960,640,true],"event-archive-thumb":["https:\/\/www.anika-net.de\/wp-content\/uploads\/2019\/02\/Geschlechtergerecht-480x338.jpg",480,338,true],"grid-item-thumbnail":["https:\/\/www.anika-net.de\/wp-content\/uploads\/2019\/02\/Geschlechtergerecht-360x200.jpg",360,200,true],"network-partner-icon":["https:\/\/www.anika-net.de\/wp-content\/uploads\/2019\/02\/Geschlechtergerecht-100x100.jpg",100,100,true],"organiser-icon":["https:\/\/www.anika-net.de\/wp-content\/uploads\/2019\/02\/Geschlechtergerecht-200x200.jpg",200,200,true],"gform-image-choice-sm":["https:\/\/www.anika-net.de\/wp-content\/uploads\/2019\/02\/Geschlechtergerecht-300x300.jpg",300,300,true],"gform-image-choice-md":["https:\/\/www.anika-net.de\/wp-content\/uploads\/2019\/02\/Geschlechtergerecht-400x400.jpg",400,400,true],"gform-image-choice-lg":["https:\/\/www.anika-net.de\/wp-content\/uploads\/2019\/02\/Geschlechtergerecht-600x600.jpg",600,600,true]},"uagb_author_info":{"display_name":"Andrea Ramirez","author_link":"https:\/\/www.anika-net.de\/pl\/author\/andrea-ramirez\/"},"uagb_comment_info":0,"uagb_excerpt":"\u201cM\u0119\u017c\u00adczy\u017a\u00adni i kobie\u00adty maj\u0105 r\u00f3w\u00adne&nbsp;prawa. Pa\u0144\u00adstwo pro\u00admu\u00adje fak\u00adtycz\u00adne wdra\u00ad\u017ca\u00adnie r\u00f3w\u00adnych praw dla kobiet i m\u0119\u017c\u00adczyzn oraz dzia\u00ad\u0142a na rzecz eli\u00admi\u00adna\u00adcji ist\u00adnie\u00adj\u0105\u00adcych nier\u00f3wno\u015bci.\u201d Usta\u00adwa Zasad\u00adni\u00adcza Arty\u00adku\u0142 3 Ust\u0119p&nbsp;2 Biu\u00adro ds. r\u00f3w\u00adnych&nbsp;czytaj wi\u0119cej","_links":{"self":[{"href":"https:\/\/www.anika-net.de\/pl\/wp-json\/wp\/v2\/event\/57410","targetHints":{"allow":["GET"]}}],"collection":[{"href":"https:\/\/www.anika-net.de\/pl\/wp-json\/wp\/v2\/event"}],"about":[{"href":"https:\/\/www.anika-net.de\/pl\/wp-json\/wp\/v2\/types\/event"}],"author":[{"embeddable":true,"href":"https:\/\/www.anika-net.de\/pl\/wp-json\/wp\/v2\/users\/12"}],"version-history":[{"count":1,"href":"https:\/\/www.anika-net.de\/pl\/wp-json\/wp\/v2\/event\/57410\/revisions"}],"predecessor-version":[{"id":60888,"href":"https:\/\/www.anika-net.de\/pl\/wp-json\/wp\/v2\/event\/57410\/revisions\/60888"}],"acf:post":[{"embeddable":true,"href":"https:\/\/www.anika-net.de\/pl\/wp-json\/wp\/v2\/organiser\/10687"}],"acf:term":[{"embeddable":true,"taxonomy":"event_category","href":"https:\/\/www.anika-net.de\/pl\/wp-json\/wp\/v2\/event_category\/185"}],"wp:featuredmedia":[{"embeddable":true,"href":"https:\/\/www.anika-net.de\/pl\/wp-json\/wp\/v2\/media\/57402"}],"wp:attachment":[{"href":"https:\/\/www.anika-net.de\/pl\/wp-json\/wp\/v2\/media?parent=57410"}],"curies":[{"name":"wp","href":"https:\/\/api.w.org\/{rel}","templated":true}]}}

Biu­ro ds. rów­nych szans mia­sta Karlsruhe

<blockquote>
<h3><em><span style="color: #993366;">“Męż­czyź­ni i kobie­ty mają rów­ne&nbsp;prawa.</span></em><br>
<em><span style="color: #993366;">Pań­stwo pro­mu­je fak­tycz­ne wdra­ża­nie rów­nych praw dla kobiet i męż­czyzn oraz dzia­ła na rzecz eli­mi­na­cji ist­nie­ją­cych nierówności.”</span></em></h3>
<h6>Usta­wa Zasad­ni­cza Arty­kuł 3 Ustęp&nbsp;2</h6>
</blockquote>
<h1><span style="color: #ffcc00;"><strong>Biu­ro ds. rów­nych szans mia­sta Karlsruhe</strong></span></h1>
<p>Biu­ro Rów­nych Szans Mia­sta Karls­ru­he jest punk­tem kon­tak­to­wym dla kobiet i męż­czyzn, któ­rzy mają suge­stie, pyta­nia i skar­gi doty­czą­ce rów­nych&nbsp;szans.</p>
<h6><img decoding="async" class="alignnone size-medium wp-image-57361" src="https://www.anika-net.de/wp-content/uploads/2019/02/Gleichstellungsarbeit-300x223.png" alt width="300" height="223" srcset="https://www.anika-net.de/wp-content/uploads/2019/02/Gleichstellungsarbeit-300x223.png 300w, https://www.anika-net.de/wp-content/uploads/2019/02/Gleichstellungsarbeit-768x571.png 768w, https://www.anika-net.de/wp-content/uploads/2019/02/Gleichstellungsarbeit-480x357.png 480w, https://www.anika-net.de/wp-content/uploads/2019/02/Gleichstellungsarbeit.png 850w" sizes="(max-width: 300px) 100vw, 300px"><span class="copyright-text">Gra­fi­ka przed­sta­wia róż­no­rod­ne aspek­ty użyt­ko­wa­nia budyn­ku. © Stadt Karls­ru­he, ZJD/&nbsp;GB<br>
</span></h6>
<h3><span style="color: #008080;"><strong>Zadzwoń do nas,&nbsp;jeśli:</strong></span></h3>
<ul>
<li>chcą skar­żyć się na dys­kry­mi­na­cję jako kobie­ta lub mężczyzna,</li>
<li>szu­kać infor­ma­cji lub wspar­cia w docho­dze­niu swo­ich&nbsp;praw,</li>
<li>chciał­by przed­sta­wić suge­stie doty­czą­ce popra­wy rów­no­ści w Karlsruhe.</li>
</ul>
<p>☑️ Zachę­ca­my do uma­wia­nia oso­bi­stych spo­tkań. ☑️ Two­je oba­wy będą trak­to­wa­ne jako pouf­ne. ☑️ Pora­dy są bez­płat­ne 📎 <a href="https://www.anika-net.de/wp-content/uploads/2025/01/GB_Faltblatt.pdf"><strong>Ulot­ka infor­ma­cyj­na Urzęd­nik ds. rów­nych&nbsp;szans</strong></a></p>

Karl-Friedrich-Straße 10

<p>“Męż­czyź­ni i kobie­ty mają rów­ne&nbsp;pra­wa. Pań­stwo pro­mu­je fak­tycz­ne wdra­ża­nie rów­nych praw dla kobiet i męż­czyzn oraz dzia­ła na rzecz eli­mi­na­cji ist­nie­ją­cych nie­rów­no­ści.” Usta­wa Zasad­ni­cza Arty­kuł 3 Ustęp&nbsp;2 Biu­ro ds. rów­nych szans mia­sta Karls­ru­he Biu­ro Rów­nych Szans Mia­sta Karls­ru­he jest punk­tem kon­tak­to­wym dla kobiet i męż­czyzn, któ­rzy mają suge­stie, pyta­nia i skar­gi doty­czą­ce rów­nych&nbsp;szans. Gra­fi­ka przed­sta­wia róż­no­rod­ne aspek­ty użyt­ko­wa­nia budyn­ku. © Stadt Karls­ru­he, ZJD/&nbsp;GB Zadzwoń do nas,&nbsp;jeśli: chcą skar­żyć się na dys­kry­mi­na­cję jako kobie­ta lub męż­czy­zna, szu­kać infor­ma­cji lub wspar­cia w docho­dze­niu swo­ich&nbsp;praw, chciał­by przed­sta­wić suge­stie doty­czą­ce popra­wy rów­no­ści w Karls­ru­he. ☑️ Zachę­ca­my do uma­wia­nia oso­bi­stych spo­tkań. ☑️ Two­je oba­wy&nbsp;będą…</p>

“Męż­czyź­ni i kobie­ty mają rów­ne&nbsp;prawa. Pań­stwo pro­mu­je fak­tycz­ne wdra­ża­nie rów­nych praw dla kobiet i męż­czyzn oraz dzia­ła na rzecz eli­mi­na­cji ist­nie­ją­cych nierówności.” Usta­wa Zasad­ni­cza Arty­kuł 3 Ustęp&nbsp;2 Biu­ro ds. rów­nych&nbsp;czytaj więcej
