{"id":57271,"date":"2025-01-08T12:19:29","date_gmt":"2025-01-08T11:19:29","guid":{"rendered":"https:\/\/www.anika-net.de\/event\/kawiarnia-jezykowa-w-karlsruhe\/"},"modified":"2025-04-17T15:32:54","modified_gmt":"2025-04-17T13:32:54","slug":"kawiarnia-jezykowa-w-karlsruhe","status":"publish","type":"event","link":"https:\/\/www.anika-net.de\/pl\/event\/kawiarnia-jezykowa-w-karlsruhe\/","title":{"rendered":"Kawiar\u00adnia j\u0119zy\u00adko\u00adwa w Karlsruhe"},"content":{"rendered":"<h1><span style=\"color: #ffcc00;\">Yolan\u00adda i Lena zapra\u00adsza\u00adj\u0105 do kawiar\u00adni j\u0119zy\u00adko\u00adwej w Karlsruhe!<\/span><\/h1>\n<p>Spo\u00adty\u00adka\u00admy si\u0119 co dwa tygo\u00addnie \ud83d\udcc6 <strong>w pi\u0105t\u00adki o<\/strong> <strong>godzi\u00adnie<\/strong> <strong>16:00<\/strong> w<strong>sali<\/strong> \ud83d\udccd<strong>Impact w Steamwork.<\/strong><br>\nOso\u00adby na wszyst\u00adkich pozio\u00admach j\u0119zy\u00adka nie\u00admiec\u00adkie\u00adgo s\u0105 mile widziane.<br>\nNa ka\u017c\u00adde spo\u00adtka\u00adnie przy\u00adgo\u00adto\u00adwu\u00adje\u00admy eks\u00adcy\u00adtu\u00adj\u0105\u00adcy temat i chce\u00admy zach\u0119\u00adci\u0107 wszyst\u00adkich do posze\u00adrza\u00adnia swo\u00adje\u00adgo s\u0142ow\u00adnic\u00adtwa i m\u00f3wienia.<\/p>\n<h4><strong><span style=\"color: #008080;\">Z nie\u00adcier\u00adpli\u00adwo\u00ad\u015bci\u0105 cze\u00adka\u00admy na spotkanie!<\/span><\/strong><\/h4>\n<p>Ka\u017c\u00adda sesja ma temat (np. hob\u00adby, poszu\u00adki\u00adwa\u00adnie domu, ubra\u00adnia itp.), kt\u00f3\u00adry jest wspie\u00adra\u00adny s\u0142ow\u00adnic\u00adtwem, kar\u00adta\u00admi obraz\u00adko\u00adwy\u00admi i fil\u00adma\u00admi, a nast\u0119p\u00adnie \u0107wi\u00adczo\u00adny w ma\u0142ych dia\u00adlo\u00adgach. Celem jest swo\u00adbod\u00adne m\u00f3wie\u00adnie. W zale\u017c\u00adno\u00ad\u015bci od moty\u00adwa\u00adcji uczest\u00adni\u00adk\u00f3w mo\u017c\u00adna r\u00f3w\u00adnie\u017c poda\u0107 temat nast\u0119p\u00adnej sesji, aby ucznio\u00adwie mogli stwo\u00adrzy\u0107 ma\u0142y dzien\u00adnik s\u0142ow\u00adnic\u00adtwa i przy\u00adgo\u00adto\u00adwa\u0107 zwro\u00adty, frag\u00admen\u00adty i s\u0142o\u00adwa do prze\u00ad\u0107wi\u00adcze\u00adnia w nast\u0119p\u00adnej sesji. Orga\u00adni\u00adzo\u00adwa\u00adne s\u0105 r\u00f3w\u00adnie\u017c wyciecz\u00adki. Na przy\u00adk\u0142ad, je\u015bli m\u00f3wi\u00admy o zwie\u00adrz\u0119\u00adtach, mo\u017ce\u00admy uda\u0107 si\u0119 do zoo lub muzeum histo\u00adrii natu\u00adral\u00adnej lub wybra\u0107 si\u0119 na wyciecz\u00adk\u0119 po regio\u00adnie. Kafej\u00adka j\u0119zy\u00adko\u00adwa w Karls\u00adru\u00adhe jest cz\u0119\u00ad\u015bci\u0105 pro\u00adjek\u00adtu <em>\u201cMen\u00adschen st\u00e4r\u00adken Men\u00adschen\u201d<\/em> i jest finan\u00adso\u00adwa\u00adna przez BAFzA (Fede\u00adral\u00adny Urz\u0105d ds. Rodzi\u00adny i Funk\u00adcji Spo\u00ad\u0142e\u00adcze\u0144\u00adstwa Obywatelskiego).<\/p>\n<p><strong><a href=\"https:\/\/www.anika-net.de\/wp-content\/uploads\/2025\/01\/Sprachcafe-2025-1.-Halbjahr.pdf\">Ulot\u00adka<\/a><\/strong><\/p>\n<p>\ud83d\udc49\ud83c\udffd Je\u015bli chcesz przy\u00adpro\u00adwa\u00addzi\u0107 dzie\u00adci, poin\u00adfor\u00admuj nas o tym z wyprzedzeniem.<\/p>\n","protected":false},"author":12,"featured_media":52479,"template":"","class_list":["post-57271","event","type-event","status-publish","has-post-thumbnail","hentry","event_category-edukacja"],"acf":{"event-recurring":false,"event-category":182,"event-is-language-course":false,"event-recurring-still-active":true,"event-display-details":true,"event-schedules-recurring":[{"event-recurring-week-day":"4","event-recurring-time":"15:00","event-recurring-time-text":"Co drugi tydzie\u0144"}],"event-schedules-calendar":[{"event-calendar-day":"20260508","event-calendar-time":"","event-calendar-time-text":""},{"event-calendar-day":"20260522","event-calendar-time":"","event-calendar-time-text":""},{"event-calendar-day":"20260605","event-calendar-time":"","event-calendar-time-text":""},{"event-calendar-day":"20260612","event-calendar-time":"16:00 - 17:30","event-calendar-time-text":""}],"event-is-online":false,"event-online-url":"","event-location-building":"Impact-Raum von Steamwork","event-location-street":"Roonstra\u00dfe 23a","event-location-zip":"76137","event-location-city":"Karlsruhe","event-location-contact-person":"Lena Mai\u00df","event-location-phone":"0176\/ 760 97 071 (WhatsApp)","event-location-phone-2":"","event-location-mail":"maiss@debuet.org","event-location-mail-2":"rohde@debuet.org","event-location-website":"https:\/\/debuet.org\/sprachcafe","event-target-group":[{"target-group":"all"}],"event-target-group-comment":"Wszyscy ludzie, kt\u00f3rzy chc\u0105 lepiej m\u00f3wi\u0107 po niemiecku","event-free":true,"event-organiser":[52353,119920,119924],"event-header-copyright-overlay":true,"event-copyright-note-description-end":false},"featured_image_urls_v2":{"full":["https:\/\/www.anika-net.de\/wp-content\/uploads\/2024\/07\/Sprachcafe-2024-scaled.jpg",2560,1477,false],"thumbnail":["https:\/\/www.anika-net.de\/wp-content\/uploads\/2024\/07\/Sprachcafe-2024-150x150.jpg",150,150,true],"medium":["https:\/\/www.anika-net.de\/wp-content\/uploads\/2024\/07\/Sprachcafe-2024-300x173.jpg",300,173,true],"medium_large":["https:\/\/www.anika-net.de\/wp-content\/uploads\/2024\/07\/Sprachcafe-2024-768x443.jpg",640,369,true],"large":["https:\/\/www.anika-net.de\/wp-content\/uploads\/2024\/07\/Sprachcafe-2024-1024x591.jpg",640,369,true],"1536x1536":["https:\/\/www.anika-net.de\/wp-content\/uploads\/2024\/07\/Sprachcafe-2024-1536x886.jpg",1536,886,true],"2048x2048":["https:\/\/www.anika-net.de\/wp-content\/uploads\/2024\/07\/Sprachcafe-2024-2048x1181.jpg",2048,1181,true],"event-overview":["https:\/\/www.anika-net.de\/wp-content\/uploads\/2024\/07\/Sprachcafe-2024-960x640.jpg",960,640,true],"event-archive-thumb":["https:\/\/www.anika-net.de\/wp-content\/uploads\/2024\/07\/Sprachcafe-2024-480x277.jpg",480,277,true],"grid-item-thumbnail":["https:\/\/www.anika-net.de\/wp-content\/uploads\/2024\/07\/Sprachcafe-2024-360x200.jpg",360,200,true],"network-partner-icon":["https:\/\/www.anika-net.de\/wp-content\/uploads\/2024\/07\/Sprachcafe-2024-100x100.jpg",100,100,true],"organiser-icon":["https:\/\/www.anika-net.de\/wp-content\/uploads\/2024\/07\/Sprachcafe-2024-200x200.jpg",200,200,true],"gform-image-choice-sm":["https:\/\/www.anika-net.de\/wp-content\/uploads\/2024\/07\/Sprachcafe-2024-scaled.jpg",300,173,false],"gform-image-choice-md":["https:\/\/www.anika-net.de\/wp-content\/uploads\/2024\/07\/Sprachcafe-2024-scaled.jpg",400,231,false],"gform-image-choice-lg":["https:\/\/www.anika-net.de\/wp-content\/uploads\/2024\/07\/Sprachcafe-2024-scaled.jpg",600,346,false]},"post_excerpt_stackable_v2":"<p>Yolan\u00adda i Lena zapra\u00adsza\u00adj\u0105 do kawiar\u00adni j\u0119zy\u00adko\u00adwej w Karls\u00adru\u00adhe! Spo\u00adty\u00adka\u00admy si\u0119 co dwa tygo\u00addnie \ud83d\udcc6 w pi\u0105t\u00adki o godzi\u00adnie 16:00 wsa\u00adli \ud83d\udccdImpact w Ste\u00adam\u00adwork. Oso\u00adby na wszyst\u00adkich pozio\u00admach j\u0119zy\u00adka nie\u00admiec\u00adkie\u00adgo s\u0105 mile widzia\u00adne. Na ka\u017c\u00adde spo\u00adtka\u00adnie przy\u00adgo\u00adto\u00adwu\u00adje\u00admy eks\u00adcy\u00adtu\u00adj\u0105\u00adcy temat i chce\u00admy zach\u0119\u00adci\u0107 wszyst\u00adkich do posze\u00adrza\u00adnia swo\u00adje\u00adgo s\u0142ow\u00adnic\u00adtwa i m\u00f3wie\u00adnia. Z nie\u00adcier\u00adpli\u00adwo\u00ad\u015bci\u0105 cze\u00adka\u00admy na spo\u00adtka\u00adnie! Ka\u017c\u00adda sesja ma temat (np. hob\u00adby, poszu\u00adki\u00adwa\u00adnie domu, ubra\u00adnia itp.), kt\u00f3\u00adry jest wspie\u00adra\u00adny s\u0142ow\u00adnic\u00adtwem, kar\u00adta\u00admi obraz\u00adko\u00adwy\u00admi i fil\u00adma\u00admi, a nast\u0119p\u00adnie \u0107wi\u00adczo\u00adny w ma\u0142ych dia\u00adlo\u00adgach. Celem jest swo\u00adbod\u00adne m\u00f3wie\u00adnie. W zale\u017c\u00adno\u00ad\u015bci od moty\u00adwa\u00adcji uczest\u00adni\u00adk\u00f3w mo\u017c\u00adna r\u00f3w\u00adnie\u017c poda\u0107 temat nast\u0119p\u00adnej sesji, aby ucznio\u00adwie mogli stwo\u00adrzy\u0107 ma\u0142y dzien\u00adnik s\u0142ownictwa\u2026<\/p>\n","category_list_v2":"","author_info_v2":{"name":"Andrea Ramirez","url":"https:\/\/www.anika-net.de\/pl\/author\/andrea-ramirez\/"},"comments_num_v2":"0 comments","uagb_featured_image_src":{"full":["https:\/\/www.anika-net.de\/wp-content\/uploads\/2024\/07\/Sprachcafe-2024-scaled.jpg",2560,1477,false],"thumbnail":["https:\/\/www.anika-net.de\/wp-content\/uploads\/2024\/07\/Sprachcafe-2024-150x150.jpg",150,150,true],"medium":["https:\/\/www.anika-net.de\/wp-content\/uploads\/2024\/07\/Sprachcafe-2024-300x173.jpg",300,173,true],"medium_large":["https:\/\/www.anika-net.de\/wp-content\/uploads\/2024\/07\/Sprachcafe-2024-768x443.jpg",640,369,true],"large":["https:\/\/www.anika-net.de\/wp-content\/uploads\/2024\/07\/Sprachcafe-2024-1024x591.jpg",640,369,true],"1536x1536":["https:\/\/www.anika-net.de\/wp-content\/uploads\/2024\/07\/Sprachcafe-2024-1536x886.jpg",1536,886,true],"2048x2048":["https:\/\/www.anika-net.de\/wp-content\/uploads\/2024\/07\/Sprachcafe-2024-2048x1181.jpg",2048,1181,true],"event-overview":["https:\/\/www.anika-net.de\/wp-content\/uploads\/2024\/07\/Sprachcafe-2024-960x640.jpg",960,640,true],"event-archive-thumb":["https:\/\/www.anika-net.de\/wp-content\/uploads\/2024\/07\/Sprachcafe-2024-480x277.jpg",480,277,true],"grid-item-thumbnail":["https:\/\/www.anika-net.de\/wp-content\/uploads\/2024\/07\/Sprachcafe-2024-360x200.jpg",360,200,true],"network-partner-icon":["https:\/\/www.anika-net.de\/wp-content\/uploads\/2024\/07\/Sprachcafe-2024-100x100.jpg",100,100,true],"organiser-icon":["https:\/\/www.anika-net.de\/wp-content\/uploads\/2024\/07\/Sprachcafe-2024-200x200.jpg",200,200,true],"gform-image-choice-sm":["https:\/\/www.anika-net.de\/wp-content\/uploads\/2024\/07\/Sprachcafe-2024-scaled.jpg",300,173,false],"gform-image-choice-md":["https:\/\/www.anika-net.de\/wp-content\/uploads\/2024\/07\/Sprachcafe-2024-scaled.jpg",400,231,false],"gform-image-choice-lg":["https:\/\/www.anika-net.de\/wp-content\/uploads\/2024\/07\/Sprachcafe-2024-scaled.jpg",600,346,false]},"uagb_author_info":{"display_name":"Andrea Ramirez","author_link":"https:\/\/www.anika-net.de\/pl\/author\/andrea-ramirez\/"},"uagb_comment_info":0,"uagb_excerpt":"Yolan\u00adda i Lena zapra\u00adsza\u00adj\u0105 do kawiar\u00adni j\u0119zy\u00adko\u00adwej w Karlsruhe! Spo\u00adty\u00adka\u00admy si\u0119 co dwa tygo\u00addnie \ud83d\udcc6 w pi\u0105t\u00adki o godzi\u00adnie 16:00 wsali \ud83d\udccdImpact w Steamwork. Oso\u00adby na wszyst\u00adkich pozio\u00admach j\u0119zy\u00adka nie\u00admiec\u00adkie\u00adgo&nbsp;czytaj wi\u0119cej","_links":{"self":[{"href":"https:\/\/www.anika-net.de\/pl\/wp-json\/wp\/v2\/event\/57271","targetHints":{"allow":["GET"]}}],"collection":[{"href":"https:\/\/www.anika-net.de\/pl\/wp-json\/wp\/v2\/event"}],"about":[{"href":"https:\/\/www.anika-net.de\/pl\/wp-json\/wp\/v2\/types\/event"}],"author":[{"embeddable":true,"href":"https:\/\/www.anika-net.de\/pl\/wp-json\/wp\/v2\/users\/12"}],"version-history":[{"count":1,"href":"https:\/\/www.anika-net.de\/pl\/wp-json\/wp\/v2\/event\/57271\/revisions"}],"predecessor-version":[{"id":60806,"href":"https:\/\/www.anika-net.de\/pl\/wp-json\/wp\/v2\/event\/57271\/revisions\/60806"}],"acf:post":[{"embeddable":true,"href":"https:\/\/www.anika-net.de\/pl\/wp-json\/wp\/v2\/organiser\/119924"},{"embeddable":true,"href":"https:\/\/www.anika-net.de\/pl\/wp-json\/wp\/v2\/organiser\/119920"},{"embeddable":true,"href":"https:\/\/www.anika-net.de\/pl\/wp-json\/wp\/v2\/organiser\/52353"}],"acf:term":[{"embeddable":true,"taxonomy":"event_category","href":"https:\/\/www.anika-net.de\/pl\/wp-json\/wp\/v2\/event_category\/182"}],"wp:featuredmedia":[{"embeddable":true,"href":"https:\/\/www.anika-net.de\/pl\/wp-json\/wp\/v2\/media\/52479"}],"wp:attachment":[{"href":"https:\/\/www.anika-net.de\/pl\/wp-json\/wp\/v2\/media?parent=57271"}],"curies":[{"name":"wp","href":"https:\/\/api.w.org\/{rel}","templated":true}]}}

Kawiar­nia języ­ko­wa w Karlsruhe

<h1><span style="color: #ffcc00;">Yolan­da i Lena zapra­sza­ją do kawiar­ni języ­ko­wej w Karlsruhe!</span></h1>
<p>Spo­ty­ka­my się co dwa tygo­dnie 📆 <strong>w piąt­ki o</strong> <strong>godzi­nie</strong> <strong>16:00</strong> w<strong>sali</strong> 📍<strong>Impact w Steamwork.</strong><br>
Oso­by na wszyst­kich pozio­mach języ­ka nie­miec­kie­go są mile widziane.<br>
Na każ­de spo­tka­nie przy­go­to­wu­je­my eks­cy­tu­ją­cy temat i chce­my zachę­cić wszyst­kich do posze­rza­nia swo­je­go słow­nic­twa i mówienia.</p>
<h4><strong><span style="color: #008080;">Z nie­cier­pli­wo­ścią cze­ka­my na spotkanie!</span></strong></h4>
<p>Każ­da sesja ma temat (np. hob­by, poszu­ki­wa­nie domu, ubra­nia itp.), któ­ry jest wspie­ra­ny słow­nic­twem, kar­ta­mi obraz­ko­wy­mi i fil­ma­mi, a następ­nie ćwi­czo­ny w małych dia­lo­gach. Celem jest swo­bod­ne mówie­nie. W zależ­no­ści od moty­wa­cji uczest­ni­ków moż­na rów­nież podać temat następ­nej sesji, aby ucznio­wie mogli stwo­rzyć mały dzien­nik słow­nic­twa i przy­go­to­wać zwro­ty, frag­men­ty i sło­wa do prze­ćwi­cze­nia w następ­nej sesji. Orga­ni­zo­wa­ne są rów­nież wyciecz­ki. Na przy­kład, jeśli mówi­my o zwie­rzę­tach, może­my udać się do zoo lub muzeum histo­rii natu­ral­nej lub wybrać się na wyciecz­kę po regio­nie. Kafej­ka języ­ko­wa w Karls­ru­he jest czę­ścią pro­jek­tu <em>“Men­schen stär­ken Men­schen”</em> i jest finan­so­wa­na przez BAFzA (Fede­ral­ny Urząd ds. Rodzi­ny i Funk­cji Spo­łe­czeń­stwa Obywatelskiego).</p>
<p><strong><a href="https://www.anika-net.de/wp-content/uploads/2025/01/Sprachcafe-2025-1.-Halbjahr.pdf">Ulot­ka</a></strong></p>
<p>👉🏽 Jeśli chcesz przy­pro­wa­dzić dzie­ci, poin­for­muj nas o tym z wyprzedzeniem.</p>

Co drugi tydzień

Roonstraße 23a

Lena Maiß

Wszyscy ludzie, którzy chcą lepiej mówić po niemiecku

<p>Yolan­da i Lena zapra­sza­ją do kawiar­ni języ­ko­wej w Karls­ru­he! Spo­ty­ka­my się co dwa tygo­dnie 📆 w piąt­ki o godzi­nie 16:00 wsa­li 📍Impact w Ste­am­work. Oso­by na wszyst­kich pozio­mach języ­ka nie­miec­kie­go są mile widzia­ne. Na każ­de spo­tka­nie przy­go­to­wu­je­my eks­cy­tu­ją­cy temat i chce­my zachę­cić wszyst­kich do posze­rza­nia swo­je­go słow­nic­twa i mówie­nia. Z nie­cier­pli­wo­ścią cze­ka­my na spo­tka­nie! Każ­da sesja ma temat (np. hob­by, poszu­ki­wa­nie domu, ubra­nia itp.), któ­ry jest wspie­ra­ny słow­nic­twem, kar­ta­mi obraz­ko­wy­mi i fil­ma­mi, a następ­nie ćwi­czo­ny w małych dia­lo­gach. Celem jest swo­bod­ne mówie­nie. W zależ­no­ści od moty­wa­cji uczest­ni­ków moż­na rów­nież podać temat następ­nej sesji, aby ucznio­wie mogli stwo­rzyć mały dzien­nik słownictwa…</p>

Yolan­da i Lena zapra­sza­ją do kawiar­ni języ­ko­wej w Karlsruhe! Spo­ty­ka­my się co dwa tygo­dnie 📆 w piąt­ki o godzi­nie 16:00 wsali 📍Impact w Steamwork. Oso­by na wszyst­kich pozio­mach języ­ka nie­miec­kie­go&nbsp;czytaj więcej
