{"id":56288,"date":"2024-12-03T14:34:01","date_gmt":"2024-12-03T13:34:01","guid":{"rendered":"https:\/\/www.anika-net.de\/event\/elektroniczna-rejestracja-pobytu-w-karlsruhe\/"},"modified":"2025-04-17T15:39:25","modified_gmt":"2025-04-17T13:39:25","slug":"elektroniczna-rejestracja-pobytu-w-karlsruhe","status":"publish","type":"event","link":"https:\/\/www.anika-net.de\/pl\/event\/elektroniczna-rejestracja-pobytu-w-karlsruhe\/","title":{"rendered":"Elek\u00adtro\u00adnicz\u00adna reje\u00adstra\u00adcja poby\u00adtu w Karlsruhe"},"content":{"rendered":"<h1><span style=\"color: #800080;\">Elek\u00adtro\u00adnicz\u00adna reje\u00adstra\u00adcja poby\u00adtu w Karlsruhe<\/span><\/h1>\n<p>Ka\u017c\u00addy, kto wpro\u00adwa\u00addza si\u0119 do miesz\u00adka\u00adnia w Karls\u00adru\u00adhe, musi si\u0119 zare\u00adje\u00adstro\u00adwa\u0107. Teraz mo\u017c\u00adna sko\u00adrzy\u00adsta\u0107 z us\u0142u\u00adgi onli\u00adne: Elek\u00adtro\u00adnicz\u00adna reje\u00adstra\u00adcja pobytu.<\/p>\n<h2 class=\"wp-block-heading\"><a href=\"https:\/\/web1.karlsruhe.de\/service\/Buergerdienste\/leistung.php?id=6021869\" rel=\"noopener\"><span class=\"stk-highlight\">Zare\u00adje\u00adstruj swo\u00adj\u0105 rezy\u00adden\u00adcj\u0119 online<\/span><\/a><\/h2>\n<blockquote><p><em>\ud83d\udca1 Reje\u00adstra\u00adcja musi nast\u0105\u00adpi\u0107 w ci\u0105\u00adgu <strong>dw\u00f3ch tygo\u00addni od wpro\u00adwa\u00addze\u00adnia si\u0119.<\/strong> Je\u015bli nie zro\u00adbisz tego na czas,<\/em> mo\u017cesz zosta\u0107 uka\u00adra\u00adny grzywn\u0105.<\/p><\/blockquote>\n<h4><strong><span style=\"color: #008080;\">Wyj\u0105t\u00adki<\/span><\/strong><\/h4>\n<p>Reje\u00adstra\u00adcja nie jest wyma\u00adga\u00adna,&nbsp;je\u015bli<\/p>\n<ul>\n<li>Jeste\u015b ju\u017c zamel\u00addo\u00adwa\u00adny w Niem\u00adczech i miesz\u00adkasz w miesz\u00adka\u00adniu nie d\u0142u\u00ad\u017cej ni\u017c 6 miesi\u0119cy.<\/li>\n<li>Miesz\u00adkasz za gra\u00adni\u00adc\u0105 i prze\u00adby\u00adwasz w Niem\u00adczech nie d\u0142u\u00ad\u017cej ni\u017c 3 miesi\u0105ce.<\/li>\n<\/ul>\n<div>\n<h2><span style=\"color: #008080;\"><strong>Nowy dom?<\/strong> <\/span>\ud83c\udfe1<\/h2>\n<p><strong>W\u0142a\u00ad\u015bnie prze\u00adpro\u00adwa\u00addzi\u00ad\u0142e\u015b si\u0119 do Nie\u00admiec?<\/strong> \ud83d\udce6<br>\nTeraz mo\u017cesz zare\u00adje\u00adstro\u00adwa\u0107 sw\u00f3j nowy dom onli\u00adne i bezp\u0142atnie!<br>\nDzi\u0119\u00adki elek\u00adtro\u00adnicz\u00adnej reje\u00adstra\u00adcji poby\u00adtu mo\u017cesz po pro\u00adstu poin\u00adfor\u00admo\u00adwa\u0107 sw\u00f3j urz\u0105d mel\u00addun\u00adko\u00adwy o nowym adre\u00adsie zamiesz\u00adka\u00adnia onli\u00adne. \ud83d\udcf2 Nast\u0119p\u00adnie otrzy\u00admasz cyfro\u00adwe potwier\u00addze\u00adnie reje\u00adstra\u00adcji. <strong>\ud83d\udca1<\/strong> <strong>Nie jest ju\u017c koniecz\u00adne uda\u00adwa\u00adnie si\u0119 do odpo\u00adwied\u00adnie\u00adgo urz\u0119\u00addu<\/strong>.<\/p>\n<div>\n<p><span style=\"color: #008080;\"><strong>Jaki doku\u00adment powi\u00adnie\u00adnem zabra\u0107 ze sob\u0105 pod\u00adczas rejestracji?<\/strong><\/span><\/p>\n<ul class=\"wp-block-list\">\n<li><strong>Dow\u00f3d to\u017c\u00adsa\u00admo\u00ad\u015bci<\/strong> z akty\u00adwo\u00adwa\u00adn\u0105 funk\u00adcj\u0105<a href=\"https:\/\/www.personalausweisportal.de\/Webs\/PA-INFO\/Index.html\" rel=\"noopener\">iden\u00adty\u00adfi\u00adka\u00adcji onli\u00adne<\/a> wraz z kodem PIN<a href=\"https:\/\/www.personalausweisportal.de\/Webs\/PA-INFO\/Index.html\" rel=\"noopener\">(wi\u0119\u00adcej infor\u00adma\u00adcji na temat funk\u00adcji iden\u00adty\u00adfi\u00adka\u00adcji onli\u00adne<\/a>) lub kar\u00adta&nbsp;eID<\/li>\n<li>Pasz\u00adport zagra\u00adnicz\u00adny (je\u015bli jest dost\u0119pny)<\/li>\n<li>Smart\u00adfon z obs\u0142u\u00adg\u0105 NFC lub czyt\u00adnik kart&nbsp;USB<\/li>\n<li>Apli\u00adka\u00adcja ID<a href=\"https:\/\/www.ausweisapp.bund.de\/home\" rel=\"noopener\">card (wi\u0119\u00adcej infor\u00adma\u00adcji o apli\u00adka\u00adcji ID card<\/a>) na kom\u00adpu\u00adter lub smartfon<\/li>\n<li>Potwier\u00addze\u00adnie miej\u00adsca zamiesz\u00adka\u00adnia od wynaj\u00admu\u00adj\u0105\u00adce\u00adgo (np. umo\u00adwa&nbsp;najmu)<\/li>\n<\/ul>\n<\/div>\n<p>Mo\u017cesz r\u00f3w\u00adnie\u017c sko\u00adrzy\u00adsta\u0107 z us\u0142u\u00adgi onli\u00adne, aby zak\u00adtu\u00adali\u00adzo\u00adwa\u0107 sw\u00f3j dow\u00f3d oso\u00adbi\u00adsty, pasz\u00adport lub kar\u00adt\u0119&nbsp;eID.<br>\nNaj\u00ad\u0142a\u00adtwiej jest to zro\u00adbi\u0107 za pomo\u00adc\u0105 smartfona.&nbsp;\ud83d\udcf2<\/p>\n<\/div>\n<p><span style=\"color: #008080;\"><strong>Kosz\u00adty<\/strong><\/span><br>\nBrak<\/p>\n","protected":false},"author":12,"featured_media":46106,"template":"","class_list":["post-56288","event","type-event","status-publish","has-post-thumbnail","hentry","event_category-zakwaterowanie"],"acf":{"event-recurring":true,"event-category":265,"event-is-language-course":false,"event-recurring-still-active":true,"event-display-details":true,"event-schedules-recurring":null,"event-schedules-calendar":null,"event-is-online":false,"event-online-url":"","event-location-building":"B\u00fcrgerb\u00fcro K8","event-location-street":"Kaiserallee 8","event-location-zip":"76133","event-location-city":"Karlsruhe","event-location-contact-person":"","event-location-phone":"115","event-location-phone-2":"","event-location-mail":"buergerdienste@oa.karlsruhe.de","event-location-mail-2":"","event-location-website":"https:\/\/web1.karlsruhe.de\/service\/Buergerdienste\/leistung.php?id=6002495","event-target-group":[{"target-group":"all"}],"event-target-group-comment":"","event-free":true,"event-organiser":[1639],"event-header-copyright-overlay":true,"event-copyright-note-description-end":true},"featured_image_urls_v2":{"full":["https:\/\/www.anika-net.de\/wp-content\/uploads\/2019\/02\/Freepik.jpg",2000,2000,false],"thumbnail":["https:\/\/www.anika-net.de\/wp-content\/uploads\/2019\/02\/Freepik-150x150.jpg",150,150,true],"medium":["https:\/\/www.anika-net.de\/wp-content\/uploads\/2019\/02\/Freepik-300x300.jpg",300,300,true],"medium_large":["https:\/\/www.anika-net.de\/wp-content\/uploads\/2019\/02\/Freepik-768x768.jpg",640,640,true],"large":["https:\/\/www.anika-net.de\/wp-content\/uploads\/2019\/02\/Freepik-1024x1024.jpg",640,640,true],"1536x1536":["https:\/\/www.anika-net.de\/wp-content\/uploads\/2019\/02\/Freepik-1536x1536.jpg",1536,1536,true],"2048x2048":["https:\/\/www.anika-net.de\/wp-content\/uploads\/2019\/02\/Freepik.jpg",2000,2000,false],"event-overview":["https:\/\/www.anika-net.de\/wp-content\/uploads\/2019\/02\/Freepik-960x640.jpg",960,640,true],"event-archive-thumb":["https:\/\/www.anika-net.de\/wp-content\/uploads\/2019\/02\/Freepik-480x480.jpg",480,480,true],"grid-item-thumbnail":["https:\/\/www.anika-net.de\/wp-content\/uploads\/2019\/02\/Freepik-360x200.jpg",360,200,true],"network-partner-icon":["https:\/\/www.anika-net.de\/wp-content\/uploads\/2019\/02\/Freepik-100x100.jpg",100,100,true],"organiser-icon":["https:\/\/www.anika-net.de\/wp-content\/uploads\/2019\/02\/Freepik-200x200.jpg",200,200,true],"gform-image-choice-sm":["https:\/\/www.anika-net.de\/wp-content\/uploads\/2019\/02\/Freepik.jpg",300,300,false],"gform-image-choice-md":["https:\/\/www.anika-net.de\/wp-content\/uploads\/2019\/02\/Freepik.jpg",400,400,false],"gform-image-choice-lg":["https:\/\/www.anika-net.de\/wp-content\/uploads\/2019\/02\/Freepik.jpg",600,600,false]},"post_excerpt_stackable_v2":"<p>Elek\u00adtro\u00adnicz\u00adna reje\u00adstra\u00adcja poby\u00adtu w Karls\u00adru\u00adhe Ka\u017c\u00addy, kto wpro\u00adwa\u00addza si\u0119 do miesz\u00adka\u00adnia w Karls\u00adru\u00adhe, musi si\u0119 zare\u00adje\u00adstro\u00adwa\u0107. Teraz mo\u017c\u00adna sko\u00adrzy\u00adsta\u0107 z us\u0142u\u00adgi onli\u00adne: Elek\u00adtro\u00adnicz\u00adna reje\u00adstra\u00adcja poby\u00adtu. Zare\u00adje\u00adstruj swo\u00adj\u0105 rezy\u00adden\u00adcj\u0119 onli\u00adne \ud83d\udca1 Reje\u00adstra\u00adcja musi nast\u0105\u00adpi\u0107 w ci\u0105\u00adgu dw\u00f3ch tygo\u00addni od wpro\u00adwa\u00addze\u00adnia si\u0119. Je\u015bli nie zro\u00adbisz tego na czas, mo\u017cesz zosta\u0107 uka\u00adra\u00adny grzyw\u00adn\u0105. Wyj\u0105t\u00adki Reje\u00adstra\u00adcja nie jest wyma\u00adga\u00adna,&nbsp;je\u015bli Jeste\u015b ju\u017c zamel\u00addo\u00adwa\u00adny w Niem\u00adczech i miesz\u00adkasz w miesz\u00adka\u00adniu nie d\u0142u\u00ad\u017cej ni\u017c 6 mie\u00adsi\u0119\u00adcy. Miesz\u00adkasz za gra\u00adni\u00adc\u0105 i prze\u00adby\u00adwasz w Niem\u00adczech nie d\u0142u\u00ad\u017cej ni\u017c 3 mie\u00adsi\u0105\u00adce. Nowy dom? \ud83c\udfe1 W\u0142a\u00ad\u015bnie prze\u00adpro\u00adwa\u00addzi\u00ad\u0142e\u015b si\u0119 do Nie\u00admiec? \ud83d\udce6 Teraz mo\u017cesz zare\u00adje\u00adstro\u00adwa\u0107 sw\u00f3j nowy dom onli\u00adne i bez\u00adp\u0142at\u00adnie! Dzi\u0119ki\u2026<\/p>\n","category_list_v2":"","author_info_v2":{"name":"Andrea Ramirez","url":"https:\/\/www.anika-net.de\/pl\/author\/andrea-ramirez\/"},"comments_num_v2":"0 comments","uagb_featured_image_src":{"full":["https:\/\/www.anika-net.de\/wp-content\/uploads\/2019\/02\/Freepik.jpg",2000,2000,false],"thumbnail":["https:\/\/www.anika-net.de\/wp-content\/uploads\/2019\/02\/Freepik-150x150.jpg",150,150,true],"medium":["https:\/\/www.anika-net.de\/wp-content\/uploads\/2019\/02\/Freepik-300x300.jpg",300,300,true],"medium_large":["https:\/\/www.anika-net.de\/wp-content\/uploads\/2019\/02\/Freepik-768x768.jpg",640,640,true],"large":["https:\/\/www.anika-net.de\/wp-content\/uploads\/2019\/02\/Freepik-1024x1024.jpg",640,640,true],"1536x1536":["https:\/\/www.anika-net.de\/wp-content\/uploads\/2019\/02\/Freepik-1536x1536.jpg",1536,1536,true],"2048x2048":["https:\/\/www.anika-net.de\/wp-content\/uploads\/2019\/02\/Freepik.jpg",2000,2000,false],"event-overview":["https:\/\/www.anika-net.de\/wp-content\/uploads\/2019\/02\/Freepik-960x640.jpg",960,640,true],"event-archive-thumb":["https:\/\/www.anika-net.de\/wp-content\/uploads\/2019\/02\/Freepik-480x480.jpg",480,480,true],"grid-item-thumbnail":["https:\/\/www.anika-net.de\/wp-content\/uploads\/2019\/02\/Freepik-360x200.jpg",360,200,true],"network-partner-icon":["https:\/\/www.anika-net.de\/wp-content\/uploads\/2019\/02\/Freepik-100x100.jpg",100,100,true],"organiser-icon":["https:\/\/www.anika-net.de\/wp-content\/uploads\/2019\/02\/Freepik-200x200.jpg",200,200,true],"gform-image-choice-sm":["https:\/\/www.anika-net.de\/wp-content\/uploads\/2019\/02\/Freepik.jpg",300,300,false],"gform-image-choice-md":["https:\/\/www.anika-net.de\/wp-content\/uploads\/2019\/02\/Freepik.jpg",400,400,false],"gform-image-choice-lg":["https:\/\/www.anika-net.de\/wp-content\/uploads\/2019\/02\/Freepik.jpg",600,600,false]},"uagb_author_info":{"display_name":"Andrea Ramirez","author_link":"https:\/\/www.anika-net.de\/pl\/author\/andrea-ramirez\/"},"uagb_comment_info":0,"uagb_excerpt":"Elek\u00adtro\u00adnicz\u00adna reje\u00adstra\u00adcja poby\u00adtu w Karlsruhe Ka\u017c\u00addy, kto wpro\u00adwa\u00addza si\u0119 do miesz\u00adka\u00adnia w Karls\u00adru\u00adhe, musi si\u0119 zare\u00adje\u00adstro\u00adwa\u0107. Teraz mo\u017c\u00adna sko\u00adrzy\u00adsta\u0107 z us\u0142u\u00adgi onli\u00adne: Elek\u00adtro\u00adnicz\u00adna reje\u00adstra\u00adcja pobytu. Zare\u00adje\u00adstruj swo\u00adj\u0105 rezy\u00adden\u00adcj\u0119 online \ud83d\udca1&nbsp;czytaj wi\u0119cej","_links":{"self":[{"href":"https:\/\/www.anika-net.de\/pl\/wp-json\/wp\/v2\/event\/56288","targetHints":{"allow":["GET"]}}],"collection":[{"href":"https:\/\/www.anika-net.de\/pl\/wp-json\/wp\/v2\/event"}],"about":[{"href":"https:\/\/www.anika-net.de\/pl\/wp-json\/wp\/v2\/types\/event"}],"author":[{"embeddable":true,"href":"https:\/\/www.anika-net.de\/pl\/wp-json\/wp\/v2\/users\/12"}],"version-history":[{"count":1,"href":"https:\/\/www.anika-net.de\/pl\/wp-json\/wp\/v2\/event\/56288\/revisions"}],"predecessor-version":[{"id":60844,"href":"https:\/\/www.anika-net.de\/pl\/wp-json\/wp\/v2\/event\/56288\/revisions\/60844"}],"acf:post":[{"embeddable":true,"href":"https:\/\/www.anika-net.de\/pl\/wp-json\/wp\/v2\/organiser\/1639"}],"acf:term":[{"embeddable":true,"taxonomy":"event_category","href":"https:\/\/www.anika-net.de\/pl\/wp-json\/wp\/v2\/event_category\/265"}],"wp:featuredmedia":[{"embeddable":true,"href":"https:\/\/www.anika-net.de\/pl\/wp-json\/wp\/v2\/media\/46106"}],"wp:attachment":[{"href":"https:\/\/www.anika-net.de\/pl\/wp-json\/wp\/v2\/media?parent=56288"}],"curies":[{"name":"wp","href":"https:\/\/api.w.org\/{rel}","templated":true}]}}

<h1><span style="color: #800080;">Elek­tro­nicz­na reje­stra­cja poby­tu w Karlsruhe</span></h1>
<p>Każ­dy, kto wpro­wa­dza się do miesz­ka­nia w Karls­ru­he, musi się zare­je­stro­wać. Teraz moż­na sko­rzy­stać z usłu­gi onli­ne: Elek­tro­nicz­na reje­stra­cja pobytu.</p>
<h2 class="wp-block-heading"><a href="https://web1.karlsruhe.de/service/Buergerdienste/leistung.php?id=6021869" rel="noopener"><span class="stk-highlight">Zare­je­struj swo­ją rezy­den­cję online</span></a></h2>
<blockquote><p><em>💡 Reje­stra­cja musi nastą­pić w cią­gu <strong>dwóch tygo­dni od wpro­wa­dze­nia się.</strong> Jeśli nie zro­bisz tego na czas,</em> możesz zostać uka­ra­ny grzywną.</p></blockquote>
<h4><strong><span style="color: #008080;">Wyjąt­ki</span></strong></h4>
<p>Reje­stra­cja nie jest wyma­ga­na,&nbsp;jeśli</p>
<ul>
<li>Jesteś już zamel­do­wa­ny w Niem­czech i miesz­kasz w miesz­ka­niu nie dłu­żej niż 6 miesięcy.</li>
<li>Miesz­kasz za gra­ni­cą i prze­by­wasz w Niem­czech nie dłu­żej niż 3 miesiące.</li>
</ul>
<div>
<h2><span style="color: #008080;"><strong>Nowy dom?</strong> </span>🏡</h2>
<p><strong>Wła­śnie prze­pro­wa­dzi­łeś się do Nie­miec?</strong> 📦<br>
Teraz możesz zare­je­stro­wać swój nowy dom onli­ne i bezpłatnie!<br>
Dzię­ki elek­tro­nicz­nej reje­stra­cji poby­tu możesz po pro­stu poin­for­mo­wać swój urząd mel­dun­ko­wy o nowym adre­sie zamiesz­ka­nia onli­ne. 📲 Następ­nie otrzy­masz cyfro­we potwier­dze­nie reje­stra­cji. <strong>💡</strong> <strong>Nie jest już koniecz­ne uda­wa­nie się do odpo­wied­nie­go urzę­du</strong>.</p>
<div>
<p><span style="color: #008080;"><strong>Jaki doku­ment powi­nie­nem zabrać ze sobą pod­czas rejestracji?</strong></span></p>
<ul class="wp-block-list">
<li><strong>Dowód toż­sa­mo­ści</strong> z akty­wo­wa­ną funk­cją<a href="https://www.personalausweisportal.de/Webs/PA-INFO/Index.html" rel="noopener">iden­ty­fi­ka­cji onli­ne</a> wraz z kodem PIN<a href="https://www.personalausweisportal.de/Webs/PA-INFO/Index.html" rel="noopener">(wię­cej infor­ma­cji na temat funk­cji iden­ty­fi­ka­cji onli­ne</a>) lub kar­ta&nbsp;eID</li>
<li>Pasz­port zagra­nicz­ny (jeśli jest dostępny)</li>
<li>Smart­fon z obsłu­gą NFC lub czyt­nik kart&nbsp;USB</li>
<li>Apli­ka­cja ID<a href="https://www.ausweisapp.bund.de/home" rel="noopener">card (wię­cej infor­ma­cji o apli­ka­cji ID card</a>) na kom­pu­ter lub smartfon</li>
<li>Potwier­dze­nie miej­sca zamiesz­ka­nia od wynaj­mu­ją­ce­go (np. umo­wa&nbsp;najmu)</li>
</ul>
</div>
<p>Możesz rów­nież sko­rzy­stać z usłu­gi onli­ne, aby zak­tu­ali­zo­wać swój dowód oso­bi­sty, pasz­port lub kar­tę&nbsp;eID.<br>
Naj­ła­twiej jest to zro­bić za pomo­cą smartfona.&nbsp;📲</p>
</div>
<p><span style="color: #008080;"><strong>Kosz­ty</strong></span><br>
Brak</p>

Bürgerbüro K8

<p>Elek­tro­nicz­na reje­stra­cja poby­tu w Karls­ru­he Każ­dy, kto wpro­wa­dza się do miesz­ka­nia w Karls­ru­he, musi się zare­je­stro­wać. Teraz moż­na sko­rzy­stać z usłu­gi onli­ne: Elek­tro­nicz­na reje­stra­cja poby­tu. Zare­je­struj swo­ją rezy­den­cję onli­ne 💡 Reje­stra­cja musi nastą­pić w cią­gu dwóch tygo­dni od wpro­wa­dze­nia się. Jeśli nie zro­bisz tego na czas, możesz zostać uka­ra­ny grzyw­ną. Wyjąt­ki Reje­stra­cja nie jest wyma­ga­na,&nbsp;jeśli Jesteś już zamel­do­wa­ny w Niem­czech i miesz­kasz w miesz­ka­niu nie dłu­żej niż 6 mie­się­cy. Miesz­kasz za gra­ni­cą i prze­by­wasz w Niem­czech nie dłu­żej niż 3 mie­sią­ce. Nowy dom? 🏡 Wła­śnie prze­pro­wa­dzi­łeś się do Nie­miec? 📦 Teraz możesz zare­je­stro­wać swój nowy dom onli­ne i bez­płat­nie! Dzięki…</p>

Elek­tro­nicz­na reje­stra­cja poby­tu w Karlsruhe Każ­dy, kto wpro­wa­dza się do miesz­ka­nia w Karls­ru­he, musi się zare­je­stro­wać. Teraz moż­na sko­rzy­stać z usłu­gi onli­ne: Elek­tro­nicz­na reje­stra­cja pobytu. Zare­je­struj swo­ją rezy­den­cję online 💡&nbsp;czytaj więcej
