{"id":55450,"date":"2024-11-14T12:31:19","date_gmt":"2024-11-14T11:31:19","guid":{"rendered":"https:\/\/www.anika-net.de\/event\/lokale-agenda-21-karlsruhe\/"},"modified":"2025-04-17T15:40:51","modified_gmt":"2025-04-17T13:40:51","slug":"lokale-agenda-21-karlsruhe","status":"publish","type":"event","link":"https:\/\/www.anika-net.de\/pl\/event\/lokale-agenda-21-karlsruhe\/","title":{"rendered":"Loka\u00adle Agen\u00adda 21 Karlsruhe"},"content":{"rendered":"<blockquote>\n<h2><strong><span style=\"color: #333399;\"><span style=\"color: #008080;\">Loka\u00adle Agen\u00adda 21 Karls\u00adru\u00adhe<\/span> wspie\u00adra oby\u00adwa\u00adte\u00adli w reali\u00adza\u00adcji ich pro\u00adjek\u00adt\u00f3w i w public rela\u00adtions. Wdra\u00ad\u017ca r\u00f3w\u00adnie\u017c w\u0142a\u00adsne pro\u00adjek\u00adty i zawsze ch\u0119t\u00adnie us\u0142y\u00adszy od cie\u00adbie i otrzy\u00adma nowe pomy\u00ads\u0142y <\/span>.<\/strong><\/h2>\n<\/blockquote>\n<p>Zaan\u00adga\u00ad\u017co\u00adwa\u00adnie w zr\u00f3w\u00adno\u00adwa\u00ad\u017co\u00adny i przy\u00adsz\u0142o\u00ad\u015bcio\u00adwy roz\u00adw\u00f3j Karls\u00adru\u00adhe, a tak\u00ad\u017ce w zr\u00f3w\u00adno\u00adwa\u00ad\u017co\u00adny roz\u00adw\u00f3j na ca\u0142ym \u015bwie\u00adcie, jest w Karls\u00adru\u00adhe ogrom\u00adne \u2014 zar\u00f3w\u00adno w\u015br\u00f3d miesz\u00adka\u0144\u00adc\u00f3w, jak i ze stro\u00adny admi\u00adni\u00adstra\u00adcji mia\u00adsta. Pod para\u00adso\u00adlem Lokal\u00adnej Agen\u00addy 21 licz\u00adne gru\u00adpy robo\u00adcze, ini\u00adcja\u00adty\u00adwy, sto\u00adwa\u00adrzy\u00adsze\u00adnia i oso\u00adby pry\u00adwat\u00adne s\u0105 zaan\u00adga\u00ad\u017co\u00adwa\u00adne w reali\u00adza\u00adcj\u0119 17 cel\u00f3w Agen\u00addy 2030 ONZ i zaj\u00admu\u00adj\u0105 si\u0119 taki\u00admi tema\u00adta\u00admi jak ochro\u00adna kli\u00adma\u00adtu, One World, zr\u00f3w\u00adno\u00adwa\u00ad\u017co\u00adna kon\u00adsump\u00adcja i mobil\u00adno\u015b\u0107. Apli\u00adka\u00adcja inter\u00adne\u00adto\u00adwa \u201c<span style=\"color: #008080;\"><strong>Agen\u00adda 2030 \u2014 Zr\u00f3w\u00adno\u00adwa\u00ad\u017co\u00adny roz\u00adw\u00f3j w Karls\u00adru\u00adhe<\/strong><\/span>\u201d: <a href=\"https:\/\/geoportal.karlsruhe.de\/agenda2030\/\" target=\"_blank\" rel=\"noopener\">https:\/\/geoportal.karlsruhe.de\/agenda2030\/<\/a> zapew\u00adnia wst\u0119p\u00adny prze\u00adgl\u0105d r\u00f3\u017c\u00adno\u00adrod\u00adne\u00adgo kra\u00adjo\u00adbra\u00adzu pod\u00admio\u00adt\u00f3w, a tak\u00ad\u017ce mo\u017c\u00adli\u00adwo\u00ad\u015bci zr\u00f3w\u00adno\u00adwa\u00ad\u017co\u00adnych zaku\u00adp\u00f3w w Karlsruhe.<\/p>\n","protected":false},"author":12,"featured_media":51485,"template":"","class_list":["post-55450","event","type-event","status-publish","has-post-thumbnail","hentry","event_category-rekreacja"],"acf":{"event-recurring":true,"event-category":184,"event-is-language-course":false,"event-recurring-still-active":true,"event-display-details":true,"event-schedules-recurring":null,"event-schedules-calendar":null,"event-is-online":false,"event-online-url":"","event-location-building":"Agendab\u00fcro","event-location-street":"Markgrafenstra\u00dfe 14","event-location-zip":"76131","event-location-city":"Karlsruhe","event-location-contact-person":"","event-location-phone":"0721\/133 3118","event-location-phone-2":"","event-location-mail":"agenda21@karlsruhe.de","event-location-mail-2":"","event-location-website":"https:\/\/www.agenda21-karlsruhe.de\/home","event-target-group":[{"target-group":"all"}],"event-target-group-comment":"","event-free":true,"event-organiser":[8738],"event-header-copyright-overlay":true,"event-copyright-note-description-end":false},"featured_image_urls_v2":{"full":["https:\/\/www.anika-net.de\/wp-content\/uploads\/2020\/07\/Agenda-21.png",1131,306,false],"thumbnail":["https:\/\/www.anika-net.de\/wp-content\/uploads\/2020\/07\/Agenda-21-150x150.png",150,150,true],"medium":["https:\/\/www.anika-net.de\/wp-content\/uploads\/2020\/07\/Agenda-21-300x81.png",300,81,true],"medium_large":["https:\/\/www.anika-net.de\/wp-content\/uploads\/2020\/07\/Agenda-21-768x208.png",640,173,true],"large":["https:\/\/www.anika-net.de\/wp-content\/uploads\/2020\/07\/Agenda-21-1024x277.png",640,173,true],"1536x1536":["https:\/\/www.anika-net.de\/wp-content\/uploads\/2020\/07\/Agenda-21.png",1131,306,false],"2048x2048":["https:\/\/www.anika-net.de\/wp-content\/uploads\/2020\/07\/Agenda-21.png",1131,306,false],"event-overview":["https:\/\/www.anika-net.de\/wp-content\/uploads\/2020\/07\/Agenda-21-960x306.png",960,306,true],"event-archive-thumb":["https:\/\/www.anika-net.de\/wp-content\/uploads\/2020\/07\/Agenda-21-480x130.png",480,130,true],"grid-item-thumbnail":["https:\/\/www.anika-net.de\/wp-content\/uploads\/2020\/07\/Agenda-21-360x200.png",360,200,true],"network-partner-icon":["https:\/\/www.anika-net.de\/wp-content\/uploads\/2020\/07\/Agenda-21-100x100.png",100,100,true],"organiser-icon":["https:\/\/www.anika-net.de\/wp-content\/uploads\/2020\/07\/Agenda-21-200x200.png",200,200,true],"gform-image-choice-sm":["https:\/\/www.anika-net.de\/wp-content\/uploads\/2020\/07\/Agenda-21.png",300,81,false],"gform-image-choice-md":["https:\/\/www.anika-net.de\/wp-content\/uploads\/2020\/07\/Agenda-21.png",400,108,false],"gform-image-choice-lg":["https:\/\/www.anika-net.de\/wp-content\/uploads\/2020\/07\/Agenda-21.png",600,162,false]},"post_excerpt_stackable_v2":"<p>Loka\u00adle Agen\u00adda 21 Karls\u00adru\u00adhe wspie\u00adra oby\u00adwa\u00adte\u00adli w reali\u00adza\u00adcji ich pro\u00adjek\u00adt\u00f3w i w public rela\u00adtions. Wdra\u00ad\u017ca r\u00f3w\u00adnie\u017c w\u0142a\u00adsne pro\u00adjek\u00adty i zawsze ch\u0119t\u00adnie us\u0142y\u00adszy od cie\u00adbie i otrzy\u00adma nowe pomy\u00ads\u0142y . Zaan\u00adga\u00ad\u017co\u00adwa\u00adnie w zr\u00f3w\u00adno\u00adwa\u00ad\u017co\u00adny i przy\u00adsz\u0142o\u00ad\u015bcio\u00adwy roz\u00adw\u00f3j Karls\u00adru\u00adhe, a tak\u00ad\u017ce w zr\u00f3w\u00adno\u00adwa\u00ad\u017co\u00adny roz\u00adw\u00f3j na ca\u0142ym \u015bwie\u00adcie, jest w Karls\u00adru\u00adhe ogrom\u00adne \u2014 zar\u00f3w\u00adno w\u015br\u00f3d miesz\u00adka\u0144\u00adc\u00f3w, jak i ze stro\u00adny admi\u00adni\u00adstra\u00adcji mia\u00adsta. Pod para\u00adso\u00adlem Lokal\u00adnej Agen\u00addy 21 licz\u00adne gru\u00adpy robo\u00adcze, ini\u00adcja\u00adty\u00adwy, sto\u00adwa\u00adrzy\u00adsze\u00adnia i oso\u00adby pry\u00adwat\u00adne s\u0105 zaan\u00adga\u00ad\u017co\u00adwa\u00adne w reali\u00adza\u00adcj\u0119 17 cel\u00f3w Agen\u00addy 2030 ONZ i zaj\u00admu\u00adj\u0105 si\u0119 taki\u00admi tema\u00adta\u00admi jak ochro\u00adna kli\u00adma\u00adtu, One World, zr\u00f3w\u00adno\u00adwa\u00ad\u017co\u00adna kon\u00adsump\u00adcja i mobil\u00adno\u015b\u0107. Apli\u00adka\u00adcja inter\u00adne\u00adto\u00adwa \u201cAgen\u00adda 2030 \u2014 Zr\u00f3wnowa\u017cony\u2026<\/p>\n","category_list_v2":"","author_info_v2":{"name":"Andrea Ramirez","url":"https:\/\/www.anika-net.de\/pl\/author\/andrea-ramirez\/"},"comments_num_v2":"0 comments","uagb_featured_image_src":{"full":["https:\/\/www.anika-net.de\/wp-content\/uploads\/2020\/07\/Agenda-21.png",1131,306,false],"thumbnail":["https:\/\/www.anika-net.de\/wp-content\/uploads\/2020\/07\/Agenda-21-150x150.png",150,150,true],"medium":["https:\/\/www.anika-net.de\/wp-content\/uploads\/2020\/07\/Agenda-21-300x81.png",300,81,true],"medium_large":["https:\/\/www.anika-net.de\/wp-content\/uploads\/2020\/07\/Agenda-21-768x208.png",640,173,true],"large":["https:\/\/www.anika-net.de\/wp-content\/uploads\/2020\/07\/Agenda-21-1024x277.png",640,173,true],"1536x1536":["https:\/\/www.anika-net.de\/wp-content\/uploads\/2020\/07\/Agenda-21.png",1131,306,false],"2048x2048":["https:\/\/www.anika-net.de\/wp-content\/uploads\/2020\/07\/Agenda-21.png",1131,306,false],"event-overview":["https:\/\/www.anika-net.de\/wp-content\/uploads\/2020\/07\/Agenda-21-960x306.png",960,306,true],"event-archive-thumb":["https:\/\/www.anika-net.de\/wp-content\/uploads\/2020\/07\/Agenda-21-480x130.png",480,130,true],"grid-item-thumbnail":["https:\/\/www.anika-net.de\/wp-content\/uploads\/2020\/07\/Agenda-21-360x200.png",360,200,true],"network-partner-icon":["https:\/\/www.anika-net.de\/wp-content\/uploads\/2020\/07\/Agenda-21-100x100.png",100,100,true],"organiser-icon":["https:\/\/www.anika-net.de\/wp-content\/uploads\/2020\/07\/Agenda-21-200x200.png",200,200,true],"gform-image-choice-sm":["https:\/\/www.anika-net.de\/wp-content\/uploads\/2020\/07\/Agenda-21.png",300,81,false],"gform-image-choice-md":["https:\/\/www.anika-net.de\/wp-content\/uploads\/2020\/07\/Agenda-21.png",400,108,false],"gform-image-choice-lg":["https:\/\/www.anika-net.de\/wp-content\/uploads\/2020\/07\/Agenda-21.png",600,162,false]},"uagb_author_info":{"display_name":"Andrea Ramirez","author_link":"https:\/\/www.anika-net.de\/pl\/author\/andrea-ramirez\/"},"uagb_comment_info":0,"uagb_excerpt":"Loka\u00adle Agen\u00adda 21 Karls\u00adru\u00adhe wspie\u00adra oby\u00adwa\u00adte\u00adli w reali\u00adza\u00adcji ich pro\u00adjek\u00adt\u00f3w i w public rela\u00adtions. Wdra\u00ad\u017ca r\u00f3w\u00adnie\u017c w\u0142a\u00adsne pro\u00adjek\u00adty i zawsze ch\u0119t\u00adnie us\u0142y\u00adszy od cie\u00adbie i otrzy\u00adma nowe pomy\u00ads\u0142y . Zaan\u00adga\u00ad\u017co\u00adwa\u00adnie&nbsp;czytaj wi\u0119cej","_links":{"self":[{"href":"https:\/\/www.anika-net.de\/pl\/wp-json\/wp\/v2\/event\/55450","targetHints":{"allow":["GET"]}}],"collection":[{"href":"https:\/\/www.anika-net.de\/pl\/wp-json\/wp\/v2\/event"}],"about":[{"href":"https:\/\/www.anika-net.de\/pl\/wp-json\/wp\/v2\/types\/event"}],"author":[{"embeddable":true,"href":"https:\/\/www.anika-net.de\/pl\/wp-json\/wp\/v2\/users\/12"}],"version-history":[{"count":1,"href":"https:\/\/www.anika-net.de\/pl\/wp-json\/wp\/v2\/event\/55450\/revisions"}],"predecessor-version":[{"id":60861,"href":"https:\/\/www.anika-net.de\/pl\/wp-json\/wp\/v2\/event\/55450\/revisions\/60861"}],"acf:post":[{"embeddable":true,"href":"https:\/\/www.anika-net.de\/pl\/wp-json\/wp\/v2\/organiser\/8738"}],"acf:term":[{"embeddable":true,"taxonomy":"event_category","href":"https:\/\/www.anika-net.de\/pl\/wp-json\/wp\/v2\/event_category\/184"}],"wp:featuredmedia":[{"embeddable":true,"href":"https:\/\/www.anika-net.de\/pl\/wp-json\/wp\/v2\/media\/51485"}],"wp:attachment":[{"href":"https:\/\/www.anika-net.de\/pl\/wp-json\/wp\/v2\/media?parent=55450"}],"curies":[{"name":"wp","href":"https:\/\/api.w.org\/{rel}","templated":true}]}}

<blockquote>
<h2><strong><span style="color: #333399;"><span style="color: #008080;">Loka­le Agen­da 21 Karls­ru­he</span> wspie­ra oby­wa­te­li w reali­za­cji ich pro­jek­tów i w public rela­tions. Wdra­ża rów­nież wła­sne pro­jek­ty i zawsze chęt­nie usły­szy od cie­bie i otrzy­ma nowe pomy­sły </span>.</strong></h2>
</blockquote>
<p>Zaan­ga­żo­wa­nie w zrów­no­wa­żo­ny i przy­szło­ścio­wy roz­wój Karls­ru­he, a tak­że w zrów­no­wa­żo­ny roz­wój na całym świe­cie, jest w Karls­ru­he ogrom­ne — zarów­no wśród miesz­kań­ców, jak i ze stro­ny admi­ni­stra­cji mia­sta. Pod para­so­lem Lokal­nej Agen­dy 21 licz­ne gru­py robo­cze, ini­cja­ty­wy, sto­wa­rzy­sze­nia i oso­by pry­wat­ne są zaan­ga­żo­wa­ne w reali­za­cję 17 celów Agen­dy 2030 ONZ i zaj­mu­ją się taki­mi tema­ta­mi jak ochro­na kli­ma­tu, One World, zrów­no­wa­żo­na kon­sump­cja i mobil­ność. Apli­ka­cja inter­ne­to­wa “<span style="color: #008080;"><strong>Agen­da 2030 — Zrów­no­wa­żo­ny roz­wój w Karls­ru­he</strong></span>”: <a href="https://geoportal.karlsruhe.de/agenda2030/" target="_blank" rel="noopener">https://geoportal.karlsruhe.de/agenda2030/</a> zapew­nia wstęp­ny prze­gląd róż­no­rod­ne­go kra­jo­bra­zu pod­mio­tów, a tak­że moż­li­wo­ści zrów­no­wa­żo­nych zaku­pów w Karlsruhe.</p>

Agendabüro

Markgrafenstraße 14

<p>Loka­le Agen­da 21 Karls­ru­he wspie­ra oby­wa­te­li w reali­za­cji ich pro­jek­tów i w public rela­tions. Wdra­ża rów­nież wła­sne pro­jek­ty i zawsze chęt­nie usły­szy od cie­bie i otrzy­ma nowe pomy­sły . Zaan­ga­żo­wa­nie w zrów­no­wa­żo­ny i przy­szło­ścio­wy roz­wój Karls­ru­he, a tak­że w zrów­no­wa­żo­ny roz­wój na całym świe­cie, jest w Karls­ru­he ogrom­ne — zarów­no wśród miesz­kań­ców, jak i ze stro­ny admi­ni­stra­cji mia­sta. Pod para­so­lem Lokal­nej Agen­dy 21 licz­ne gru­py robo­cze, ini­cja­ty­wy, sto­wa­rzy­sze­nia i oso­by pry­wat­ne są zaan­ga­żo­wa­ne w reali­za­cję 17 celów Agen­dy 2030 ONZ i zaj­mu­ją się taki­mi tema­ta­mi jak ochro­na kli­ma­tu, One World, zrów­no­wa­żo­na kon­sump­cja i mobil­ność. Apli­ka­cja inter­ne­to­wa “Agen­da 2030 — Zrównoważony…</p>

Loka­le Agen­da 21 Karls­ru­he wspie­ra oby­wa­te­li w reali­za­cji ich pro­jek­tów i w public rela­tions. Wdra­ża rów­nież wła­sne pro­jek­ty i zawsze chęt­nie usły­szy od cie­bie i otrzy­ma nowe pomy­sły . Zaan­ga­żo­wa­nie&nbsp;czytaj więcej
