{"id":55269,"date":"2024-11-13T11:34:37","date_gmt":"2024-11-13T10:34:37","guid":{"rendered":"https:\/\/www.anika-net.de\/event\/rowery-bez-granic\/"},"modified":"2025-04-17T15:33:08","modified_gmt":"2025-04-17T13:33:08","slug":"rowery-bez-granic","status":"publish","type":"event","link":"https:\/\/www.anika-net.de\/pl\/event\/rowery-bez-granic\/","title":{"rendered":"Rowe\u00adry bez granic"},"content":{"rendered":"<h3><span style=\"color: #666699;\">Dwu\u00adko\u00ad\u0142ow\u00adce mobi\u00adli\u00adzu\u00adj\u0105&nbsp;ludzi&nbsp;\ud83d\udeb2<br>\n<\/span><\/h3>\n<h1><span style=\"color: #ffcc00;\">Rowe\u00adry bez granic<\/span><\/h1>\n<p>Pro\u00adjekt Bikes Witho\u00adut Bor\u00adders zosta\u0142 uru\u00adcho\u00admio\u00adny w lip\u00adcu 2012 roku w celu wspie\u00adra\u00adnia uchod\u017a\u00adc\u00f3w w Karls\u00adru\u00adhe poprzez wypo\u00ad\u017cy\u00adcza\u00adnie rowe\u00adr\u00f3w. Zain\u00adte\u00adre\u00adso\u00adwa\u00adne oso\u00adby s\u0105 r\u00f3w\u00adnie\u017c szko\u00adlo\u00adne w zakre\u00adsie napra\u00adwy rowe\u00adr\u00f3w i w\u0142\u0105\u00adcza\u00adne do pra\u00adcy nad pro\u00adjek\u00adtem. Z pie\u00adni\u0119dz\u00admi dost\u0119p\u00adny\u00admi dla uchod\u017a\u00adc\u00f3w ka\u017c\u00adde\u00adgo mie\u00adsi\u0105\u00adca, led\u00adwo mog\u0105 oni pozwo\u00adli\u0107 sobie na korzy\u00adsta\u00adnie z trans\u00adpor\u00adtu publicz\u00adne\u00adgo. Jed\u00adnak mobil\u00adno\u015b\u0107 zawsze ozna\u00adcza wol\u00adno\u015b\u0107 oso\u00adbi\u00adst\u0105 i integracj\u0119.<br>\nMog\u0105 odwie\u00addza\u0107 przy\u00adja\u00adci\u00f3\u0142 lub cz\u0142on\u00adk\u00f3w rodzi\u00adny, bra\u0107 udzia\u0142 w us\u0142u\u00adgach dorad\u00adczych i kur\u00adsach j\u0119zy\u00adka nie\u00admiec\u00adkie\u00adgo oraz pozna\u00adwa\u0107 mia\u00adsto i okolic\u0119.<br>\nChce\u00admy to wspie\u00adra\u0107 naszy\u00admi us\u0142u\u00adga\u00admi. Dys\u00adtry\u00adbu\u00adcja i napra\u00adwa rowe\u00adr\u00f3w odby\u00adwa si\u0119 dwa razy w tygo\u00addniu. Pro\u00adsi\u00admy o nie\u00adwiel\u00adki wk\u0142ad na ten&nbsp;cel:<\/p>\n<ul>\n<li>Rower: 10 \u2014 35 EURO, w zale\u017c\u00adno\u00ad\u015bci od jako\u00ad\u015bci i wyposa\u017cenia<\/li>\n<li>Blo\u00adka\u00adda: 3 \u2014 5 EURO, w zale\u017c\u00adno\u00ad\u015bci od jako\u015bci<\/li>\n<li>Cz\u0119\u00ad\u015bci zamien\u00adne: je\u015bli nowe, cena zaku\u00adpu; u\u017cy\u00adwa\u00adne bezp\u0142atnie<\/li>\n<\/ul>\n<p>Aktyw\u00adny udzia\u0142 w napra\u00adwach jest jed\u00adnym z fun\u00adda\u00admen\u00adt\u00f3w nasze\u00adgo pro\u00adjek\u00adtu. \ud83e\udef6\ud83c\udffb Dla\u00adte\u00adgo zawsze cie\u00adszy\u00admy si\u0119, gdy zain\u00adte\u00adre\u00adso\u00adwa\u00adni ludzie chc\u0105 roz\u00adwi\u00adja\u0107 swo\u00adje umie\u00adj\u0119t\u00adno\u00ad\u015bci i poma\u00adga\u0107 nam w&nbsp;pracy.<\/p>\n<h3><strong>Wspar\u00adcie<\/strong> w posta\u00adci poda\u00adro\u00adwa\u00adnych rowe\u00adr\u00f3w, cz\u0119\u00ad\u015bci zamien\u00adnych, narz\u0119\u00addzi <strong>i aktyw\u00adnej pomo\u00adcy jest bar\u00addzo mile widziane!<\/strong><\/h3>\n","protected":false},"author":12,"featured_media":55254,"template":"","class_list":["post-55269","event","type-event","status-publish","has-post-thumbnail","hentry","event_category-rekreacja"],"acf":{"event-recurring":true,"event-category":184,"event-is-language-course":false,"event-recurring-still-active":true,"event-display-details":true,"event-schedules-recurring":[{"event-recurring-week-day":"2","event-recurring-time":"17:00 - 18:00","event-recurring-time-text":""},{"event-recurring-week-day":"5","event-recurring-time":"15:00 - 17:00","event-recurring-time-text":""}],"event-schedules-calendar":null,"event-is-online":false,"event-online-url":"","event-location-building":"MenschenrechtsZentrum","event-location-street":"Alter Schlachthof 59","event-location-zip":"76131","event-location-city":"Karlsruhe","event-location-contact-person":"","event-location-phone":"","event-location-phone-2":"","event-location-mail":"bikeswithoutborders@gmx.de","event-location-mail-2":"","event-location-website":"https:\/\/bikeswithoutborders.blogspot.com\/p\/ausleihkonzept.html","event-target-group":[{"target-group":"all"}],"event-target-group-comment":"","event-free":false,"event-organiser":[55243],"event-header-copyright-overlay":true,"event-copyright-note-description-end":false},"featured_image_urls_v2":{"full":["https:\/\/www.anika-net.de\/wp-content\/uploads\/2024\/11\/bikes-whitout-borders-scaled.jpg",2560,1707,false],"thumbnail":["https:\/\/www.anika-net.de\/wp-content\/uploads\/2024\/11\/bikes-whitout-borders-150x150.jpg",150,150,true],"medium":["https:\/\/www.anika-net.de\/wp-content\/uploads\/2024\/11\/bikes-whitout-borders-300x200.jpg",300,200,true],"medium_large":["https:\/\/www.anika-net.de\/wp-content\/uploads\/2024\/11\/bikes-whitout-borders-768x512.jpg",640,427,true],"large":["https:\/\/www.anika-net.de\/wp-content\/uploads\/2024\/11\/bikes-whitout-borders-1024x683.jpg",640,427,true],"1536x1536":["https:\/\/www.anika-net.de\/wp-content\/uploads\/2024\/11\/bikes-whitout-borders-1536x1024.jpg",1536,1024,true],"2048x2048":["https:\/\/www.anika-net.de\/wp-content\/uploads\/2024\/11\/bikes-whitout-borders-2048x1365.jpg",2048,1365,true],"event-overview":["https:\/\/www.anika-net.de\/wp-content\/uploads\/2024\/11\/bikes-whitout-borders-960x640.jpg",960,640,true],"event-archive-thumb":["https:\/\/www.anika-net.de\/wp-content\/uploads\/2024\/11\/bikes-whitout-borders-480x320.jpg",480,320,true],"grid-item-thumbnail":["https:\/\/www.anika-net.de\/wp-content\/uploads\/2024\/11\/bikes-whitout-borders-360x200.jpg",360,200,true],"network-partner-icon":["https:\/\/www.anika-net.de\/wp-content\/uploads\/2024\/11\/bikes-whitout-borders-100x100.jpg",100,100,true],"organiser-icon":["https:\/\/www.anika-net.de\/wp-content\/uploads\/2024\/11\/bikes-whitout-borders-200x200.jpg",200,200,true],"gform-image-choice-sm":["https:\/\/www.anika-net.de\/wp-content\/uploads\/2024\/11\/bikes-whitout-borders-scaled.jpg",300,200,false],"gform-image-choice-md":["https:\/\/www.anika-net.de\/wp-content\/uploads\/2024\/11\/bikes-whitout-borders-scaled.jpg",400,267,false],"gform-image-choice-lg":["https:\/\/www.anika-net.de\/wp-content\/uploads\/2024\/11\/bikes-whitout-borders-scaled.jpg",600,400,false]},"post_excerpt_stackable_v2":"<p>Dwu\u00adko\u00ad\u0142ow\u00adce mobi\u00adli\u00adzu\u00adj\u0105&nbsp;ludzi&nbsp;\ud83d\udeb2 Rowe\u00adry bez gra\u00adnic Pro\u00adjekt Bikes Witho\u00adut Bor\u00adders zosta\u0142 uru\u00adcho\u00admio\u00adny w lip\u00adcu 2012 roku w celu wspie\u00adra\u00adnia uchod\u017a\u00adc\u00f3w w Karls\u00adru\u00adhe poprzez wypo\u00ad\u017cy\u00adcza\u00adnie rowe\u00adr\u00f3w. Zain\u00adte\u00adre\u00adso\u00adwa\u00adne oso\u00adby s\u0105 r\u00f3w\u00adnie\u017c szko\u00adlo\u00adne w zakre\u00adsie napra\u00adwy rowe\u00adr\u00f3w i w\u0142\u0105\u00adcza\u00adne do pra\u00adcy nad pro\u00adjek\u00adtem. Z pie\u00adni\u0119dz\u00admi dost\u0119p\u00adny\u00admi dla uchod\u017a\u00adc\u00f3w ka\u017c\u00adde\u00adgo mie\u00adsi\u0105\u00adca, led\u00adwo mog\u0105 oni pozwo\u00adli\u0107 sobie na korzy\u00adsta\u00adnie z trans\u00adpor\u00adtu publicz\u00adne\u00adgo. Jed\u00adnak mobil\u00adno\u015b\u0107 zawsze ozna\u00adcza wol\u00adno\u015b\u0107 oso\u00adbi\u00adst\u0105 i inte\u00adgra\u00adcj\u0119. Mog\u0105 odwie\u00addza\u0107 przy\u00adja\u00adci\u00f3\u0142 lub cz\u0142on\u00adk\u00f3w rodzi\u00adny, bra\u0107 udzia\u0142 w us\u0142u\u00adgach dorad\u00adczych i kur\u00adsach j\u0119zy\u00adka nie\u00admiec\u00adkie\u00adgo oraz pozna\u00adwa\u0107 mia\u00adsto i oko\u00adli\u00adc\u0119. Chce\u00admy to wspie\u00adra\u0107 naszy\u00admi us\u0142u\u00adga\u00admi. Dys\u00adtry\u00adbu\u00adcja i napra\u00adwa rowe\u00adr\u00f3w odby\u00adwa si\u0119 dwa razy w tygo\u00addniu. Prosimy\u2026<\/p>\n","category_list_v2":"","author_info_v2":{"name":"Andrea Ramirez","url":"https:\/\/www.anika-net.de\/pl\/author\/andrea-ramirez\/"},"comments_num_v2":"0 comments","uagb_featured_image_src":{"full":["https:\/\/www.anika-net.de\/wp-content\/uploads\/2024\/11\/bikes-whitout-borders-scaled.jpg",2560,1707,false],"thumbnail":["https:\/\/www.anika-net.de\/wp-content\/uploads\/2024\/11\/bikes-whitout-borders-150x150.jpg",150,150,true],"medium":["https:\/\/www.anika-net.de\/wp-content\/uploads\/2024\/11\/bikes-whitout-borders-300x200.jpg",300,200,true],"medium_large":["https:\/\/www.anika-net.de\/wp-content\/uploads\/2024\/11\/bikes-whitout-borders-768x512.jpg",640,427,true],"large":["https:\/\/www.anika-net.de\/wp-content\/uploads\/2024\/11\/bikes-whitout-borders-1024x683.jpg",640,427,true],"1536x1536":["https:\/\/www.anika-net.de\/wp-content\/uploads\/2024\/11\/bikes-whitout-borders-1536x1024.jpg",1536,1024,true],"2048x2048":["https:\/\/www.anika-net.de\/wp-content\/uploads\/2024\/11\/bikes-whitout-borders-2048x1365.jpg",2048,1365,true],"event-overview":["https:\/\/www.anika-net.de\/wp-content\/uploads\/2024\/11\/bikes-whitout-borders-960x640.jpg",960,640,true],"event-archive-thumb":["https:\/\/www.anika-net.de\/wp-content\/uploads\/2024\/11\/bikes-whitout-borders-480x320.jpg",480,320,true],"grid-item-thumbnail":["https:\/\/www.anika-net.de\/wp-content\/uploads\/2024\/11\/bikes-whitout-borders-360x200.jpg",360,200,true],"network-partner-icon":["https:\/\/www.anika-net.de\/wp-content\/uploads\/2024\/11\/bikes-whitout-borders-100x100.jpg",100,100,true],"organiser-icon":["https:\/\/www.anika-net.de\/wp-content\/uploads\/2024\/11\/bikes-whitout-borders-200x200.jpg",200,200,true],"gform-image-choice-sm":["https:\/\/www.anika-net.de\/wp-content\/uploads\/2024\/11\/bikes-whitout-borders-scaled.jpg",300,200,false],"gform-image-choice-md":["https:\/\/www.anika-net.de\/wp-content\/uploads\/2024\/11\/bikes-whitout-borders-scaled.jpg",400,267,false],"gform-image-choice-lg":["https:\/\/www.anika-net.de\/wp-content\/uploads\/2024\/11\/bikes-whitout-borders-scaled.jpg",600,400,false]},"uagb_author_info":{"display_name":"Andrea Ramirez","author_link":"https:\/\/www.anika-net.de\/pl\/author\/andrea-ramirez\/"},"uagb_comment_info":0,"uagb_excerpt":"Dwu\u00adko\u00ad\u0142ow\u00adce mobi\u00adli\u00adzu\u00adj\u0105&nbsp;ludzi&nbsp;\ud83d\udeb2 Rowe\u00adry bez granic Pro\u00adjekt Bikes Witho\u00adut Bor\u00adders zosta\u0142 uru\u00adcho\u00admio\u00adny w lip\u00adcu 2012 roku w celu wspie\u00adra\u00adnia uchod\u017a\u00adc\u00f3w w Karls\u00adru\u00adhe poprzez wypo\u00ad\u017cy\u00adcza\u00adnie rowe\u00adr\u00f3w. Zain\u00adte\u00adre\u00adso\u00adwa\u00adne oso\u00adby s\u0105 r\u00f3w\u00adnie\u017c szko\u00adlo\u00adne w&nbsp;czytaj wi\u0119cej","_links":{"self":[{"href":"https:\/\/www.anika-net.de\/pl\/wp-json\/wp\/v2\/event\/55269","targetHints":{"allow":["GET"]}}],"collection":[{"href":"https:\/\/www.anika-net.de\/pl\/wp-json\/wp\/v2\/event"}],"about":[{"href":"https:\/\/www.anika-net.de\/pl\/wp-json\/wp\/v2\/types\/event"}],"author":[{"embeddable":true,"href":"https:\/\/www.anika-net.de\/pl\/wp-json\/wp\/v2\/users\/12"}],"version-history":[{"count":2,"href":"https:\/\/www.anika-net.de\/pl\/wp-json\/wp\/v2\/event\/55269\/revisions"}],"predecessor-version":[{"id":60810,"href":"https:\/\/www.anika-net.de\/pl\/wp-json\/wp\/v2\/event\/55269\/revisions\/60810"}],"acf:post":[{"embeddable":true,"href":"https:\/\/www.anika-net.de\/pl\/wp-json\/wp\/v2\/organiser\/55243"}],"acf:term":[{"embeddable":true,"taxonomy":"event_category","href":"https:\/\/www.anika-net.de\/pl\/wp-json\/wp\/v2\/event_category\/184"}],"wp:featuredmedia":[{"embeddable":true,"href":"https:\/\/www.anika-net.de\/pl\/wp-json\/wp\/v2\/media\/55254"}],"wp:attachment":[{"href":"https:\/\/www.anika-net.de\/pl\/wp-json\/wp\/v2\/media?parent=55269"}],"curies":[{"name":"wp","href":"https:\/\/api.w.org\/{rel}","templated":true}]}}

<h3><span style="color: #666699;">Dwu­ko­łow­ce mobi­li­zu­ją&nbsp;ludzi&nbsp;🚲<br>
</span></h3>
<h1><span style="color: #ffcc00;">Rowe­ry bez granic</span></h1>
<p>Pro­jekt Bikes Witho­ut Bor­ders został uru­cho­mio­ny w lip­cu 2012 roku w celu wspie­ra­nia uchodź­ców w Karls­ru­he poprzez wypo­ży­cza­nie rowe­rów. Zain­te­re­so­wa­ne oso­by są rów­nież szko­lo­ne w zakre­sie napra­wy rowe­rów i włą­cza­ne do pra­cy nad pro­jek­tem. Z pie­niędz­mi dostęp­ny­mi dla uchodź­ców każ­de­go mie­sią­ca, led­wo mogą oni pozwo­lić sobie na korzy­sta­nie z trans­por­tu publicz­ne­go. Jed­nak mobil­ność zawsze ozna­cza wol­ność oso­bi­stą i integrację.<br>
Mogą odwie­dzać przy­ja­ciół lub człon­ków rodzi­ny, brać udział w usłu­gach dorad­czych i kur­sach języ­ka nie­miec­kie­go oraz pozna­wać mia­sto i okolicę.<br>
Chce­my to wspie­rać naszy­mi usłu­ga­mi. Dys­try­bu­cja i napra­wa rowe­rów odby­wa się dwa razy w tygo­dniu. Pro­si­my o nie­wiel­ki wkład na ten&nbsp;cel:</p>
<ul>
<li>Rower: 10 — 35 EURO, w zależ­no­ści od jako­ści i wyposażenia</li>
<li>Blo­ka­da: 3 — 5 EURO, w zależ­no­ści od jakości</li>
<li>Czę­ści zamien­ne: jeśli nowe, cena zaku­pu; uży­wa­ne bezpłatnie</li>
</ul>
<p>Aktyw­ny udział w napra­wach jest jed­nym z fun­da­men­tów nasze­go pro­jek­tu. 🫶🏻 Dla­te­go zawsze cie­szy­my się, gdy zain­te­re­so­wa­ni ludzie chcą roz­wi­jać swo­je umie­jęt­no­ści i poma­gać nam w&nbsp;pracy.</p>
<h3><strong>Wspar­cie</strong> w posta­ci poda­ro­wa­nych rowe­rów, czę­ści zamien­nych, narzę­dzi <strong>i aktyw­nej pomo­cy jest bar­dzo mile widziane!</strong></h3>

<p>Dwu­ko­łow­ce mobi­li­zu­ją&nbsp;ludzi&nbsp;🚲 Rowe­ry bez gra­nic Pro­jekt Bikes Witho­ut Bor­ders został uru­cho­mio­ny w lip­cu 2012 roku w celu wspie­ra­nia uchodź­ców w Karls­ru­he poprzez wypo­ży­cza­nie rowe­rów. Zain­te­re­so­wa­ne oso­by są rów­nież szko­lo­ne w zakre­sie napra­wy rowe­rów i włą­cza­ne do pra­cy nad pro­jek­tem. Z pie­niędz­mi dostęp­ny­mi dla uchodź­ców każ­de­go mie­sią­ca, led­wo mogą oni pozwo­lić sobie na korzy­sta­nie z trans­por­tu publicz­ne­go. Jed­nak mobil­ność zawsze ozna­cza wol­ność oso­bi­stą i inte­gra­cję. Mogą odwie­dzać przy­ja­ciół lub człon­ków rodzi­ny, brać udział w usłu­gach dorad­czych i kur­sach języ­ka nie­miec­kie­go oraz pozna­wać mia­sto i oko­li­cę. Chce­my to wspie­rać naszy­mi usłu­ga­mi. Dys­try­bu­cja i napra­wa rowe­rów odby­wa się dwa razy w tygo­dniu. Prosimy…</p>

Dwu­ko­łow­ce mobi­li­zu­ją&nbsp;ludzi&nbsp;🚲 Rowe­ry bez granic Pro­jekt Bikes Witho­ut Bor­ders został uru­cho­mio­ny w lip­cu 2012 roku w celu wspie­ra­nia uchodź­ców w Karls­ru­he poprzez wypo­ży­cza­nie rowe­rów. Zain­te­re­so­wa­ne oso­by są rów­nież szko­lo­ne w&nbsp;czytaj więcej
