{"id":54426,"date":"2024-10-24T12:48:12","date_gmt":"2024-10-24T10:48:12","guid":{"rendered":"https:\/\/www.anika-net.de\/event\/doradztwo-edukacyjne-dla-mlodych-migrantow-i-ich-rodzicow\/"},"modified":"2025-04-17T15:41:12","modified_gmt":"2025-04-17T13:41:12","slug":"doradztwo-edukacyjne-dla-mlodych-migrantow-i-ich-rodzicow","status":"publish","type":"event","link":"https:\/\/www.anika-net.de\/pl\/event\/doradztwo-edukacyjne-dla-mlodych-migrantow-i-ich-rodzicow\/","title":{"rendered":"Doradz\u00adtwo edu\u00adka\u00adcyj\u00adne dla m\u0142o\u00addych migran\u00adt\u00f3w i ich rodzic\u00f3w"},"content":{"rendered":"<h4><span style=\"color: #666699;\">Suk\u00adces w szkole<\/span><\/h4>\n<h2><span style=\"color: #ff6600;\"><strong>Doradz\u00adtwo edu\u00adka\u00adcyj\u00adne dla m\u0142o\u00addych migran\u00adt\u00f3w i ich rodzic\u00f3w&nbsp;<\/strong><\/span><\/h2>\n<p>Doradz\u00adtwo edu\u00adka\u00adcyj\u00adne dla m\u0142o\u00addych migran\u00adt\u00f3w i ich rodzi\u00adc\u00f3w to pro\u00adjekt Inter\u00adna\u00adtio\u00adna\u00adler Bund. Jego celem jest zwi\u0119k\u00adsze\u00adnie szans edu\u00adka\u00adcyj\u00adnych uczni\u00f3w poprzez:<\/p>\n<ul>\n<li>Wspar\u00adcie dla j\u0119zy\u00adka nie\u00admiec\u00adkie\u00adgo dla uczni\u00f3w szk\u00f3\u0142 podstawowych<\/li>\n<li>Kur\u00adsy infor\u00adma\u00adcyj\u00adne dla rodzic\u00f3w<\/li>\n<li>Indy\u00adwi\u00addu\u00adal\u00adne doradztwo<\/li>\n<\/ul>\n<p>Pro\u00adjekt jest ofe\u00adro\u00adwa\u00adny w r\u00f3\u017c\u00adnych szko\u00ad\u0142ach w Karls\u00adru\u00adhe w regu\u00adlar\u00adnych kla\u00adsach, a tak\u00ad\u017ce w kla\u00adsach przy\u00adgo\u00adto\u00adwaw\u00adczych dla nowo przy\u00adby\u00ad\u0142ych dzie\u00adci. Ponad\u00adto doradz\u00adtwo edu\u00adka\u00adcyj\u00adne ma na celu wzmoc\u00adnie\u00adnie rodzi\u00adc\u00f3w w ich man\u00adda\u00adcie edu\u00adka\u00adcyj\u00adnym w celu zapew\u00adnie\u00adnia trwa\u00ad\u0142o\u00ad\u015bci dzia\u00ad\u0142a\u00adnia. W tym celu w szko\u00ad\u0142ach VKL orga\u00adni\u00adzo\u00adwa\u00adne s\u0105 kur\u00adsy infor\u00adma\u00adcyj\u00adne dla rodzi\u00adc\u00f3w, dni kon\u00adsul\u00adta\u00adcji z rodzi\u00adca\u00admi odby\u00adwa\u00adj\u0105 si\u0119 w kla\u00adsach regu\u00adlar\u00adnych, a tak\u00ad\u017ce ofe\u00adro\u00adwa\u00adne jest doradz\u00adtwo indy\u00adwi\u00addu\u00adal\u00adne. M\u00f3wi\u00admy w r\u00f3\u017c\u00adnych j\u0119zy\u00adkach, takich jak <strong>nie\u00admiec\u00adki, rosyj\u00adski, rumu\u0144\u00adski, pol\u00adski, angiel\u00adski, w\u0142o\u00adski<\/strong> i orga\u00adni\u00adzu\u00adje\u00admy t\u0142u\u00adma\u00adczy w innych j\u0119zy\u00adkach na spo\u00adtka\u00adnia z rodzi\u00adca\u00admi. Wi\u0119\u00adcej ofert mo\u017c\u00adna zna\u00adle\u017a\u0107 na stro\u00adnie <a href=\"https:\/\/www.internationaler-bund.de\/\" rel=\"noopener\">www.internationaler-bund.de<\/a><\/p>\n","protected":false},"author":12,"featured_media":46678,"template":"","class_list":["post-54426","event","type-event","status-publish","has-post-thumbnail","hentry","event_category-edukacja"],"acf":{"event-recurring":true,"event-category":182,"event-is-language-course":false,"event-recurring-still-active":true,"event-display-details":true,"event-schedules-recurring":null,"event-schedules-calendar":null,"event-is-online":false,"event-online-url":"","event-location-building":"IB ","event-location-street":" Siemensallee 84 (Karlspark) \/ EG. room 2004","event-location-zip":"76187","event-location-city":"Karlsruhe","event-location-contact-person":"Susanna Doodeman & Vanessa \u00c7oban ","event-location-phone":"0175 949 06 21","event-location-phone-2":"0721 85019-0","event-location-mail":"bildungsberatung-karlsruhe@ib.de","event-location-mail-2":"bz-karlsruhe@ib.de","event-location-website":"https:\/\/www.internationaler-bund.de\/angebot\/8126\/","event-target-group":[{"target-group":"families"}],"event-target-group-comment":"Dla m\u0142odych migrant\u00f3w i ich rodzic\u00f3w","event-free":true,"event-organiser":[10692,23055],"event-header-copyright-overlay":false,"event-copyright-note-description-end":false},"featured_image_urls_v2":{"full":["https:\/\/www.anika-net.de\/wp-content\/uploads\/2019\/05\/high-angle-family-with-kid-home-scaled.jpg",2560,1707,false],"thumbnail":["https:\/\/www.anika-net.de\/wp-content\/uploads\/2019\/05\/high-angle-family-with-kid-home-150x150.jpg",150,150,true],"medium":["https:\/\/www.anika-net.de\/wp-content\/uploads\/2019\/05\/high-angle-family-with-kid-home-300x200.jpg",300,200,true],"medium_large":["https:\/\/www.anika-net.de\/wp-content\/uploads\/2019\/05\/high-angle-family-with-kid-home-768x512.jpg",640,427,true],"large":["https:\/\/www.anika-net.de\/wp-content\/uploads\/2019\/05\/high-angle-family-with-kid-home-1024x683.jpg",640,427,true],"1536x1536":["https:\/\/www.anika-net.de\/wp-content\/uploads\/2019\/05\/high-angle-family-with-kid-home-1536x1024.jpg",1536,1024,true],"2048x2048":["https:\/\/www.anika-net.de\/wp-content\/uploads\/2019\/05\/high-angle-family-with-kid-home-2048x1366.jpg",2048,1366,true],"event-overview":["https:\/\/www.anika-net.de\/wp-content\/uploads\/2019\/05\/high-angle-family-with-kid-home-960x640.jpg",960,640,true],"event-archive-thumb":["https:\/\/www.anika-net.de\/wp-content\/uploads\/2019\/05\/high-angle-family-with-kid-home-480x320.jpg",480,320,true],"grid-item-thumbnail":["https:\/\/www.anika-net.de\/wp-content\/uploads\/2019\/05\/high-angle-family-with-kid-home-360x200.jpg",360,200,true],"network-partner-icon":["https:\/\/www.anika-net.de\/wp-content\/uploads\/2019\/05\/high-angle-family-with-kid-home-100x100.jpg",100,100,true],"organiser-icon":["https:\/\/www.anika-net.de\/wp-content\/uploads\/2019\/05\/high-angle-family-with-kid-home-200x200.jpg",200,200,true],"gform-image-choice-sm":["https:\/\/www.anika-net.de\/wp-content\/uploads\/2019\/05\/high-angle-family-with-kid-home-scaled.jpg",300,200,false],"gform-image-choice-md":["https:\/\/www.anika-net.de\/wp-content\/uploads\/2019\/05\/high-angle-family-with-kid-home-scaled.jpg",400,267,false],"gform-image-choice-lg":["https:\/\/www.anika-net.de\/wp-content\/uploads\/2019\/05\/high-angle-family-with-kid-home-scaled.jpg",600,400,false]},"post_excerpt_stackable_v2":"<p>Suk\u00adces w szko\u00adle Doradz\u00adtwo edu\u00adka\u00adcyj\u00adne dla m\u0142o\u00addych migran\u00adt\u00f3w i ich rodzi\u00adc\u00f3w&nbsp; Doradz\u00adtwo edu\u00adka\u00adcyj\u00adne dla m\u0142o\u00addych migran\u00adt\u00f3w i ich rodzi\u00adc\u00f3w to pro\u00adjekt Inter\u00adna\u00adtio\u00adna\u00adler Bund. Jego celem jest zwi\u0119k\u00adsze\u00adnie szans edu\u00adka\u00adcyj\u00adnych uczni\u00f3w poprzez: Wspar\u00adcie dla j\u0119zy\u00adka nie\u00admiec\u00adkie\u00adgo dla uczni\u00f3w szk\u00f3\u0142 pod\u00adsta\u00adwo\u00adwych Kur\u00adsy infor\u00adma\u00adcyj\u00adne dla rodzi\u00adc\u00f3w Indy\u00adwi\u00addu\u00adal\u00adne doradz\u00adtwo Pro\u00adjekt jest ofe\u00adro\u00adwa\u00adny w r\u00f3\u017c\u00adnych szko\u00ad\u0142ach w Karls\u00adru\u00adhe w regu\u00adlar\u00adnych kla\u00adsach, a tak\u00ad\u017ce w kla\u00adsach przy\u00adgo\u00adto\u00adwaw\u00adczych dla nowo przy\u00adby\u00ad\u0142ych dzie\u00adci. Ponad\u00adto doradz\u00adtwo edu\u00adka\u00adcyj\u00adne ma na celu wzmoc\u00adnie\u00adnie rodzi\u00adc\u00f3w w ich man\u00adda\u00adcie edu\u00adka\u00adcyj\u00adnym w celu zapew\u00adnie\u00adnia trwa\u00ad\u0142o\u00ad\u015bci dzia\u00ad\u0142a\u00adnia. W tym celu w szko\u00ad\u0142ach VKL orga\u00adni\u00adzo\u00adwa\u00adne s\u0105 kur\u00adsy infor\u00adma\u00adcyj\u00adne dla rodzi\u00adc\u00f3w, dni kon\u00adsul\u00adta\u00adcji z rodzi\u00adca\u00admi odby\u00adwa\u00adj\u0105&nbsp;si\u0119\u2026<\/p>\n","category_list_v2":"","author_info_v2":{"name":"Andrea Ramirez","url":"https:\/\/www.anika-net.de\/pl\/author\/andrea-ramirez\/"},"comments_num_v2":"0 comments","uagb_featured_image_src":{"full":["https:\/\/www.anika-net.de\/wp-content\/uploads\/2019\/05\/high-angle-family-with-kid-home-scaled.jpg",2560,1707,false],"thumbnail":["https:\/\/www.anika-net.de\/wp-content\/uploads\/2019\/05\/high-angle-family-with-kid-home-150x150.jpg",150,150,true],"medium":["https:\/\/www.anika-net.de\/wp-content\/uploads\/2019\/05\/high-angle-family-with-kid-home-300x200.jpg",300,200,true],"medium_large":["https:\/\/www.anika-net.de\/wp-content\/uploads\/2019\/05\/high-angle-family-with-kid-home-768x512.jpg",640,427,true],"large":["https:\/\/www.anika-net.de\/wp-content\/uploads\/2019\/05\/high-angle-family-with-kid-home-1024x683.jpg",640,427,true],"1536x1536":["https:\/\/www.anika-net.de\/wp-content\/uploads\/2019\/05\/high-angle-family-with-kid-home-1536x1024.jpg",1536,1024,true],"2048x2048":["https:\/\/www.anika-net.de\/wp-content\/uploads\/2019\/05\/high-angle-family-with-kid-home-2048x1366.jpg",2048,1366,true],"event-overview":["https:\/\/www.anika-net.de\/wp-content\/uploads\/2019\/05\/high-angle-family-with-kid-home-960x640.jpg",960,640,true],"event-archive-thumb":["https:\/\/www.anika-net.de\/wp-content\/uploads\/2019\/05\/high-angle-family-with-kid-home-480x320.jpg",480,320,true],"grid-item-thumbnail":["https:\/\/www.anika-net.de\/wp-content\/uploads\/2019\/05\/high-angle-family-with-kid-home-360x200.jpg",360,200,true],"network-partner-icon":["https:\/\/www.anika-net.de\/wp-content\/uploads\/2019\/05\/high-angle-family-with-kid-home-100x100.jpg",100,100,true],"organiser-icon":["https:\/\/www.anika-net.de\/wp-content\/uploads\/2019\/05\/high-angle-family-with-kid-home-200x200.jpg",200,200,true],"gform-image-choice-sm":["https:\/\/www.anika-net.de\/wp-content\/uploads\/2019\/05\/high-angle-family-with-kid-home-scaled.jpg",300,200,false],"gform-image-choice-md":["https:\/\/www.anika-net.de\/wp-content\/uploads\/2019\/05\/high-angle-family-with-kid-home-scaled.jpg",400,267,false],"gform-image-choice-lg":["https:\/\/www.anika-net.de\/wp-content\/uploads\/2019\/05\/high-angle-family-with-kid-home-scaled.jpg",600,400,false]},"uagb_author_info":{"display_name":"Andrea Ramirez","author_link":"https:\/\/www.anika-net.de\/pl\/author\/andrea-ramirez\/"},"uagb_comment_info":0,"uagb_excerpt":"Suk\u00adces w szkole Doradz\u00adtwo edu\u00adka\u00adcyj\u00adne dla m\u0142o\u00addych migran\u00adt\u00f3w i ich rodzic\u00f3w&nbsp; Doradz\u00adtwo edu\u00adka\u00adcyj\u00adne dla m\u0142o\u00addych migran\u00adt\u00f3w i ich rodzi\u00adc\u00f3w to pro\u00adjekt Inter\u00adna\u00adtio\u00adna\u00adler Bund. Jego celem jest zwi\u0119k\u00adsze\u00adnie szans edu\u00adka\u00adcyj\u00adnych uczni\u00f3w&nbsp;czytaj wi\u0119cej","_links":{"self":[{"href":"https:\/\/www.anika-net.de\/pl\/wp-json\/wp\/v2\/event\/54426","targetHints":{"allow":["GET"]}}],"collection":[{"href":"https:\/\/www.anika-net.de\/pl\/wp-json\/wp\/v2\/event"}],"about":[{"href":"https:\/\/www.anika-net.de\/pl\/wp-json\/wp\/v2\/types\/event"}],"author":[{"embeddable":true,"href":"https:\/\/www.anika-net.de\/pl\/wp-json\/wp\/v2\/users\/12"}],"version-history":[{"count":2,"href":"https:\/\/www.anika-net.de\/pl\/wp-json\/wp\/v2\/event\/54426\/revisions"}],"predecessor-version":[{"id":60868,"href":"https:\/\/www.anika-net.de\/pl\/wp-json\/wp\/v2\/event\/54426\/revisions\/60868"}],"acf:post":[{"embeddable":true,"href":"https:\/\/www.anika-net.de\/pl\/wp-json\/wp\/v2\/organiser\/23055"},{"embeddable":true,"href":"https:\/\/www.anika-net.de\/pl\/wp-json\/wp\/v2\/organiser\/10692"}],"acf:term":[{"embeddable":true,"taxonomy":"event_category","href":"https:\/\/www.anika-net.de\/pl\/wp-json\/wp\/v2\/event_category\/182"}],"wp:featuredmedia":[{"embeddable":true,"href":"https:\/\/www.anika-net.de\/pl\/wp-json\/wp\/v2\/media\/46678"}],"wp:attachment":[{"href":"https:\/\/www.anika-net.de\/pl\/wp-json\/wp\/v2\/media?parent=54426"}],"curies":[{"name":"wp","href":"https:\/\/api.w.org\/{rel}","templated":true}]}}

Doradz­two edu­ka­cyj­ne dla mło­dych migran­tów i ich rodziców

<h4><span style="color: #666699;">Suk­ces w szkole</span></h4>
<h2><span style="color: #ff6600;"><strong>Doradz­two edu­ka­cyj­ne dla mło­dych migran­tów i ich rodziców&nbsp;</strong></span></h2>
<p>Doradz­two edu­ka­cyj­ne dla mło­dych migran­tów i ich rodzi­ców to pro­jekt Inter­na­tio­na­ler Bund. Jego celem jest zwięk­sze­nie szans edu­ka­cyj­nych uczniów poprzez:</p>
<ul>
<li>Wspar­cie dla języ­ka nie­miec­kie­go dla uczniów szkół podstawowych</li>
<li>Kur­sy infor­ma­cyj­ne dla rodziców</li>
<li>Indy­wi­du­al­ne doradztwo</li>
</ul>
<p>Pro­jekt jest ofe­ro­wa­ny w róż­nych szko­łach w Karls­ru­he w regu­lar­nych kla­sach, a tak­że w kla­sach przy­go­to­waw­czych dla nowo przy­by­łych dzie­ci. Ponad­to doradz­two edu­ka­cyj­ne ma na celu wzmoc­nie­nie rodzi­ców w ich man­da­cie edu­ka­cyj­nym w celu zapew­nie­nia trwa­ło­ści dzia­ła­nia. W tym celu w szko­łach VKL orga­ni­zo­wa­ne są kur­sy infor­ma­cyj­ne dla rodzi­ców, dni kon­sul­ta­cji z rodzi­ca­mi odby­wa­ją się w kla­sach regu­lar­nych, a tak­że ofe­ro­wa­ne jest doradz­two indy­wi­du­al­ne. Mówi­my w róż­nych języ­kach, takich jak <strong>nie­miec­ki, rosyj­ski, rumuń­ski, pol­ski, angiel­ski, wło­ski</strong> i orga­ni­zu­je­my tłu­ma­czy w innych języ­kach na spo­tka­nia z rodzi­ca­mi. Wię­cej ofert moż­na zna­leźć na stro­nie <a href="https://www.internationaler-bund.de/" rel="noopener">www.internationaler-bund.de</a></p>

Susanna Doodeman & Vanessa Çoban

Dla młodych migrantów i ich rodziców

<p>Suk­ces w szko­le Doradz­two edu­ka­cyj­ne dla mło­dych migran­tów i ich rodzi­ców&nbsp; Doradz­two edu­ka­cyj­ne dla mło­dych migran­tów i ich rodzi­ców to pro­jekt Inter­na­tio­na­ler Bund. Jego celem jest zwięk­sze­nie szans edu­ka­cyj­nych uczniów poprzez: Wspar­cie dla języ­ka nie­miec­kie­go dla uczniów szkół pod­sta­wo­wych Kur­sy infor­ma­cyj­ne dla rodzi­ców Indy­wi­du­al­ne doradz­two Pro­jekt jest ofe­ro­wa­ny w róż­nych szko­łach w Karls­ru­he w regu­lar­nych kla­sach, a tak­że w kla­sach przy­go­to­waw­czych dla nowo przy­by­łych dzie­ci. Ponad­to doradz­two edu­ka­cyj­ne ma na celu wzmoc­nie­nie rodzi­ców w ich man­da­cie edu­ka­cyj­nym w celu zapew­nie­nia trwa­ło­ści dzia­ła­nia. W tym celu w szko­łach VKL orga­ni­zo­wa­ne są kur­sy infor­ma­cyj­ne dla rodzi­ców, dni kon­sul­ta­cji z rodzi­ca­mi odby­wa­ją&nbsp;się…</p>

Suk­ces w szkole Doradz­two edu­ka­cyj­ne dla mło­dych migran­tów i ich rodziców&nbsp; Doradz­two edu­ka­cyj­ne dla mło­dych migran­tów i ich rodzi­ców to pro­jekt Inter­na­tio­na­ler Bund. Jego celem jest zwięk­sze­nie szans edu­ka­cyj­nych uczniów&nbsp;czytaj więcej
