{"id":35191,"date":"2023-03-10T12:01:17","date_gmt":"2023-03-10T11:01:17","guid":{"rendered":"https:\/\/www.anika-net.de\/event\/doradztwo-migracyjne-dla-doroslych-imigrantow-mbe\/"},"modified":"2025-04-17T15:31:39","modified_gmt":"2025-04-17T13:31:39","slug":"doradztwo-migracyjne-dla-doroslych-imigrantow-mbe","status":"publish","type":"event","link":"https:\/\/www.anika-net.de\/pl\/event\/doradztwo-migracyjne-dla-doroslych-imigrantow-mbe\/","title":{"rendered":"Doradz\u00adtwo migra\u00adcyj\u00adne dla doro\u00ads\u0142ych imi\u00adgran\u00adt\u00f3w (MBE)"},"content":{"rendered":"<h2>Doradz\u00adtwo migra\u00adcyj\u00adne dla doro\u00ads\u0142ych imi\u00adgran\u00adt\u00f3w (MBE)<\/h2>\n<p><strong>Dora\u00addza\u00admy bez\u00adp\u0142at\u00adnie wszyst\u00adkim imi\u00adgran\u00adtom&nbsp;z:<\/strong><br>\n\u2014 rezy\u00adden\u00adcja w mie\u00ad\u015bcie Karlsruhe<br>\n\u2014 co naj\u00admniej 27&nbsp;lat<br>\n\u2014 sta\u00adtus sta\u00ad\u0142e\u00adgo poby\u00adtu do 3 lat po wydaniu<br>\n\u2014 Oby\u00adwa\u00adte\u00adle UE i sp\u00f3\u017a\u00adnie\u00adni repatrianci<\/p>\n<p><strong>Ofe\u00adru\u00adje\u00admy Ci wspar\u00adcie, je\u015bli masz pyta\u00adnia dotycz\u0105ce:<\/strong><br>\n\u2014 kur\u00adsy j\u0119zy\u00adko\u00adwe i integracyjne<br>\n\u2014&nbsp;pobyt<br>\n\u2014 Opie\u00adka nad dzie\u0107\u00admi, edu\u00adka\u00adcja i szko\u0142a<br>\n\u2014 obudowa<br>\n\u2014 opie\u00adka zdrowotna<br>\n\u2014 Finan\u00adse (\u015bwiad\u00adcze\u00adnia spo\u0142eczne)<br>\n\u2014 \u0141\u0105cze\u00adnie ma\u0142\u017conk\u00f3w\/rodzin<\/p>\n<p>Pro\u00adwa\u00addzi\u00admy porad\u00adnic\u00adtwo w nast\u0119\u00adpu\u00adj\u0105\u00adcych j\u0119zy\u00adkach: Nie\u00admiec\u00adkim, Angiel\u00adskim, Chor\u00adwac\u00adko-Serb\u00adskim i Hiszpa\u0144skim.<br>\nKon\u00adsul\u00adta\u00adcje po wcze\u00ad\u015bniej\u00adszym um\u00f3\u00adwie\u00adniu&nbsp;si\u0119<\/p>\n","protected":false},"author":12,"featured_media":34984,"template":"","class_list":["post-35191","event","type-event","status-publish","has-post-thumbnail","hentry","event_category-pomoc-pl"],"acf":{"event-recurring":true,"event-category":185,"event-is-language-course":false,"event-recurring-still-active":true,"event-display-details":true,"event-schedules-recurring":[{"event-recurring-week-day":"0","event-recurring-time":"09.00 - 12.00 \/ 14.00 - 16.00","event-recurring-time-text":""},{"event-recurring-week-day":"1","event-recurring-time":"09.00 - 12.00 ","event-recurring-time-text":""},{"event-recurring-week-day":"2","event-recurring-time":"09.00 - 12.00 ","event-recurring-time-text":""},{"event-recurring-week-day":"3","event-recurring-time":"09.00 - 12.00 \/ 14.00 - 16.00","event-recurring-time-text":""},{"event-recurring-week-day":"4","event-recurring-time":"09.00 - 12.00 ","event-recurring-time-text":""}],"event-schedules-calendar":null,"event-is-online":false,"event-online-url":"","event-location-building":"Beratungs- und Familienzentrum Caritashaus","event-location-street":"Sophienstra\u00dfe 33","event-location-zip":"76133","event-location-city":"Karlsruhe","event-location-contact-person":"Tamara Hillens","event-location-phone":"(0721) 91243-16","event-location-phone-2":"(0721) 91243-99","event-location-mail":"sekretariat-oemd@caritas-karlsruhe.de","event-location-mail-2":"","event-location-website":"https:\/\/www.caritas-karlsruhe.de\/oemd","event-target-group":[{"target-group":"adults"}],"event-target-group-comment":"","event-free":true,"event-organiser":[10339],"event-header-copyright-overlay":true,"event-copyright-note-description-end":false},"featured_image_urls_v2":{"full":["https:\/\/www.anika-net.de\/wp-content\/uploads\/2019\/03\/Caritas-und-Diakonie.jpg",1181,709,false],"thumbnail":["https:\/\/www.anika-net.de\/wp-content\/uploads\/2019\/03\/Caritas-und-Diakonie-150x150.jpg",150,150,true],"medium":["https:\/\/www.anika-net.de\/wp-content\/uploads\/2019\/03\/Caritas-und-Diakonie-300x180.jpg",300,180,true],"medium_large":["https:\/\/www.anika-net.de\/wp-content\/uploads\/2019\/03\/Caritas-und-Diakonie-768x461.jpg",640,384,true],"large":["https:\/\/www.anika-net.de\/wp-content\/uploads\/2019\/03\/Caritas-und-Diakonie-1024x615.jpg",640,384,true],"1536x1536":["https:\/\/www.anika-net.de\/wp-content\/uploads\/2019\/03\/Caritas-und-Diakonie.jpg",1181,709,false],"2048x2048":["https:\/\/www.anika-net.de\/wp-content\/uploads\/2019\/03\/Caritas-und-Diakonie.jpg",1181,709,false],"event-overview":["https:\/\/www.anika-net.de\/wp-content\/uploads\/2019\/03\/Caritas-und-Diakonie-960x640.jpg",960,640,true],"event-archive-thumb":["https:\/\/www.anika-net.de\/wp-content\/uploads\/2019\/03\/Caritas-und-Diakonie-480x288.jpg",480,288,true],"grid-item-thumbnail":["https:\/\/www.anika-net.de\/wp-content\/uploads\/2019\/03\/Caritas-und-Diakonie-360x200.jpg",360,200,true],"network-partner-icon":["https:\/\/www.anika-net.de\/wp-content\/uploads\/2019\/03\/Caritas-und-Diakonie-100x100.jpg",100,100,true],"organiser-icon":["https:\/\/www.anika-net.de\/wp-content\/uploads\/2019\/03\/Caritas-und-Diakonie-200x200.jpg",200,200,true],"gform-image-choice-sm":["https:\/\/www.anika-net.de\/wp-content\/uploads\/2019\/03\/Caritas-und-Diakonie.jpg",300,180,false],"gform-image-choice-md":["https:\/\/www.anika-net.de\/wp-content\/uploads\/2019\/03\/Caritas-und-Diakonie.jpg",400,240,false],"gform-image-choice-lg":["https:\/\/www.anika-net.de\/wp-content\/uploads\/2019\/03\/Caritas-und-Diakonie.jpg",600,360,false]},"post_excerpt_stackable_v2":"<p>Doradz\u00adtwo migra\u00adcyj\u00adne dla doro\u00ads\u0142ych imi\u00adgran\u00adt\u00f3w (MBE) Dora\u00addza\u00admy bez\u00adp\u0142at\u00adnie wszyst\u00adkim imi\u00adgran\u00adtom&nbsp;z: \u2014 rezy\u00adden\u00adcja w mie\u00ad\u015bcie Karls\u00adru\u00adhe \u2014 co naj\u00admniej 27&nbsp;lat \u2014 sta\u00adtus sta\u00ad\u0142e\u00adgo poby\u00adtu do 3 lat po wyda\u00adniu \u2014 Oby\u00adwa\u00adte\u00adle UE i sp\u00f3\u017a\u00adnie\u00adni repa\u00adtrian\u00adci Ofe\u00adru\u00adje\u00admy Ci wspar\u00adcie, je\u015bli masz pyta\u00adnia doty\u00adcz\u0105\u00adce: \u2014 kur\u00adsy j\u0119zy\u00adko\u00adwe i inte\u00adgra\u00adcyj\u00adne \u2014&nbsp;pobyt \u2014 Opie\u00adka nad dzie\u0107\u00admi, edu\u00adka\u00adcja i szko\u00ad\u0142a \u2014 obu\u00addo\u00adwa \u2014 opie\u00adka zdro\u00adwot\u00adna \u2014 Finan\u00adse (\u015bwiad\u00adcze\u00adnia spo\u00ad\u0142ecz\u00adne) \u2014 \u0141\u0105cze\u00adnie ma\u0142\u017conk\u00f3w\/rodzin Pro\u00adwa\u00addzi\u00admy porad\u00adnic\u00adtwo w nast\u0119\u00adpu\u00adj\u0105\u00adcych j\u0119zy\u00adkach: Nie\u00admiec\u00adkim, Angiel\u00adskim, Cho\u00adr\u00adwa\u00adc\u00adko-Ser\u00adb\u00adskim i Hisz\u00adpa\u0144\u00adskim. Kon\u00adsul\u00adta\u00adcje po wcze\u00ad\u015bniej\u00adszym um\u00f3\u00adwie\u00adniu&nbsp;si\u0119<\/p>\n","category_list_v2":"","author_info_v2":{"name":"Andrea Ramirez","url":"https:\/\/www.anika-net.de\/pl\/author\/andrea-ramirez\/"},"comments_num_v2":"0 comments","uagb_featured_image_src":{"full":["https:\/\/www.anika-net.de\/wp-content\/uploads\/2019\/03\/Caritas-und-Diakonie.jpg",1181,709,false],"thumbnail":["https:\/\/www.anika-net.de\/wp-content\/uploads\/2019\/03\/Caritas-und-Diakonie-150x150.jpg",150,150,true],"medium":["https:\/\/www.anika-net.de\/wp-content\/uploads\/2019\/03\/Caritas-und-Diakonie-300x180.jpg",300,180,true],"medium_large":["https:\/\/www.anika-net.de\/wp-content\/uploads\/2019\/03\/Caritas-und-Diakonie-768x461.jpg",640,384,true],"large":["https:\/\/www.anika-net.de\/wp-content\/uploads\/2019\/03\/Caritas-und-Diakonie-1024x615.jpg",640,384,true],"1536x1536":["https:\/\/www.anika-net.de\/wp-content\/uploads\/2019\/03\/Caritas-und-Diakonie.jpg",1181,709,false],"2048x2048":["https:\/\/www.anika-net.de\/wp-content\/uploads\/2019\/03\/Caritas-und-Diakonie.jpg",1181,709,false],"event-overview":["https:\/\/www.anika-net.de\/wp-content\/uploads\/2019\/03\/Caritas-und-Diakonie-960x640.jpg",960,640,true],"event-archive-thumb":["https:\/\/www.anika-net.de\/wp-content\/uploads\/2019\/03\/Caritas-und-Diakonie-480x288.jpg",480,288,true],"grid-item-thumbnail":["https:\/\/www.anika-net.de\/wp-content\/uploads\/2019\/03\/Caritas-und-Diakonie-360x200.jpg",360,200,true],"network-partner-icon":["https:\/\/www.anika-net.de\/wp-content\/uploads\/2019\/03\/Caritas-und-Diakonie-100x100.jpg",100,100,true],"organiser-icon":["https:\/\/www.anika-net.de\/wp-content\/uploads\/2019\/03\/Caritas-und-Diakonie-200x200.jpg",200,200,true],"gform-image-choice-sm":["https:\/\/www.anika-net.de\/wp-content\/uploads\/2019\/03\/Caritas-und-Diakonie.jpg",300,180,false],"gform-image-choice-md":["https:\/\/www.anika-net.de\/wp-content\/uploads\/2019\/03\/Caritas-und-Diakonie.jpg",400,240,false],"gform-image-choice-lg":["https:\/\/www.anika-net.de\/wp-content\/uploads\/2019\/03\/Caritas-und-Diakonie.jpg",600,360,false]},"uagb_author_info":{"display_name":"Andrea Ramirez","author_link":"https:\/\/www.anika-net.de\/pl\/author\/andrea-ramirez\/"},"uagb_comment_info":0,"uagb_excerpt":"Doradz\u00adtwo migra\u00adcyj\u00adne dla doro\u00ads\u0142ych imi\u00adgran\u00adt\u00f3w (MBE) Dora\u00addza\u00admy bez\u00adp\u0142at\u00adnie wszyst\u00adkim imi\u00adgran\u00adtom&nbsp;z: \u2014 rezy\u00adden\u00adcja w mie\u00ad\u015bcie Karlsruhe \u2014 co naj\u00admniej 27&nbsp;lat \u2014 sta\u00adtus sta\u00ad\u0142e\u00adgo poby\u00adtu do 3 lat po wydaniu \u2014 Oby\u00adwa\u00adte\u00adle&nbsp;czytaj wi\u0119cej","_links":{"self":[{"href":"https:\/\/www.anika-net.de\/pl\/wp-json\/wp\/v2\/event\/35191","targetHints":{"allow":["GET"]}}],"collection":[{"href":"https:\/\/www.anika-net.de\/pl\/wp-json\/wp\/v2\/event"}],"about":[{"href":"https:\/\/www.anika-net.de\/pl\/wp-json\/wp\/v2\/types\/event"}],"author":[{"embeddable":true,"href":"https:\/\/www.anika-net.de\/pl\/wp-json\/wp\/v2\/users\/12"}],"version-history":[{"count":1,"href":"https:\/\/www.anika-net.de\/pl\/wp-json\/wp\/v2\/event\/35191\/revisions"}],"predecessor-version":[{"id":60794,"href":"https:\/\/www.anika-net.de\/pl\/wp-json\/wp\/v2\/event\/35191\/revisions\/60794"}],"acf:post":[{"embeddable":true,"href":"https:\/\/www.anika-net.de\/pl\/wp-json\/wp\/v2\/organiser\/10339"}],"acf:term":[{"embeddable":true,"taxonomy":"event_category","href":"https:\/\/www.anika-net.de\/pl\/wp-json\/wp\/v2\/event_category\/185"}],"wp:featuredmedia":[{"embeddable":true,"href":"https:\/\/www.anika-net.de\/pl\/wp-json\/wp\/v2\/media\/34984"}],"wp:attachment":[{"href":"https:\/\/www.anika-net.de\/pl\/wp-json\/wp\/v2\/media?parent=35191"}],"curies":[{"name":"wp","href":"https:\/\/api.w.org\/{rel}","templated":true}]}}

Doradz­two migra­cyj­ne dla doro­słych imi­gran­tów (MBE)

<h2>Doradz­two migra­cyj­ne dla doro­słych imi­gran­tów (MBE)</h2>
<p><strong>Dora­dza­my bez­płat­nie wszyst­kim imi­gran­tom&nbsp;z:</strong><br>
— rezy­den­cja w mie­ście Karlsruhe<br>
— co naj­mniej 27&nbsp;lat<br>
— sta­tus sta­łe­go poby­tu do 3 lat po wydaniu<br>
— Oby­wa­te­le UE i spóź­nie­ni repatrianci</p>
<p><strong>Ofe­ru­je­my Ci wspar­cie, jeśli masz pyta­nia dotyczące:</strong><br>
— kur­sy języ­ko­we i integracyjne<br>
—&nbsp;pobyt<br>
— Opie­ka nad dzieć­mi, edu­ka­cja i szkoła<br>
— obudowa<br>
— opie­ka zdrowotna<br>
— Finan­se (świad­cze­nia społeczne)<br>
— Łącze­nie małżonków/rodzin</p>
<p>Pro­wa­dzi­my porad­nic­two w nastę­pu­ją­cych języ­kach: Nie­miec­kim, Angiel­skim, Chor­wac­ko-Serb­skim i Hiszpańskim.<br>
Kon­sul­ta­cje po wcze­śniej­szym umó­wie­niu&nbsp;się</p>

Sophienstraße 33

<p>Doradz­two migra­cyj­ne dla doro­słych imi­gran­tów (MBE) Dora­dza­my bez­płat­nie wszyst­kim imi­gran­tom&nbsp;z: — rezy­den­cja w mie­ście Karls­ru­he — co naj­mniej 27&nbsp;lat — sta­tus sta­łe­go poby­tu do 3 lat po wyda­niu — Oby­wa­te­le UE i spóź­nie­ni repa­trian­ci Ofe­ru­je­my Ci wspar­cie, jeśli masz pyta­nia doty­czą­ce: — kur­sy języ­ko­we i inte­gra­cyj­ne —&nbsp;pobyt — Opie­ka nad dzieć­mi, edu­ka­cja i szko­ła — obu­do­wa — opie­ka zdro­wot­na — Finan­se (świad­cze­nia spo­łecz­ne) — Łącze­nie małżonków/rodzin Pro­wa­dzi­my porad­nic­two w nastę­pu­ją­cych języ­kach: Nie­miec­kim, Angiel­skim, Cho­r­wa­c­ko-Ser­b­skim i Hisz­pań­skim. Kon­sul­ta­cje po wcze­śniej­szym umó­wie­niu&nbsp;się</p>

Doradz­two migra­cyj­ne dla doro­słych imi­gran­tów (MBE) Dora­dza­my bez­płat­nie wszyst­kim imi­gran­tom&nbsp;z: — rezy­den­cja w mie­ście Karlsruhe — co naj­mniej 27&nbsp;lat — sta­tus sta­łe­go poby­tu do 3 lat po wydaniu — Oby­wa­te­le&nbsp;czytaj więcej
