{"id":32240,"date":"2023-02-08T11:15:14","date_gmt":"2023-02-08T10:15:14","guid":{"rendered":"https:\/\/www.anika-net.de\/event\/filmy-objasniajace-na-temat-systemu-edukacji-w-badenii-wirtembergii\/"},"modified":"2025-04-17T15:30:56","modified_gmt":"2025-04-17T13:30:56","slug":"filmy-objasniajace-na-temat-systemu-edukacji-w-badenii-wirtembergii","status":"publish","type":"event","link":"https:\/\/www.anika-net.de\/pl\/event\/filmy-objasniajace-na-temat-systemu-edukacji-w-badenii-wirtembergii\/","title":{"rendered":"Fil\u00admy obja\u00ad\u015bnia\u00adj\u0105\u00adce na temat sys\u00adte\u00admu edu\u00adka\u00adcji w Badenii-Wirtembergii"},"content":{"rendered":"<h4><span style=\"color: #666699;\">Nie\u00adza\u00adle\u017c\u00adnie od tego, czy cho\u00addzi o przed\u00adszko\u00adle, szko\u00ad\u0142\u0119 czy szko\u00adle\u00adnie zawodowe.<br>\nPo prze\u00adpro\u00adwadz\u00adce trze\u00adba pod\u00adj\u0105\u0107 wie\u00adle decyzji.<\/span><\/h4>\n<figure id=\"attachment_60172\" aria-describedby=\"caption-attachment-60172\" style=\"width: 300px\" class=\"wp-caption alignnone\"><img decoding=\"async\" class=\"size-medium wp-image-60172\" src=\"https:\/\/www.anika-net.de\/wp-content\/uploads\/2023\/02\/wege-im-Bildungssystem-300x180.png\" alt width=\"300\" height=\"180\" srcset=\"https:\/\/www.anika-net.de\/wp-content\/uploads\/2023\/02\/wege-im-Bildungssystem-300x180.png 300w, https:\/\/www.anika-net.de\/wp-content\/uploads\/2023\/02\/wege-im-Bildungssystem-1024x614.png 1024w, https:\/\/www.anika-net.de\/wp-content\/uploads\/2023\/02\/wege-im-Bildungssystem-768x461.png 768w, https:\/\/www.anika-net.de\/wp-content\/uploads\/2023\/02\/wege-im-Bildungssystem-480x288.png 480w, https:\/\/www.anika-net.de\/wp-content\/uploads\/2023\/02\/wege-im-Bildungssystem.png 1410w\" sizes=\"(max-width: 300px) 100vw, 300px\"><figcaption id=\"caption-attachment-60172\" class=\"wp-caption-text\">@Elternstiftung Baden W\u00fcrttemberg<\/figcaption><\/figure>\n<h1><span style=\"color: #ff9900;\">Fil\u00admy obja\u00ad\u015bnia\u00adj\u0105\u00adce na temat sys\u00adte\u00admu edu\u00adka\u00adcji w Badenii-Wirtembergii<\/span><\/h1>\n<p>Aby wes\u00adprze\u0107 nowo przy\u00adby\u00ad\u0142ych rodzi\u00adc\u00f3w, Eltern\u00adsti\u00adftung Baden-W\u00fcrt\u00adtem\u00adberg przy\u00adgo\u00adto\u00adwa\u00ad\u0142a fil\u00admy obja\u00ad\u015bnia\u00adj\u0105\u00adce sys\u00adtem edu\u00adka\u00adcji w Bade\u00adnii-Wir\u00adtem\u00adber\u00adgii w<strong> trzy\u00adna\u00adstu j\u0119zy\u00adkach<\/strong>.<br>\nTe fil\u00admy obja\u00ad\u015bnia\u00adj\u0105\u00adce maj\u0105 na celu dostar\u00adcze\u00adnie infor\u00adma\u00adcji i orien\u00adta\u00adcji dla ka\u017c\u00adde\u00adgo, kto jest nowy w Karls\u00adru\u00adhe, na takie tema\u00adty jak opie\u00adka dzien\u00adna, szko\u00ad\u0142a i spo\u0142ecze\u0144stwo.<\/p>\n<h4><span style=\"color: #008080;\">Do kogo skie\u00adro\u00adwa\u00adne s\u0105 fil\u00admy obja\u015bniaj\u0105ce?<\/span><\/h4>\n<p>Prze\u00adwod\u00adnik poma\u00adga rodzi\u00adcom odna\u00adle\u017a\u0107 si\u0119 w nowym miej\u00adscu i poka\u00adzu\u00adje ofi\u00adce\u00adrom inte\u00adgra\u00adcyj\u00adnym, przed\u00adsta\u00adwi\u00adcie\u00adlom rodzi\u00adc\u00f3w, nauczy\u00adcie\u00adlom, men\u00adto\u00adrom rodzi\u00adc\u00f3w i innym oso\u00adbom, kt\u00f3\u00adre maj\u0105 kon\u00adtakt z nowo przy\u00adby\u00ad\u0142y\u00admi rodzi\u00adca\u00admi, r\u00f3\u017c\u00adne mo\u017c\u00adli\u00adwo\u00ad\u015bci wsparcia.<\/p>\n<p><strong><a href=\"https:\/\/www.wegweiser-bw.de\/videos\" rel=\"noopener\"><strong>Fil\u00admy instruk\u00adta\u00ad\u017co\u00adwe doty\u00adcz\u0105\u00adce sys\u00adte\u00admu edu\u00adka\u00adcji w Badenii-Wirtembergii<\/strong><\/a><\/strong><\/p>\n","protected":false},"author":12,"featured_media":32204,"template":"","class_list":["post-32240","event","type-event","status-publish","has-post-thumbnail","hentry","event_category-edukacja"],"acf":{"event-recurring":true,"event-category":182,"event-is-language-course":false,"event-recurring-still-active":true,"event-display-details":true,"event-schedules-recurring":null,"event-schedules-calendar":null,"event-is-online":false,"event-online-url":"","event-location-building":"Gemeinn\u00fctzige Elternstiftung Baden-W\u00fcrttemberg ","event-location-street":"Silberburgstr. 158 ","event-location-zip":"70178","event-location-city":"Stuttgart","event-location-contact-person":"","event-location-phone":"0711- 27 34 150","event-location-phone-2":"","event-location-mail":"info@elternstiftung.de","event-location-mail-2":"","event-location-website":"https:\/\/www.wegweiser-bw.de\/videos","event-target-group":[{"target-group":"families"},{"target-group":"parents"}],"event-target-group-comment":"","event-free":true,"event-organiser":[32213],"event-header-copyright-overlay":true,"event-copyright-note-description-end":true},"featured_image_urls_v2":{"full":["https:\/\/www.anika-net.de\/wp-content\/uploads\/2023\/02\/Erklaerfilm-Schulformen-Baden-Wuerttemberg-06-scaled.jpg",2560,1440,false],"thumbnail":["https:\/\/www.anika-net.de\/wp-content\/uploads\/2023\/02\/Erklaerfilm-Schulformen-Baden-Wuerttemberg-06-150x150.jpg",150,150,true],"medium":["https:\/\/www.anika-net.de\/wp-content\/uploads\/2023\/02\/Erklaerfilm-Schulformen-Baden-Wuerttemberg-06-300x169.jpg",300,169,true],"medium_large":["https:\/\/www.anika-net.de\/wp-content\/uploads\/2023\/02\/Erklaerfilm-Schulformen-Baden-Wuerttemberg-06-768x432.jpg",640,360,true],"large":["https:\/\/www.anika-net.de\/wp-content\/uploads\/2023\/02\/Erklaerfilm-Schulformen-Baden-Wuerttemberg-06-1024x576.jpg",640,360,true],"1536x1536":["https:\/\/www.anika-net.de\/wp-content\/uploads\/2023\/02\/Erklaerfilm-Schulformen-Baden-Wuerttemberg-06-1536x864.jpg",1536,864,true],"2048x2048":["https:\/\/www.anika-net.de\/wp-content\/uploads\/2023\/02\/Erklaerfilm-Schulformen-Baden-Wuerttemberg-06-2048x1152.jpg",2048,1152,true],"event-overview":["https:\/\/www.anika-net.de\/wp-content\/uploads\/2023\/02\/Erklaerfilm-Schulformen-Baden-Wuerttemberg-06-960x640.jpg",960,640,true],"event-archive-thumb":["https:\/\/www.anika-net.de\/wp-content\/uploads\/2023\/02\/Erklaerfilm-Schulformen-Baden-Wuerttemberg-06-480x270.jpg",480,270,true],"grid-item-thumbnail":["https:\/\/www.anika-net.de\/wp-content\/uploads\/2023\/02\/Erklaerfilm-Schulformen-Baden-Wuerttemberg-06-360x200.jpg",360,200,true],"network-partner-icon":["https:\/\/www.anika-net.de\/wp-content\/uploads\/2023\/02\/Erklaerfilm-Schulformen-Baden-Wuerttemberg-06-100x100.jpg",100,100,true],"organiser-icon":["https:\/\/www.anika-net.de\/wp-content\/uploads\/2023\/02\/Erklaerfilm-Schulformen-Baden-Wuerttemberg-06-200x200.jpg",200,200,true],"gform-image-choice-sm":["https:\/\/www.anika-net.de\/wp-content\/uploads\/2023\/02\/Erklaerfilm-Schulformen-Baden-Wuerttemberg-06-scaled.jpg",300,169,false],"gform-image-choice-md":["https:\/\/www.anika-net.de\/wp-content\/uploads\/2023\/02\/Erklaerfilm-Schulformen-Baden-Wuerttemberg-06-scaled.jpg",400,225,false],"gform-image-choice-lg":["https:\/\/www.anika-net.de\/wp-content\/uploads\/2023\/02\/Erklaerfilm-Schulformen-Baden-Wuerttemberg-06-scaled.jpg",600,338,false]},"post_excerpt_stackable_v2":"<p>Nie\u00adza\u00adle\u017c\u00adnie od tego, czy cho\u00addzi o przed\u00adszko\u00adle, szko\u00ad\u0142\u0119 czy szko\u00adle\u00adnie zawo\u00addo\u00adwe. Po prze\u00adpro\u00adwadz\u00adce trze\u00adba pod\u00adj\u0105\u0107 wie\u00adle decy\u00adzji. @Elternstiftung Baden W\u00fcrt\u00adtem\u00adberg Fil\u00admy obja\u00ad\u015bnia\u00adj\u0105\u00adce na temat sys\u00adte\u00admu edu\u00adka\u00adcji w Bade\u00adnii-Wir\u00adtem\u00adber\u00adgii Aby wes\u00adprze\u0107 nowo przy\u00adby\u00ad\u0142ych rodzi\u00adc\u00f3w, Eltern\u00adsti\u00adftung Baden-W\u00fcr\u00adt\u00adte\u00adm\u00adberg przy\u00adgo\u00adto\u00adwa\u00ad\u0142a fil\u00admy obja\u00ad\u015bnia\u00adj\u0105\u00adce sys\u00adtem edu\u00adka\u00adcji w Bade\u00ad\u00adnii-Wir\u00adte\u00adm\u00adbe\u00adr\u00adgii w trzy\u00adna\u00adstu j\u0119zy\u00adkach. Te fil\u00admy obja\u00ad\u015bnia\u00adj\u0105\u00adce maj\u0105 na celu dostar\u00adcze\u00adnie infor\u00adma\u00adcji i orien\u00adta\u00adcji dla ka\u017c\u00adde\u00adgo, kto jest nowy w Karls\u00adru\u00adhe, na takie tema\u00adty jak opie\u00adka dzien\u00adna, szko\u00ad\u0142a i spo\u00ad\u0142e\u00adcze\u0144\u00adstwo. Do kogo skie\u00adro\u00adwa\u00adne s\u0105 fil\u00admy obja\u00ad\u015bnia\u00adj\u0105\u00adce? Prze\u00adwod\u00adnik poma\u00adga rodzi\u00adcom odna\u00adle\u017a\u0107 si\u0119 w nowym miej\u00adscu i poka\u00adzu\u00adje ofi\u00adce\u00adrom inte\u00adgra\u00adcyj\u00adnym, przed\u00adsta\u00adwi\u00adcie\u00adlom rodzi\u00adc\u00f3w, nauczy\u00adcie\u00adlom, men\u00adto\u00adrom rodzi\u00adc\u00f3w i innym oso\u00adbom, kt\u00f3\u00adre maj\u0105 kontakt\u2026<\/p>\n","category_list_v2":"","author_info_v2":{"name":"Andrea Ramirez","url":"https:\/\/www.anika-net.de\/pl\/author\/andrea-ramirez\/"},"comments_num_v2":"0 comments","uagb_featured_image_src":{"full":["https:\/\/www.anika-net.de\/wp-content\/uploads\/2023\/02\/Erklaerfilm-Schulformen-Baden-Wuerttemberg-06-scaled.jpg",2560,1440,false],"thumbnail":["https:\/\/www.anika-net.de\/wp-content\/uploads\/2023\/02\/Erklaerfilm-Schulformen-Baden-Wuerttemberg-06-150x150.jpg",150,150,true],"medium":["https:\/\/www.anika-net.de\/wp-content\/uploads\/2023\/02\/Erklaerfilm-Schulformen-Baden-Wuerttemberg-06-300x169.jpg",300,169,true],"medium_large":["https:\/\/www.anika-net.de\/wp-content\/uploads\/2023\/02\/Erklaerfilm-Schulformen-Baden-Wuerttemberg-06-768x432.jpg",640,360,true],"large":["https:\/\/www.anika-net.de\/wp-content\/uploads\/2023\/02\/Erklaerfilm-Schulformen-Baden-Wuerttemberg-06-1024x576.jpg",640,360,true],"1536x1536":["https:\/\/www.anika-net.de\/wp-content\/uploads\/2023\/02\/Erklaerfilm-Schulformen-Baden-Wuerttemberg-06-1536x864.jpg",1536,864,true],"2048x2048":["https:\/\/www.anika-net.de\/wp-content\/uploads\/2023\/02\/Erklaerfilm-Schulformen-Baden-Wuerttemberg-06-2048x1152.jpg",2048,1152,true],"event-overview":["https:\/\/www.anika-net.de\/wp-content\/uploads\/2023\/02\/Erklaerfilm-Schulformen-Baden-Wuerttemberg-06-960x640.jpg",960,640,true],"event-archive-thumb":["https:\/\/www.anika-net.de\/wp-content\/uploads\/2023\/02\/Erklaerfilm-Schulformen-Baden-Wuerttemberg-06-480x270.jpg",480,270,true],"grid-item-thumbnail":["https:\/\/www.anika-net.de\/wp-content\/uploads\/2023\/02\/Erklaerfilm-Schulformen-Baden-Wuerttemberg-06-360x200.jpg",360,200,true],"network-partner-icon":["https:\/\/www.anika-net.de\/wp-content\/uploads\/2023\/02\/Erklaerfilm-Schulformen-Baden-Wuerttemberg-06-100x100.jpg",100,100,true],"organiser-icon":["https:\/\/www.anika-net.de\/wp-content\/uploads\/2023\/02\/Erklaerfilm-Schulformen-Baden-Wuerttemberg-06-200x200.jpg",200,200,true],"gform-image-choice-sm":["https:\/\/www.anika-net.de\/wp-content\/uploads\/2023\/02\/Erklaerfilm-Schulformen-Baden-Wuerttemberg-06-scaled.jpg",300,169,false],"gform-image-choice-md":["https:\/\/www.anika-net.de\/wp-content\/uploads\/2023\/02\/Erklaerfilm-Schulformen-Baden-Wuerttemberg-06-scaled.jpg",400,225,false],"gform-image-choice-lg":["https:\/\/www.anika-net.de\/wp-content\/uploads\/2023\/02\/Erklaerfilm-Schulformen-Baden-Wuerttemberg-06-scaled.jpg",600,338,false]},"uagb_author_info":{"display_name":"Andrea Ramirez","author_link":"https:\/\/www.anika-net.de\/pl\/author\/andrea-ramirez\/"},"uagb_comment_info":0,"uagb_excerpt":"Nie\u00adza\u00adle\u017c\u00adnie od tego, czy cho\u00addzi o przed\u00adszko\u00adle, szko\u00ad\u0142\u0119 czy szko\u00adle\u00adnie zawodowe. Po prze\u00adpro\u00adwadz\u00adce trze\u00adba pod\u00adj\u0105\u0107 wie\u00adle decyzji. Fil\u00admy obja\u00ad\u015bnia\u00adj\u0105\u00adce na temat sys\u00adte\u00admu edu\u00adka\u00adcji w Badenii-Wirtembergii Aby wes\u00adprze\u0107 nowo przy\u00adby\u00ad\u0142ych rodzi\u00adc\u00f3w,&nbsp;czytaj wi\u0119cej","_links":{"self":[{"href":"https:\/\/www.anika-net.de\/pl\/wp-json\/wp\/v2\/event\/32240","targetHints":{"allow":["GET"]}}],"collection":[{"href":"https:\/\/www.anika-net.de\/pl\/wp-json\/wp\/v2\/event"}],"about":[{"href":"https:\/\/www.anika-net.de\/pl\/wp-json\/wp\/v2\/types\/event"}],"author":[{"embeddable":true,"href":"https:\/\/www.anika-net.de\/pl\/wp-json\/wp\/v2\/users\/12"}],"version-history":[{"count":2,"href":"https:\/\/www.anika-net.de\/pl\/wp-json\/wp\/v2\/event\/32240\/revisions"}],"predecessor-version":[{"id":60790,"href":"https:\/\/www.anika-net.de\/pl\/wp-json\/wp\/v2\/event\/32240\/revisions\/60790"}],"acf:post":[{"embeddable":true,"href":"https:\/\/www.anika-net.de\/pl\/wp-json\/wp\/v2\/organiser\/32213"}],"acf:term":[{"embeddable":true,"taxonomy":"event_category","href":"https:\/\/www.anika-net.de\/pl\/wp-json\/wp\/v2\/event_category\/182"}],"wp:featuredmedia":[{"embeddable":true,"href":"https:\/\/www.anika-net.de\/pl\/wp-json\/wp\/v2\/media\/32204"}],"wp:attachment":[{"href":"https:\/\/www.anika-net.de\/pl\/wp-json\/wp\/v2\/media?parent=32240"}],"curies":[{"name":"wp","href":"https:\/\/api.w.org\/{rel}","templated":true}]}}

Fil­my obja­śnia­ją­ce na temat sys­te­mu edu­ka­cji w Badenii-Wirtembergii

<h4><span style="color: #666699;">Nie­za­leż­nie od tego, czy cho­dzi o przed­szko­le, szko­łę czy szko­le­nie zawodowe.<br>
Po prze­pro­wadz­ce trze­ba pod­jąć wie­le decyzji.</span></h4>
<figure id="attachment_60172" aria-describedby="caption-attachment-60172" style="width: 300px" class="wp-caption alignnone"><img decoding="async" class="size-medium wp-image-60172" src="https://www.anika-net.de/wp-content/uploads/2023/02/wege-im-Bildungssystem-300x180.png" alt width="300" height="180" srcset="https://www.anika-net.de/wp-content/uploads/2023/02/wege-im-Bildungssystem-300x180.png 300w, https://www.anika-net.de/wp-content/uploads/2023/02/wege-im-Bildungssystem-1024x614.png 1024w, https://www.anika-net.de/wp-content/uploads/2023/02/wege-im-Bildungssystem-768x461.png 768w, https://www.anika-net.de/wp-content/uploads/2023/02/wege-im-Bildungssystem-480x288.png 480w, https://www.anika-net.de/wp-content/uploads/2023/02/wege-im-Bildungssystem.png 1410w" sizes="(max-width: 300px) 100vw, 300px"><figcaption id="caption-attachment-60172" class="wp-caption-text">@Elternstiftung Baden Württemberg</figcaption></figure>
<h1><span style="color: #ff9900;">Fil­my obja­śnia­ją­ce na temat sys­te­mu edu­ka­cji w Badenii-Wirtembergii</span></h1>
<p>Aby wes­przeć nowo przy­by­łych rodzi­ców, Eltern­sti­ftung Baden-Würt­tem­berg przy­go­to­wa­ła fil­my obja­śnia­ją­ce sys­tem edu­ka­cji w Bade­nii-Wir­tem­ber­gii w<strong> trzy­na­stu języ­kach</strong>.<br>
Te fil­my obja­śnia­ją­ce mają na celu dostar­cze­nie infor­ma­cji i orien­ta­cji dla każ­de­go, kto jest nowy w Karls­ru­he, na takie tema­ty jak opie­ka dzien­na, szko­ła i społeczeństwo.</p>
<h4><span style="color: #008080;">Do kogo skie­ro­wa­ne są fil­my objaśniające?</span></h4>
<p>Prze­wod­nik poma­ga rodzi­com odna­leźć się w nowym miej­scu i poka­zu­je ofi­ce­rom inte­gra­cyj­nym, przed­sta­wi­cie­lom rodzi­ców, nauczy­cie­lom, men­to­rom rodzi­ców i innym oso­bom, któ­re mają kon­takt z nowo przy­by­ły­mi rodzi­ca­mi, róż­ne moż­li­wo­ści wsparcia.</p>
<p><strong><a href="https://www.wegweiser-bw.de/videos" rel="noopener"><strong>Fil­my instruk­ta­żo­we doty­czą­ce sys­te­mu edu­ka­cji w Badenii-Wirtembergii</strong></a></strong></p>

Gemeinnützige Elternstiftung Baden-Württemberg

<p>Nie­za­leż­nie od tego, czy cho­dzi o przed­szko­le, szko­łę czy szko­le­nie zawo­do­we. Po prze­pro­wadz­ce trze­ba pod­jąć wie­le decy­zji. @Elternstiftung Baden Würt­tem­berg Fil­my obja­śnia­ją­ce na temat sys­te­mu edu­ka­cji w Bade­nii-Wir­tem­ber­gii Aby wes­przeć nowo przy­by­łych rodzi­ców, Eltern­sti­ftung Baden-Wür­t­te­m­berg przy­go­to­wa­ła fil­my obja­śnia­ją­ce sys­tem edu­ka­cji w Bade­­nii-Wir­te­m­be­r­gii w trzy­na­stu języ­kach. Te fil­my obja­śnia­ją­ce mają na celu dostar­cze­nie infor­ma­cji i orien­ta­cji dla każ­de­go, kto jest nowy w Karls­ru­he, na takie tema­ty jak opie­ka dzien­na, szko­ła i spo­łe­czeń­stwo. Do kogo skie­ro­wa­ne są fil­my obja­śnia­ją­ce? Prze­wod­nik poma­ga rodzi­com odna­leźć się w nowym miej­scu i poka­zu­je ofi­ce­rom inte­gra­cyj­nym, przed­sta­wi­cie­lom rodzi­ców, nauczy­cie­lom, men­to­rom rodzi­ców i innym oso­bom, któ­re mają kontakt…</p>

Nie­za­leż­nie od tego, czy cho­dzi o przed­szko­le, szko­łę czy szko­le­nie zawodowe. Po prze­pro­wadz­ce trze­ba pod­jąć wie­le decyzji. Fil­my obja­śnia­ją­ce na temat sys­te­mu edu­ka­cji w Badenii-Wirtembergii Aby wes­przeć nowo przy­by­łych rodzi­ców,&nbsp;czytaj więcej
