{"id":27990,"date":"2022-10-13T13:19:45","date_gmt":"2022-10-13T11:19:45","guid":{"rendered":"https:\/\/www.anika-net.de\/event\/porady-dotyczace-ponownego-wejscia-na-rynek\/"},"modified":"2025-04-17T15:40:07","modified_gmt":"2025-04-17T13:40:07","slug":"porady-dotyczace-ponownego-wejscia-na-rynek","status":"publish","type":"event","link":"https:\/\/www.anika-net.de\/pl\/event\/porady-dotyczace-ponownego-wejscia-na-rynek\/","title":{"rendered":"Pora\u00addy doty\u00adcz\u0105\u00adce ponow\u00adne\u00adgo wej\u00ad\u015bcia na&nbsp;rynek"},"content":{"rendered":"<h3><strong>Ponow\u00adne wej\u00ad\u015bcie na rynek zawodowy<\/strong><\/h3>\n<p>Zasta\u00adna\u00adwiasz si\u0119 cza\u00adsem, czy masz szan\u00adse na obec\u00adnym ryn\u00adku&nbsp;pracy?<br>\nA mo\u017ce zasta\u00adna\u00adwiasz si\u0119, czy mo\u017c\u00adli\u00adwe by\u0142o\u00adby odby\u00adcie prak\u00adtyk zawo\u00addo\u00adwych? Mo\u017ce nawet na p\u00f3\u0142&nbsp;etatu?<br>\nMo\u017ce w zawo\u00addzie, kt\u00f3\u00adry Ci\u0119 spe\u0142\u00adnia i pozwa\u00adla \u017cy\u0107 bez pomo\u00adcy finansowej?<\/p>\n<p><strong>Bez\u00adp\u0142at\u00adnie i bez zobowi\u0105za\u0144<\/strong><br>\nNasi dorad\u00adcy zawo\u00addo\u00adwi s\u0105 do Pa\u0144\u00adstwa dys\u00adpo\u00adzy\u00adcji z ca\u0142\u0105 swo\u00adj\u0105 wie\u00addz\u0105 i kon\u00adtak\u00adta\u00admi w zakre\u00adsie doradz\u00adtwa orien\u00adta\u00adcyj\u00adne\u00adgo. Po\u015bwi\u0119\u00adca\u00adj\u0105 czas na Two\u00adje oba\u00adwy i potra\u00adfi\u0105 prze\u00addys\u00adku\u00adto\u00adwa\u0107 z Tob\u0105 Two\u00adje pomy\u00ads\u0142y, a mo\u017ce ju\u017c zaini\u00adcjo\u00adwa\u0107 kolej\u00adne&nbsp;kroki.<\/p>\n<p>&nbsp;<\/p>\n<p>&nbsp;<\/p>\n<p>&nbsp;<\/p>\n","protected":false},"author":12,"featured_media":9007,"template":"","class_list":["post-27990","event","type-event","status-publish","has-post-thumbnail","hentry","event_category-praca"],"acf":{"event-recurring":true,"event-category":263,"event-is-language-course":false,"event-recurring-still-active":true,"event-display-details":true,"event-schedules-recurring":null,"event-schedules-calendar":null,"event-is-online":false,"event-online-url":"","event-location-building":"Agentur f\u00fcr Arbeit Karlsruhe-Rastatt","event-location-street":"Brauerstr. 10","event-location-zip":"76135","event-location-city":"Karlsruhe","event-location-contact-person":"Berufsberatung im Erwerbsleben (BBiE)","event-location-phone":"+49 721 823 2555 Beratungshotline","event-location-phone-2":"","event-location-mail":"Oberrhein.BBiE@arbeitsagentur.de","event-location-mail-2":"","event-location-website":"https:\/\/www.arbeitsagentur.de\/datei\/die-lebensbegleitende-berufsberatung-der-ba_ba035445.pdf","event-target-group":[{"target-group":"all"}],"event-target-group-comment":"Osoby przed ponownym wej\u015bciem w \u017cycie zawodowe","event-free":true,"event-organiser":[9357],"event-header-copyright-overlay":false,"event-copyright-note-description-end":true},"featured_image_urls_v2":{"full":["https:\/\/www.anika-net.de\/wp-content\/uploads\/2021\/10\/870x489_bundesagentur_fuer_arbeit_logo-1280x640-1.jpg",870,489,false],"thumbnail":["https:\/\/www.anika-net.de\/wp-content\/uploads\/2021\/10\/870x489_bundesagentur_fuer_arbeit_logo-1280x640-1-150x150.jpg",150,150,true],"medium":["https:\/\/www.anika-net.de\/wp-content\/uploads\/2021\/10\/870x489_bundesagentur_fuer_arbeit_logo-1280x640-1-300x169.jpg",300,169,true],"medium_large":["https:\/\/www.anika-net.de\/wp-content\/uploads\/2021\/10\/870x489_bundesagentur_fuer_arbeit_logo-1280x640-1-768x432.jpg",640,360,true],"large":["https:\/\/www.anika-net.de\/wp-content\/uploads\/2021\/10\/870x489_bundesagentur_fuer_arbeit_logo-1280x640-1.jpg",640,360,false],"1536x1536":["https:\/\/www.anika-net.de\/wp-content\/uploads\/2021\/10\/870x489_bundesagentur_fuer_arbeit_logo-1280x640-1.jpg",870,489,false],"2048x2048":["https:\/\/www.anika-net.de\/wp-content\/uploads\/2021\/10\/870x489_bundesagentur_fuer_arbeit_logo-1280x640-1.jpg",870,489,false],"event-overview":["https:\/\/www.anika-net.de\/wp-content\/uploads\/2021\/10\/870x489_bundesagentur_fuer_arbeit_logo-1280x640-1.jpg",870,489,false],"event-archive-thumb":["https:\/\/www.anika-net.de\/wp-content\/uploads\/2021\/10\/870x489_bundesagentur_fuer_arbeit_logo-1280x640-1-480x270.jpg",480,270,true],"grid-item-thumbnail":["https:\/\/www.anika-net.de\/wp-content\/uploads\/2021\/10\/870x489_bundesagentur_fuer_arbeit_logo-1280x640-1-360x200.jpg",360,200,true],"network-partner-icon":["https:\/\/www.anika-net.de\/wp-content\/uploads\/2021\/10\/870x489_bundesagentur_fuer_arbeit_logo-1280x640-1-100x100.jpg",100,100,true],"organiser-icon":["https:\/\/www.anika-net.de\/wp-content\/uploads\/2021\/10\/870x489_bundesagentur_fuer_arbeit_logo-1280x640-1-200x200.jpg",200,200,true],"gform-image-choice-sm":["https:\/\/www.anika-net.de\/wp-content\/uploads\/2021\/10\/870x489_bundesagentur_fuer_arbeit_logo-1280x640-1.jpg",300,169,false],"gform-image-choice-md":["https:\/\/www.anika-net.de\/wp-content\/uploads\/2021\/10\/870x489_bundesagentur_fuer_arbeit_logo-1280x640-1.jpg",400,225,false],"gform-image-choice-lg":["https:\/\/www.anika-net.de\/wp-content\/uploads\/2021\/10\/870x489_bundesagentur_fuer_arbeit_logo-1280x640-1.jpg",600,337,false]},"post_excerpt_stackable_v2":"<p>Ponow\u00adne wej\u00ad\u015bcie na rynek zawo\u00addo\u00adwy Zasta\u00adna\u00adwiasz si\u0119 cza\u00adsem, czy masz szan\u00adse na obec\u00adnym ryn\u00adku&nbsp;pra\u00adcy? A mo\u017ce zasta\u00adna\u00adwiasz si\u0119, czy mo\u017c\u00adli\u00adwe by\u0142o\u00adby odby\u00adcie prak\u00adtyk zawo\u00addo\u00adwych? Mo\u017ce nawet na p\u00f3\u0142&nbsp;eta\u00adtu? Mo\u017ce w zawo\u00addzie, kt\u00f3\u00adry Ci\u0119 spe\u0142\u00adnia i pozwa\u00adla \u017cy\u0107 bez pomo\u00adcy finan\u00adso\u00adwej? Bez\u00adp\u0142at\u00adnie i bez zobo\u00adwi\u0105\u00adza\u0144 Nasi dorad\u00adcy zawo\u00addo\u00adwi s\u0105 do Pa\u0144\u00adstwa dys\u00adpo\u00adzy\u00adcji z ca\u0142\u0105 swo\u00adj\u0105 wie\u00addz\u0105 i kon\u00adtak\u00adta\u00admi w zakre\u00adsie doradz\u00adtwa orien\u00adta\u00adcyj\u00adne\u00adgo. Po\u015bwi\u0119\u00adca\u00adj\u0105 czas na Two\u00adje oba\u00adwy i potra\u00adfi\u0105 prze\u00addys\u00adku\u00adto\u00adwa\u0107 z Tob\u0105 Two\u00adje pomy\u00ads\u0142y, a mo\u017ce ju\u017c zaini\u00adcjo\u00adwa\u0107 kolej\u00adne&nbsp;kroki.&nbsp;<\/p>\n","category_list_v2":"","author_info_v2":{"name":"Andrea Ramirez","url":"https:\/\/www.anika-net.de\/pl\/author\/andrea-ramirez\/"},"comments_num_v2":"0 comments","uagb_featured_image_src":{"full":["https:\/\/www.anika-net.de\/wp-content\/uploads\/2021\/10\/870x489_bundesagentur_fuer_arbeit_logo-1280x640-1.jpg",870,489,false],"thumbnail":["https:\/\/www.anika-net.de\/wp-content\/uploads\/2021\/10\/870x489_bundesagentur_fuer_arbeit_logo-1280x640-1-150x150.jpg",150,150,true],"medium":["https:\/\/www.anika-net.de\/wp-content\/uploads\/2021\/10\/870x489_bundesagentur_fuer_arbeit_logo-1280x640-1-300x169.jpg",300,169,true],"medium_large":["https:\/\/www.anika-net.de\/wp-content\/uploads\/2021\/10\/870x489_bundesagentur_fuer_arbeit_logo-1280x640-1-768x432.jpg",640,360,true],"large":["https:\/\/www.anika-net.de\/wp-content\/uploads\/2021\/10\/870x489_bundesagentur_fuer_arbeit_logo-1280x640-1.jpg",640,360,false],"1536x1536":["https:\/\/www.anika-net.de\/wp-content\/uploads\/2021\/10\/870x489_bundesagentur_fuer_arbeit_logo-1280x640-1.jpg",870,489,false],"2048x2048":["https:\/\/www.anika-net.de\/wp-content\/uploads\/2021\/10\/870x489_bundesagentur_fuer_arbeit_logo-1280x640-1.jpg",870,489,false],"event-overview":["https:\/\/www.anika-net.de\/wp-content\/uploads\/2021\/10\/870x489_bundesagentur_fuer_arbeit_logo-1280x640-1.jpg",870,489,false],"event-archive-thumb":["https:\/\/www.anika-net.de\/wp-content\/uploads\/2021\/10\/870x489_bundesagentur_fuer_arbeit_logo-1280x640-1-480x270.jpg",480,270,true],"grid-item-thumbnail":["https:\/\/www.anika-net.de\/wp-content\/uploads\/2021\/10\/870x489_bundesagentur_fuer_arbeit_logo-1280x640-1-360x200.jpg",360,200,true],"network-partner-icon":["https:\/\/www.anika-net.de\/wp-content\/uploads\/2021\/10\/870x489_bundesagentur_fuer_arbeit_logo-1280x640-1-100x100.jpg",100,100,true],"organiser-icon":["https:\/\/www.anika-net.de\/wp-content\/uploads\/2021\/10\/870x489_bundesagentur_fuer_arbeit_logo-1280x640-1-200x200.jpg",200,200,true],"gform-image-choice-sm":["https:\/\/www.anika-net.de\/wp-content\/uploads\/2021\/10\/870x489_bundesagentur_fuer_arbeit_logo-1280x640-1.jpg",300,169,false],"gform-image-choice-md":["https:\/\/www.anika-net.de\/wp-content\/uploads\/2021\/10\/870x489_bundesagentur_fuer_arbeit_logo-1280x640-1.jpg",400,225,false],"gform-image-choice-lg":["https:\/\/www.anika-net.de\/wp-content\/uploads\/2021\/10\/870x489_bundesagentur_fuer_arbeit_logo-1280x640-1.jpg",600,337,false]},"uagb_author_info":{"display_name":"Andrea Ramirez","author_link":"https:\/\/www.anika-net.de\/pl\/author\/andrea-ramirez\/"},"uagb_comment_info":0,"uagb_excerpt":"Ponow\u00adne wej\u00ad\u015bcie na rynek zawodowy Zasta\u00adna\u00adwiasz si\u0119 cza\u00adsem, czy masz szan\u00adse na obec\u00adnym ryn\u00adku&nbsp;pracy? A mo\u017ce zasta\u00adna\u00adwiasz si\u0119, czy mo\u017c\u00adli\u00adwe by\u0142o\u00adby odby\u00adcie prak\u00adtyk zawo\u00addo\u00adwych? Mo\u017ce nawet na p\u00f3\u0142&nbsp;etatu? Mo\u017ce w&nbsp;czytaj wi\u0119cej","_links":{"self":[{"href":"https:\/\/www.anika-net.de\/pl\/wp-json\/wp\/v2\/event\/27990","targetHints":{"allow":["GET"]}}],"collection":[{"href":"https:\/\/www.anika-net.de\/pl\/wp-json\/wp\/v2\/event"}],"about":[{"href":"https:\/\/www.anika-net.de\/pl\/wp-json\/wp\/v2\/types\/event"}],"author":[{"embeddable":true,"href":"https:\/\/www.anika-net.de\/pl\/wp-json\/wp\/v2\/users\/12"}],"version-history":[{"count":2,"href":"https:\/\/www.anika-net.de\/pl\/wp-json\/wp\/v2\/event\/27990\/revisions"}],"predecessor-version":[{"id":60858,"href":"https:\/\/www.anika-net.de\/pl\/wp-json\/wp\/v2\/event\/27990\/revisions\/60858"}],"acf:post":[{"embeddable":true,"href":"https:\/\/www.anika-net.de\/pl\/wp-json\/wp\/v2\/organiser\/9357"}],"acf:term":[{"embeddable":true,"taxonomy":"event_category","href":"https:\/\/www.anika-net.de\/pl\/wp-json\/wp\/v2\/event_category\/263"}],"wp:featuredmedia":[{"embeddable":true,"href":"https:\/\/www.anika-net.de\/pl\/wp-json\/wp\/v2\/media\/9007"}],"wp:attachment":[{"href":"https:\/\/www.anika-net.de\/pl\/wp-json\/wp\/v2\/media?parent=27990"}],"curies":[{"name":"wp","href":"https:\/\/api.w.org\/{rel}","templated":true}]}}

Pora­dy doty­czą­ce ponow­ne­go wej­ścia na&nbsp;rynek

<h3><strong>Ponow­ne wej­ście na rynek zawodowy</strong></h3>
<p>Zasta­na­wiasz się cza­sem, czy masz szan­se na obec­nym ryn­ku&nbsp;pracy?<br>
A może zasta­na­wiasz się, czy moż­li­we było­by odby­cie prak­tyk zawo­do­wych? Może nawet na pół&nbsp;etatu?<br>
Może w zawo­dzie, któ­ry Cię speł­nia i pozwa­la żyć bez pomo­cy finansowej?</p>
<p><strong>Bez­płat­nie i bez zobowiązań</strong><br>
Nasi dorad­cy zawo­do­wi są do Pań­stwa dys­po­zy­cji z całą swo­ją wie­dzą i kon­tak­ta­mi w zakre­sie doradz­twa orien­ta­cyj­ne­go. Poświę­ca­ją czas na Two­je oba­wy i potra­fią prze­dys­ku­to­wać z Tobą Two­je pomy­sły, a może już zaini­cjo­wać kolej­ne&nbsp;kroki.</p>
<p>&nbsp;</p>
<p>&nbsp;</p>
<p>&nbsp;</p>

Agentur für Arbeit Karlsruhe-Rastatt

Osoby przed ponownym wejściem w życie zawodowe

<p>Ponow­ne wej­ście na rynek zawo­do­wy Zasta­na­wiasz się cza­sem, czy masz szan­se na obec­nym ryn­ku&nbsp;pra­cy? A może zasta­na­wiasz się, czy moż­li­we było­by odby­cie prak­tyk zawo­do­wych? Może nawet na pół&nbsp;eta­tu? Może w zawo­dzie, któ­ry Cię speł­nia i pozwa­la żyć bez pomo­cy finan­so­wej? Bez­płat­nie i bez zobo­wią­zań Nasi dorad­cy zawo­do­wi są do Pań­stwa dys­po­zy­cji z całą swo­ją wie­dzą i kon­tak­ta­mi w zakre­sie doradz­twa orien­ta­cyj­ne­go. Poświę­ca­ją czas na Two­je oba­wy i potra­fią prze­dys­ku­to­wać z Tobą Two­je pomy­sły, a może już zaini­cjo­wać kolej­ne&nbsp;kroki.&nbsp;</p>

Ponow­ne wej­ście na rynek zawodowy Zasta­na­wiasz się cza­sem, czy masz szan­se na obec­nym ryn­ku&nbsp;pracy? A może zasta­na­wiasz się, czy moż­li­we było­by odby­cie prak­tyk zawo­do­wych? Może nawet na pół&nbsp;etatu? Może w&nbsp;czytaj więcej
