{"id":27859,"date":"2022-10-10T11:48:27","date_gmt":"2022-10-10T09:48:27","guid":{"rendered":"https:\/\/www.anika-net.de\/event\/pokoj-w-akademikach-studierendenwerk-karlsruhe\/"},"modified":"2026-04-21T12:23:08","modified_gmt":"2026-04-21T10:23:08","slug":"pokoj-w-akademikach-studierendenwerk-karlsruhe","status":"publish","type":"event","link":"https:\/\/www.anika-net.de\/pl\/event\/pokoj-w-akademikach-studierendenwerk-karlsruhe\/","title":{"rendered":"Are you looking for a room in Karls\u00adru\u00adhe? \u2014 Studierendenwerk"},"content":{"rendered":"<h3><strong>Stu\u00addie\u00adren\u00adden\u00adwerk Karlsruhe&nbsp;<\/strong><\/h3>\n\n<h3 class=\"wp-block-heading\"><em><strong>Stu\u00addie\u00adren\u00adden\u00adwerk Karls\u00adru\u00adhe mo\u017ce pom\u00f3c Ci zna\u00adle\u017a\u0107 pok\u00f3j w jed\u00adnym z 20 aka\u00adde\u00admi\u00adk\u00f3w w Karls\u00adru\u00adhe i okolicach.<\/strong><\/em><\/h3>\n\n<p>Tra\u00adfi\u00ad\u0142e\u015b we w\u0142a\u00ad\u015bci\u00adwe miej\u00adsce, je\u015bli szu\u00adkasz <strong>miej\u00adsca do stu\u00addio\u00adwa\u00adnia<\/strong>, kt\u00f3\u00adre ofe\u00adru\u00adje wszyst\u00adko, cze\u00adgo mo\u017cesz chcie\u0107. Zna\u00adle\u00adzie\u00adnie odpo\u00adwied\u00adnie\u00adgo miesz\u00adka\u00adnia w trze\u00adcim co do wiel\u00adko\u00ad\u015bci mie\u00ad\u015bcie Bade\u00adnii-Wir\u00adtem\u00adber\u00adgii nie zawsze jest&nbsp;\u0142atwe.&nbsp;<\/p>\n\n<p>Zesp\u00f3\u0142 Dzia\u00ad\u0142u Miesz\u00adka\u00adnio\u00adwe\u00adgo ch\u0119t\u00adnie Ci pomo\u00ad\u017ce. Opr\u00f3cz naszych w\u0142a\u00adsnych aka\u00adde\u00admi\u00adk\u00f3w ofe\u00adru\u00adje\u00admy <strong>r\u00f3w\u00adnie\u017c bez\u00adp\u0142at\u00adn\u0105 <a href=\"https:\/\/www.sw-ka.de\/de\/wohnen\/zimmervermittlung\/\" rel=\"noopener\">us\u0142u\u00adg\u0119 wynaj\u00admu pry\u00adwat\u00adnych pokoi<\/a><\/strong>. Ponad\u00adto udzie\u00adla\u00admy wska\u00adz\u00f3\u00adwek doty\u00adcz\u0105\u00adcych wszyst\u00adkie\u00adgo, co wi\u0105\u00ad\u017ce si\u0119 ze zna\u00adle\u00adzie\u00adniem mieszkania.&nbsp;<\/p>\n\n<p>Ch\u0119t\u00adnie pomo\u00ad\u017ce\u00admy r\u00f3w\u00adnie\u017c przez e\u2011mail, tele\u00adfon lub oso\u00adbi\u00ad\u015bcie!<br><strong>Skon\u00adtak\u00adtuj si\u0119 z&nbsp;nami!<\/strong><\/p>\n\n<div class=\"wp-block-stackable-divider stk-block-divider stk-block stk-266be1d\" data-block-id=\"266be1d\"><hr class=\"stk-block-divider__hr\"><\/div>\n\n<h4 class=\"wp-block-heading\"><strong> <a href=\"https:\/\/www.sw-ka.de\/de\/wohnen\/zimmervermittlung\/privatzimmer_suchen\/\" rel=\"noopener\">Znajd\u017a pry\u00adwat\u00adne poko\u00adje dla student\u00f3w<\/a><\/strong><\/h4>\n","protected":false},"author":12,"featured_media":121198,"template":"","class_list":["post-27859","event","type-event","status-publish","has-post-thumbnail","hentry","event_category-zakwaterowanie"],"acf":{"event-recurring":true,"event-category":265,"event-is-language-course":false,"event-recurring-still-active":true,"event-display-details":true,"event-schedules-recurring":[{"event-recurring-week-day":false,"event-recurring-time":"","event-recurring-time-text":""},{"event-recurring-week-day":"1","event-recurring-time":"","event-recurring-time-text":""},{"event-recurring-week-day":"2","event-recurring-time":"","event-recurring-time-text":""},{"event-recurring-week-day":"3","event-recurring-time":"","event-recurring-time-text":""},{"event-recurring-week-day":"4","event-recurring-time":"","event-recurring-time-text":"09:00-14:00 | Dost\u0119pno\u015b\u0107 telefoniczna  "}],"event-schedules-calendar":null,"event-is-online":true,"event-online-url":"","event-location-building":"Studierendenwerk Karlsruhe Abteilung Wohnen","event-location-street":"Adenauerring  7","event-location-zip":"76131","event-location-city":"Karlsruhe","event-location-contact-person":"","event-location-phone":"0721 69 09-0","event-location-phone-2":"","event-location-mail":"wohnen@sw-ka.de","event-location-mail-2":"","event-location-website":"https:\/\/www.sw-ka.de\/de\/wohnen\/wohnheime_ka\/","event-target-group":[{"target-group":""}],"event-target-group-comment":"studenci uniwersytet\u00f3w  ","event-free":false,"event-organiser":[6782],"event-header-copyright-overlay":true,"event-copyright-note-description-end":true},"featured_image_urls_v2":{"full":["https:\/\/www.anika-net.de\/wp-content\/uploads\/2019\/02\/front-view-back-school-assortment-new-normal-times-scaled-e1776763910378.jpg",2560,1395,false],"thumbnail":["https:\/\/www.anika-net.de\/wp-content\/uploads\/2019\/02\/front-view-back-school-assortment-new-normal-times-scaled-e1776763910378-150x150.jpg",150,150,true],"medium":["https:\/\/www.anika-net.de\/wp-content\/uploads\/2019\/02\/front-view-back-school-assortment-new-normal-times-scaled-e1776763910378-300x163.jpg",300,163,true],"medium_large":["https:\/\/www.anika-net.de\/wp-content\/uploads\/2019\/02\/front-view-back-school-assortment-new-normal-times-scaled-e1776763910378-768x419.jpg",640,349,true],"large":["https:\/\/www.anika-net.de\/wp-content\/uploads\/2019\/02\/front-view-back-school-assortment-new-normal-times-scaled-e1776763910378-1024x558.jpg",640,349,true],"1536x1536":["https:\/\/www.anika-net.de\/wp-content\/uploads\/2019\/02\/front-view-back-school-assortment-new-normal-times-scaled-e1776763910378-1536x837.jpg",1536,837,true],"2048x2048":["https:\/\/www.anika-net.de\/wp-content\/uploads\/2019\/02\/front-view-back-school-assortment-new-normal-times-scaled-e1776763910378-2048x1116.jpg",2048,1116,true],"event-overview":["https:\/\/www.anika-net.de\/wp-content\/uploads\/2019\/02\/front-view-back-school-assortment-new-normal-times-scaled-e1776763910378-960x640.jpg",960,640,true],"event-archive-thumb":["https:\/\/www.anika-net.de\/wp-content\/uploads\/2019\/02\/front-view-back-school-assortment-new-normal-times-scaled-e1776763910378-480x262.jpg",480,262,true],"grid-item-thumbnail":["https:\/\/www.anika-net.de\/wp-content\/uploads\/2019\/02\/front-view-back-school-assortment-new-normal-times-scaled-e1776763910378-360x200.jpg",360,200,true],"network-partner-icon":["https:\/\/www.anika-net.de\/wp-content\/uploads\/2019\/02\/front-view-back-school-assortment-new-normal-times-scaled-e1776763910378-100x100.jpg",100,100,true],"organiser-icon":["https:\/\/www.anika-net.de\/wp-content\/uploads\/2019\/02\/front-view-back-school-assortment-new-normal-times-scaled-e1776763910378-200x200.jpg",200,200,true],"gform-image-choice-sm":["https:\/\/www.anika-net.de\/wp-content\/uploads\/2019\/02\/front-view-back-school-assortment-new-normal-times-scaled-e1776763910378-300x300.jpg",300,300,true],"gform-image-choice-md":["https:\/\/www.anika-net.de\/wp-content\/uploads\/2019\/02\/front-view-back-school-assortment-new-normal-times-scaled-e1776763910378-400x400.jpg",400,400,true],"gform-image-choice-lg":["https:\/\/www.anika-net.de\/wp-content\/uploads\/2019\/02\/front-view-back-school-assortment-new-normal-times-scaled-e1776763910378-600x600.jpg",600,600,true]},"post_excerpt_stackable_v2":"<p>Stu\u00addie\u00adren\u00adden\u00adwerk Karls\u00adru\u00adhe&nbsp; Stu\u00addie\u00adren\u00adden\u00adwerk Karls\u00adru\u00adhe mo\u017ce pom\u00f3c Ci zna\u00adle\u017a\u0107 pok\u00f3j w jed\u00adnym z 20 aka\u00adde\u00admi\u00adk\u00f3w w Karls\u00adru\u00adhe i oko\u00adli\u00adcach. Tra\u00adfi\u00ad\u0142e\u015b we w\u0142a\u00ad\u015bci\u00adwe miej\u00adsce, je\u015bli szu\u00adkasz miej\u00adsca do stu\u00addio\u00adwa\u00adnia, kt\u00f3\u00adre ofe\u00adru\u00adje wszyst\u00adko, cze\u00adgo mo\u017cesz chcie\u0107. Zna\u00adle\u00adzie\u00adnie odpo\u00adwied\u00adnie\u00adgo miesz\u00adka\u00adnia w trze\u00adcim co do wiel\u00adko\u00ad\u015bci mie\u00ad\u015bcie Bade\u00ad\u00adnii-Wir\u00adte\u00adm\u00adbe\u00adr\u00adgii nie zawsze jest&nbsp;\u0142atwe.&nbsp; Zesp\u00f3\u0142 Dzia\u00ad\u0142u Miesz\u00adka\u00adnio\u00adwe\u00adgo ch\u0119t\u00adnie Ci pomo\u00ad\u017ce. Opr\u00f3cz naszych w\u0142a\u00adsnych aka\u00adde\u00admi\u00adk\u00f3w ofe\u00adru\u00adje\u00admy r\u00f3w\u00adnie\u017c bez\u00adp\u0142at\u00adn\u0105 us\u0142u\u00adg\u0119 wynaj\u00admu pry\u00adwat\u00adnych pokoi. Ponad\u00adto udzie\u00adla\u00admy wska\u00adz\u00f3\u00adwek doty\u00adcz\u0105\u00adcych wszyst\u00adkie\u00adgo, co wi\u0105\u00ad\u017ce si\u0119 ze zna\u00adle\u00adzie\u00adniem miesz\u00adka\u00adnia.&nbsp; Ch\u0119t\u00adnie pomo\u00ad\u017ce\u00admy r\u00f3w\u00adnie\u017c przez e\u2011mail, tele\u00adfon lub oso\u00adbi\u00ad\u015bcie!Skon\u00adtak\u00adtuj si\u0119 z&nbsp;nami! Znajd\u017a pry\u00adwat\u00adne poko\u00adje dla student\u00f3w<\/p>\n","category_list_v2":"","author_info_v2":{"name":"Andrea Ramirez","url":"https:\/\/www.anika-net.de\/pl\/author\/andrea-ramirez\/"},"comments_num_v2":"0 comments","uagb_featured_image_src":{"full":["https:\/\/www.anika-net.de\/wp-content\/uploads\/2019\/02\/front-view-back-school-assortment-new-normal-times-scaled-e1776763910378.jpg",2560,1395,false],"thumbnail":["https:\/\/www.anika-net.de\/wp-content\/uploads\/2019\/02\/front-view-back-school-assortment-new-normal-times-scaled-e1776763910378-150x150.jpg",150,150,true],"medium":["https:\/\/www.anika-net.de\/wp-content\/uploads\/2019\/02\/front-view-back-school-assortment-new-normal-times-scaled-e1776763910378-300x163.jpg",300,163,true],"medium_large":["https:\/\/www.anika-net.de\/wp-content\/uploads\/2019\/02\/front-view-back-school-assortment-new-normal-times-scaled-e1776763910378-768x419.jpg",640,349,true],"large":["https:\/\/www.anika-net.de\/wp-content\/uploads\/2019\/02\/front-view-back-school-assortment-new-normal-times-scaled-e1776763910378-1024x558.jpg",640,349,true],"1536x1536":["https:\/\/www.anika-net.de\/wp-content\/uploads\/2019\/02\/front-view-back-school-assortment-new-normal-times-scaled-e1776763910378-1536x837.jpg",1536,837,true],"2048x2048":["https:\/\/www.anika-net.de\/wp-content\/uploads\/2019\/02\/front-view-back-school-assortment-new-normal-times-scaled-e1776763910378-2048x1116.jpg",2048,1116,true],"event-overview":["https:\/\/www.anika-net.de\/wp-content\/uploads\/2019\/02\/front-view-back-school-assortment-new-normal-times-scaled-e1776763910378-960x640.jpg",960,640,true],"event-archive-thumb":["https:\/\/www.anika-net.de\/wp-content\/uploads\/2019\/02\/front-view-back-school-assortment-new-normal-times-scaled-e1776763910378-480x262.jpg",480,262,true],"grid-item-thumbnail":["https:\/\/www.anika-net.de\/wp-content\/uploads\/2019\/02\/front-view-back-school-assortment-new-normal-times-scaled-e1776763910378-360x200.jpg",360,200,true],"network-partner-icon":["https:\/\/www.anika-net.de\/wp-content\/uploads\/2019\/02\/front-view-back-school-assortment-new-normal-times-scaled-e1776763910378-100x100.jpg",100,100,true],"organiser-icon":["https:\/\/www.anika-net.de\/wp-content\/uploads\/2019\/02\/front-view-back-school-assortment-new-normal-times-scaled-e1776763910378-200x200.jpg",200,200,true],"gform-image-choice-sm":["https:\/\/www.anika-net.de\/wp-content\/uploads\/2019\/02\/front-view-back-school-assortment-new-normal-times-scaled-e1776763910378-300x300.jpg",300,300,true],"gform-image-choice-md":["https:\/\/www.anika-net.de\/wp-content\/uploads\/2019\/02\/front-view-back-school-assortment-new-normal-times-scaled-e1776763910378-400x400.jpg",400,400,true],"gform-image-choice-lg":["https:\/\/www.anika-net.de\/wp-content\/uploads\/2019\/02\/front-view-back-school-assortment-new-normal-times-scaled-e1776763910378-600x600.jpg",600,600,true]},"uagb_author_info":{"display_name":"Andrea Ramirez","author_link":"https:\/\/www.anika-net.de\/pl\/author\/andrea-ramirez\/"},"uagb_comment_info":0,"uagb_excerpt":"Stu\u00addie\u00adren\u00adden\u00adwerk Karlsruhe&nbsp; Stu\u00addie\u00adren\u00adden\u00adwerk Karls\u00adru\u00adhe mo\u017ce pom\u00f3c Ci zna\u00adle\u017a\u0107 pok\u00f3j w jed\u00adnym z 20 aka\u00adde\u00admi\u00adk\u00f3w w Karls\u00adru\u00adhe i okolicach. Tra\u00adfi\u00ad\u0142e\u015b we w\u0142a\u00ad\u015bci\u00adwe miej\u00adsce, je\u015bli szu\u00adkasz miej\u00adsca do stu\u00addio\u00adwa\u00adnia, kt\u00f3\u00adre ofe\u00adru\u00adje wszyst\u00adko,&nbsp;czytaj wi\u0119cej","_links":{"self":[{"href":"https:\/\/www.anika-net.de\/pl\/wp-json\/wp\/v2\/event\/27859","targetHints":{"allow":["GET"]}}],"collection":[{"href":"https:\/\/www.anika-net.de\/pl\/wp-json\/wp\/v2\/event"}],"about":[{"href":"https:\/\/www.anika-net.de\/pl\/wp-json\/wp\/v2\/types\/event"}],"author":[{"embeddable":true,"href":"https:\/\/www.anika-net.de\/pl\/wp-json\/wp\/v2\/users\/12"}],"version-history":[{"count":3,"href":"https:\/\/www.anika-net.de\/pl\/wp-json\/wp\/v2\/event\/27859\/revisions"}],"predecessor-version":[{"id":121306,"href":"https:\/\/www.anika-net.de\/pl\/wp-json\/wp\/v2\/event\/27859\/revisions\/121306"}],"acf:post":[{"embeddable":true,"href":"https:\/\/www.anika-net.de\/pl\/wp-json\/wp\/v2\/organiser\/6782"}],"acf:term":[{"embeddable":true,"taxonomy":"event_category","href":"https:\/\/www.anika-net.de\/pl\/wp-json\/wp\/v2\/event_category\/265"}],"wp:featuredmedia":[{"embeddable":true,"href":"https:\/\/www.anika-net.de\/pl\/wp-json\/wp\/v2\/media\/121198"}],"wp:attachment":[{"href":"https:\/\/www.anika-net.de\/pl\/wp-json\/wp\/v2\/media?parent=27859"}],"curies":[{"name":"wp","href":"https:\/\/api.w.org\/{rel}","templated":true}]}}

<h3><strong>Stu­die­ren­den­werk Karlsruhe&nbsp;</strong></h3>

<h3 class="wp-block-heading"><em><strong>Stu­die­ren­den­werk Karls­ru­he może pomóc Ci zna­leźć pokój w jed­nym z 20 aka­de­mi­ków w Karls­ru­he i okolicach.</strong></em></h3>

<p>Tra­fi­łeś we wła­ści­we miej­sce, jeśli szu­kasz <strong>miej­sca do stu­dio­wa­nia</strong>, któ­re ofe­ru­je wszyst­ko, cze­go możesz chcieć. Zna­le­zie­nie odpo­wied­nie­go miesz­ka­nia w trze­cim co do wiel­ko­ści mie­ście Bade­nii-Wir­tem­ber­gii nie zawsze jest&nbsp;łatwe.&nbsp;</p>

<p>Zespół Dzia­łu Miesz­ka­nio­we­go chęt­nie Ci pomo­że. Oprócz naszych wła­snych aka­de­mi­ków ofe­ru­je­my <strong>rów­nież bez­płat­ną <a href="https://www.sw-ka.de/de/wohnen/zimmervermittlung/" rel="noopener">usłu­gę wynaj­mu pry­wat­nych pokoi</a></strong>. Ponad­to udzie­la­my wska­zó­wek doty­czą­cych wszyst­kie­go, co wią­że się ze zna­le­zie­niem mieszkania.&nbsp;</p>

<p>Chęt­nie pomo­że­my rów­nież przez e‑mail, tele­fon lub oso­bi­ście!<br><strong>Skon­tak­tuj się z&nbsp;nami!</strong></p>

<div class="wp-block-stackable-divider stk-block-divider stk-block stk-266be1d" data-block-id="266be1d"><hr class="stk-block-divider__hr"></div>

<h4 class="wp-block-heading"><strong> <a href="https://www.sw-ka.de/de/wohnen/zimmervermittlung/privatzimmer_suchen/" rel="noopener">Znajdź pry­wat­ne poko­je dla studentów</a></strong></h4>

09:00-14:00 | Dostępność telefoniczna

studenci uniwersytetów

<p>Stu­die­ren­den­werk Karls­ru­he&nbsp; Stu­die­ren­den­werk Karls­ru­he może pomóc Ci zna­leźć pokój w jed­nym z 20 aka­de­mi­ków w Karls­ru­he i oko­li­cach. Tra­fi­łeś we wła­ści­we miej­sce, jeśli szu­kasz miej­sca do stu­dio­wa­nia, któ­re ofe­ru­je wszyst­ko, cze­go możesz chcieć. Zna­le­zie­nie odpo­wied­nie­go miesz­ka­nia w trze­cim co do wiel­ko­ści mie­ście Bade­­nii-Wir­te­m­be­r­gii nie zawsze jest&nbsp;łatwe.&nbsp; Zespół Dzia­łu Miesz­ka­nio­we­go chęt­nie Ci pomo­że. Oprócz naszych wła­snych aka­de­mi­ków ofe­ru­je­my rów­nież bez­płat­ną usłu­gę wynaj­mu pry­wat­nych pokoi. Ponad­to udzie­la­my wska­zó­wek doty­czą­cych wszyst­kie­go, co wią­że się ze zna­le­zie­niem miesz­ka­nia.&nbsp; Chęt­nie pomo­że­my rów­nież przez e‑mail, tele­fon lub oso­bi­ście!Skon­tak­tuj się z&nbsp;nami! Znajdź pry­wat­ne poko­je dla studentów</p>

Stu­die­ren­den­werk Karlsruhe&nbsp; Stu­die­ren­den­werk Karls­ru­he może pomóc Ci zna­leźć pokój w jed­nym z 20 aka­de­mi­ków w Karls­ru­he i okolicach. Tra­fi­łeś we wła­ści­we miej­sce, jeśli szu­kasz miej­sca do stu­dio­wa­nia, któ­re ofe­ru­je wszyst­ko,&nbsp;czytaj więcej
