{"id":121867,"date":"2026-04-30T19:15:00","date_gmt":"2026-04-30T17:15:00","guid":{"rendered":"https:\/\/www.anika-net.de\/event\/otwarta-kawiarnia-dla-rodzicow-z-opieka-nad-dziecmi\/"},"modified":"2026-04-30T19:19:34","modified_gmt":"2026-04-30T17:19:34","slug":"otwarta-kawiarnia-dla-rodzicow-z-opieka-nad-dziecmi","status":"publish","type":"event","link":"https:\/\/www.anika-net.de\/pl\/event\/otwarta-kawiarnia-dla-rodzicow-z-opieka-nad-dziecmi\/","title":{"rendered":"Otwar\u00adta kawiar\u00adnia dla rodzi\u00adc\u00f3w (z opie\u00adk\u0105 nad dzie\u0107mi)"},"content":{"rendered":"\n<p><strong>Otwar\u00adta kawiar\u00adnia dla rodzi\u00adc\u00f3w<\/strong> ofe\u00adru\u00adje przy\u00adja\u00adzn\u0105 i relak\u00adsu\u00adj\u0105\u00adc\u0105 prze\u00adstrze\u0144 dla rodzin z dzie\u0107\u00admi, aby spo\u00adtka\u0107 si\u0119 razem, pozna\u0107 innych rodzi\u00adc\u00f3w i podzie\u00adli\u0107 si\u0119 codzien\u00adny\u00admi do\u015bwiad\u00adcze\u00adnia\u00admi. W cie\u00adp\u0142ej i wspie\u00adra\u00adj\u0105\u00adcej atmos\u00adfe\u00adrze roz\u00admo\u00adwy natu\u00adral\u00adnie roz\u00adwi\u00adja\u00adj\u0105 si\u0119 wok\u00f3\u0142 tema\u00adt\u00f3w, kt\u00f3\u00adre s\u0105 obec\u00adnie naj\u00adwa\u017c\u00adniej\u00adsze dla uczestnik\u00f3w.&nbsp;<\/p>\n\n<p>Pod\u00adczas gdy doro\u00ad\u015bli cie\u00adsz\u0105 si\u0119 wymia\u00adn\u0105 i wspar\u00adciem w roz\u00admo\u00adwie, dzie\u00adci s\u0105 pod opie\u00adk\u0105 pod\u00adczas sesji, co pozwa\u00adla rodzi\u00adcom zro\u00adbi\u0107 sobie prze\u00adrw\u0119, nawi\u0105\u00adza\u0107 kon\u00adtakt z inny\u00admi i swo\u00adbod\u00adnie roz\u00adma\u00adwia\u0107 bez stre\u00adsu i przerw.<\/p>\n\n<h4 class=\"wp-block-heading\">Otwar\u00adta kawiar\u00adnia dla rodzi\u00adc\u00f3w odby\u00adwa si\u0119 w ka\u017c\u00add\u0105 \u015bro\u00add\u0119 w Kul\u00adtur\u00adk\u00fcche Karls\u00adru\u00adhe. Udzia\u0142 jest bez\u00adp\u0142at\u00adny, w tym opie\u00adka nad dzie\u0107\u00admi pod\u00adczas spo\u00adtka\u00adnia i nie jest wyma\u00adga\u00adna rejestracja.&nbsp;<\/h4>\n\n<p>Po pro\u00adstu przyjd\u017a i do\u0142\u0105cz!<\/p>\n\n<p><\/p>\n","protected":false},"author":16,"featured_media":121866,"template":"","class_list":["post-121867","event","type-event","status-publish","has-post-thumbnail","hentry","event_category-rekreacja"],"acf":{"event-recurring":false,"event-category":184,"event-is-language-course":false,"event-recurring-still-active":true,"event-display-details":true,"event-schedules-recurring":null,"event-schedules-calendar":[{"event-calendar-day":"20260506","event-calendar-time":"15:00 - 17:00","event-calendar-time-text":""},{"event-calendar-day":"20260513","event-calendar-time":"15:00 - 17:00","event-calendar-time-text":""},{"event-calendar-day":"20260520","event-calendar-time":"15:00 - 17:00","event-calendar-time-text":""},{"event-calendar-day":"20260527","event-calendar-time":"15:00 - 17:00","event-calendar-time-text":""},{"event-calendar-day":"20260603","event-calendar-time":"15:00 - 17:00","event-calendar-time-text":""},{"event-calendar-day":"20260610","event-calendar-time":"15:00 - 17:00","event-calendar-time-text":""},{"event-calendar-day":"20260617","event-calendar-time":"15:00 - 17:00","event-calendar-time-text":""},{"event-calendar-day":"20260624","event-calendar-time":"15:00 - 17:00","event-calendar-time-text":""},{"event-calendar-day":"20260701","event-calendar-time":"15:00 - 17:00","event-calendar-time-text":""},{"event-calendar-day":"20260708","event-calendar-time":"15:00 - 17:00","event-calendar-time-text":""},{"event-calendar-day":"20260715","event-calendar-time":"15:00 - 17:00","event-calendar-time-text":""},{"event-calendar-day":"20260722","event-calendar-time":"15:00 - 17:00","event-calendar-time-text":""},{"event-calendar-day":"20260729","event-calendar-time":"15:00 - 17:00","event-calendar-time-text":""}],"event-is-online":false,"event-online-url":"","event-location-building":"Kulturk\u00fcche","event-location-street":"Kaiserstra\u00dfe 47","event-location-zip":"76131","event-location-city":"Karlsruhe","event-location-contact-person":"","event-location-phone":"","event-location-phone-2":"","event-location-mail":"","event-location-mail-2":"","event-location-website":"","event-target-group":[{"target-group":"children"},{"target-group":"parents"}],"event-target-group-comment":"","event-free":true,"event-organiser":[8163,42765],"event-header-copyright-overlay":true,"event-copyright-note-description-end":false},"featured_image_urls_v2":{"full":["https:\/\/www.anika-net.de\/wp-content\/uploads\/2026\/04\/elterncafe-mutter-1536x1213-1.webp",1536,1213,false],"thumbnail":["https:\/\/www.anika-net.de\/wp-content\/uploads\/2026\/04\/elterncafe-mutter-1536x1213-1-150x150.webp",150,150,true],"medium":["https:\/\/www.anika-net.de\/wp-content\/uploads\/2026\/04\/elterncafe-mutter-1536x1213-1-300x237.webp",300,237,true],"medium_large":["https:\/\/www.anika-net.de\/wp-content\/uploads\/2026\/04\/elterncafe-mutter-1536x1213-1-768x607.webp",640,506,true],"large":["https:\/\/www.anika-net.de\/wp-content\/uploads\/2026\/04\/elterncafe-mutter-1536x1213-1-1024x809.webp",640,506,true],"1536x1536":["https:\/\/www.anika-net.de\/wp-content\/uploads\/2026\/04\/elterncafe-mutter-1536x1213-1.webp",1536,1213,false],"2048x2048":["https:\/\/www.anika-net.de\/wp-content\/uploads\/2026\/04\/elterncafe-mutter-1536x1213-1.webp",1536,1213,false],"event-overview":["https:\/\/www.anika-net.de\/wp-content\/uploads\/2026\/04\/elterncafe-mutter-1536x1213-1-960x640.webp",960,640,true],"event-archive-thumb":["https:\/\/www.anika-net.de\/wp-content\/uploads\/2026\/04\/elterncafe-mutter-1536x1213-1-480x379.webp",480,379,true],"grid-item-thumbnail":["https:\/\/www.anika-net.de\/wp-content\/uploads\/2026\/04\/elterncafe-mutter-1536x1213-1-360x200.webp",360,200,true],"network-partner-icon":["https:\/\/www.anika-net.de\/wp-content\/uploads\/2026\/04\/elterncafe-mutter-1536x1213-1-100x100.webp",100,100,true],"organiser-icon":["https:\/\/www.anika-net.de\/wp-content\/uploads\/2026\/04\/elterncafe-mutter-1536x1213-1-200x200.webp",200,200,true],"gform-image-choice-sm":["https:\/\/www.anika-net.de\/wp-content\/uploads\/2026\/04\/elterncafe-mutter-1536x1213-1.webp",300,237,false],"gform-image-choice-md":["https:\/\/www.anika-net.de\/wp-content\/uploads\/2026\/04\/elterncafe-mutter-1536x1213-1.webp",400,316,false],"gform-image-choice-lg":["https:\/\/www.anika-net.de\/wp-content\/uploads\/2026\/04\/elterncafe-mutter-1536x1213-1.webp",600,474,false]},"post_excerpt_stackable_v2":"<p>Otwar\u00adta kawiar\u00adnia dla rodzi\u00adc\u00f3w ofe\u00adru\u00adje przy\u00adja\u00adzn\u0105 i relak\u00adsu\u00adj\u0105\u00adc\u0105 prze\u00adstrze\u0144 dla rodzin z dzie\u0107\u00admi, aby spo\u00adtka\u0107 si\u0119 razem, pozna\u0107 innych rodzi\u00adc\u00f3w i podzie\u00adli\u0107 si\u0119 codzien\u00adny\u00admi do\u015bwiad\u00adcze\u00adnia\u00admi. W cie\u00adp\u0142ej i wspie\u00adra\u00adj\u0105\u00adcej atmos\u00adfe\u00adrze roz\u00admo\u00adwy natu\u00adral\u00adnie roz\u00adwi\u00adja\u00adj\u0105 si\u0119 wok\u00f3\u0142 tema\u00adt\u00f3w, kt\u00f3\u00adre s\u0105 obec\u00adnie naj\u00adwa\u017c\u00adniej\u00adsze dla uczest\u00adni\u00adk\u00f3w.&nbsp; Pod\u00adczas gdy doro\u00ad\u015bli cie\u00adsz\u0105 si\u0119 wymia\u00adn\u0105 i wspar\u00adciem w roz\u00admo\u00adwie, dzie\u00adci s\u0105 pod opie\u00adk\u0105 pod\u00adczas sesji, co pozwa\u00adla rodzi\u00adcom zro\u00adbi\u0107 sobie prze\u00adrw\u0119, nawi\u0105\u00adza\u0107 kon\u00adtakt z inny\u00admi i swo\u00adbod\u00adnie roz\u00adma\u00adwia\u0107 bez stre\u00adsu i przerw. Otwar\u00adta kawiar\u00adnia dla rodzi\u00adc\u00f3w odby\u00adwa si\u0119 w ka\u017c\u00add\u0105 \u015bro\u00add\u0119 w Kul\u00adtur\u00adk\u00fcche Karls\u00adru\u00adhe. Udzia\u0142 jest bez\u00adp\u0142at\u00adny, w tym opie\u00adka nad dzie\u0107\u00admi pod\u00adczas spo\u00adtka\u00adnia i nie&nbsp;jest\u2026<\/p>\n","category_list_v2":"","author_info_v2":{"name":"Valentina Patterson","url":"https:\/\/www.anika-net.de\/pl\/author\/valentinapatterson\/"},"comments_num_v2":"0 comments","uagb_featured_image_src":{"full":["https:\/\/www.anika-net.de\/wp-content\/uploads\/2026\/04\/elterncafe-mutter-1536x1213-1.webp",1536,1213,false],"thumbnail":["https:\/\/www.anika-net.de\/wp-content\/uploads\/2026\/04\/elterncafe-mutter-1536x1213-1-150x150.webp",150,150,true],"medium":["https:\/\/www.anika-net.de\/wp-content\/uploads\/2026\/04\/elterncafe-mutter-1536x1213-1-300x237.webp",300,237,true],"medium_large":["https:\/\/www.anika-net.de\/wp-content\/uploads\/2026\/04\/elterncafe-mutter-1536x1213-1-768x607.webp",640,506,true],"large":["https:\/\/www.anika-net.de\/wp-content\/uploads\/2026\/04\/elterncafe-mutter-1536x1213-1-1024x809.webp",640,506,true],"1536x1536":["https:\/\/www.anika-net.de\/wp-content\/uploads\/2026\/04\/elterncafe-mutter-1536x1213-1.webp",1536,1213,false],"2048x2048":["https:\/\/www.anika-net.de\/wp-content\/uploads\/2026\/04\/elterncafe-mutter-1536x1213-1.webp",1536,1213,false],"event-overview":["https:\/\/www.anika-net.de\/wp-content\/uploads\/2026\/04\/elterncafe-mutter-1536x1213-1-960x640.webp",960,640,true],"event-archive-thumb":["https:\/\/www.anika-net.de\/wp-content\/uploads\/2026\/04\/elterncafe-mutter-1536x1213-1-480x379.webp",480,379,true],"grid-item-thumbnail":["https:\/\/www.anika-net.de\/wp-content\/uploads\/2026\/04\/elterncafe-mutter-1536x1213-1-360x200.webp",360,200,true],"network-partner-icon":["https:\/\/www.anika-net.de\/wp-content\/uploads\/2026\/04\/elterncafe-mutter-1536x1213-1-100x100.webp",100,100,true],"organiser-icon":["https:\/\/www.anika-net.de\/wp-content\/uploads\/2026\/04\/elterncafe-mutter-1536x1213-1-200x200.webp",200,200,true],"gform-image-choice-sm":["https:\/\/www.anika-net.de\/wp-content\/uploads\/2026\/04\/elterncafe-mutter-1536x1213-1.webp",300,237,false],"gform-image-choice-md":["https:\/\/www.anika-net.de\/wp-content\/uploads\/2026\/04\/elterncafe-mutter-1536x1213-1.webp",400,316,false],"gform-image-choice-lg":["https:\/\/www.anika-net.de\/wp-content\/uploads\/2026\/04\/elterncafe-mutter-1536x1213-1.webp",600,474,false]},"uagb_author_info":{"display_name":"Valentina Patterson","author_link":"https:\/\/www.anika-net.de\/pl\/author\/valentinapatterson\/"},"uagb_comment_info":0,"uagb_excerpt":"Otwar\u00adta kawiar\u00adnia dla rodzi\u00adc\u00f3w ofe\u00adru\u00adje przy\u00adja\u00adzn\u0105 i relak\u00adsu\u00adj\u0105\u00adc\u0105 prze\u00adstrze\u0144 dla rodzin z dzie\u0107\u00admi, aby spo\u00adtka\u0107 si\u0119 razem, pozna\u0107 innych rodzi\u00adc\u00f3w i podzie\u00adli\u0107 si\u0119 codzien\u00adny\u00admi do\u015bwiad\u00adcze\u00adnia\u00admi. W cie\u00adp\u0142ej i wspie\u00adra\u00adj\u0105\u00adcej atmos\u00adfe\u00adrze&nbsp;czytaj wi\u0119cej","_links":{"self":[{"href":"https:\/\/www.anika-net.de\/pl\/wp-json\/wp\/v2\/event\/121867","targetHints":{"allow":["GET"]}}],"collection":[{"href":"https:\/\/www.anika-net.de\/pl\/wp-json\/wp\/v2\/event"}],"about":[{"href":"https:\/\/www.anika-net.de\/pl\/wp-json\/wp\/v2\/types\/event"}],"author":[{"embeddable":true,"href":"https:\/\/www.anika-net.de\/pl\/wp-json\/wp\/v2\/users\/16"}],"version-history":[{"count":1,"href":"https:\/\/www.anika-net.de\/pl\/wp-json\/wp\/v2\/event\/121867\/revisions"}],"predecessor-version":[{"id":121868,"href":"https:\/\/www.anika-net.de\/pl\/wp-json\/wp\/v2\/event\/121867\/revisions\/121868"}],"acf:post":[{"embeddable":true,"href":"https:\/\/www.anika-net.de\/pl\/wp-json\/wp\/v2\/organiser\/42765"},{"embeddable":true,"href":"https:\/\/www.anika-net.de\/pl\/wp-json\/wp\/v2\/organiser\/8163"}],"acf:term":[{"embeddable":true,"taxonomy":"event_category","href":"https:\/\/www.anika-net.de\/pl\/wp-json\/wp\/v2\/event_category\/184"}],"wp:featuredmedia":[{"embeddable":true,"href":"https:\/\/www.anika-net.de\/pl\/wp-json\/wp\/v2\/media\/121866"}],"wp:attachment":[{"href":"https:\/\/www.anika-net.de\/pl\/wp-json\/wp\/v2\/media?parent=121867"}],"curies":[{"name":"wp","href":"https:\/\/api.w.org\/{rel}","templated":true}]}}

Otwar­ta kawiar­nia dla rodzi­ców (z opie­ką nad dziećmi)

<p><strong>Otwar­ta kawiar­nia dla rodzi­ców</strong> ofe­ru­je przy­ja­zną i relak­su­ją­cą prze­strzeń dla rodzin z dzieć­mi, aby spo­tkać się razem, poznać innych rodzi­ców i podzie­lić się codzien­ny­mi doświad­cze­nia­mi. W cie­płej i wspie­ra­ją­cej atmos­fe­rze roz­mo­wy natu­ral­nie roz­wi­ja­ją się wokół tema­tów, któ­re są obec­nie naj­waż­niej­sze dla uczestników.&nbsp;</p>

<p>Pod­czas gdy doro­śli cie­szą się wymia­ną i wspar­ciem w roz­mo­wie, dzie­ci są pod opie­ką pod­czas sesji, co pozwa­la rodzi­com zro­bić sobie prze­rwę, nawią­zać kon­takt z inny­mi i swo­bod­nie roz­ma­wiać bez stre­su i przerw.</p>

<h4 class="wp-block-heading">Otwar­ta kawiar­nia dla rodzi­ców odby­wa się w każ­dą śro­dę w Kul­tur­küche Karls­ru­he. Udział jest bez­płat­ny, w tym opie­ka nad dzieć­mi pod­czas spo­tka­nia i nie jest wyma­ga­na rejestracja.&nbsp;</h4>

<p>Po pro­stu przyjdź i dołącz!</p>

<p></p>

Kulturküche

Kaiserstraße 47

<p>Otwar­ta kawiar­nia dla rodzi­ców ofe­ru­je przy­ja­zną i relak­su­ją­cą prze­strzeń dla rodzin z dzieć­mi, aby spo­tkać się razem, poznać innych rodzi­ców i podzie­lić się codzien­ny­mi doświad­cze­nia­mi. W cie­płej i wspie­ra­ją­cej atmos­fe­rze roz­mo­wy natu­ral­nie roz­wi­ja­ją się wokół tema­tów, któ­re są obec­nie naj­waż­niej­sze dla uczest­ni­ków.&nbsp; Pod­czas gdy doro­śli cie­szą się wymia­ną i wspar­ciem w roz­mo­wie, dzie­ci są pod opie­ką pod­czas sesji, co pozwa­la rodzi­com zro­bić sobie prze­rwę, nawią­zać kon­takt z inny­mi i swo­bod­nie roz­ma­wiać bez stre­su i przerw. Otwar­ta kawiar­nia dla rodzi­ców odby­wa się w każ­dą śro­dę w Kul­tur­küche Karls­ru­he. Udział jest bez­płat­ny, w tym opie­ka nad dzieć­mi pod­czas spo­tka­nia i nie&nbsp;jest…</p>

Otwar­ta kawiar­nia dla rodzi­ców ofe­ru­je przy­ja­zną i relak­su­ją­cą prze­strzeń dla rodzin z dzieć­mi, aby spo­tkać się razem, poznać innych rodzi­ców i podzie­lić się codzien­ny­mi doświad­cze­nia­mi. W cie­płej i wspie­ra­ją­cej atmos­fe­rze&nbsp;czytaj więcej
