{"id":121826,"date":"2026-04-30T18:16:12","date_gmt":"2026-04-30T16:16:12","guid":{"rendered":"https:\/\/www.anika-net.de\/event\/future-worlds-cafe\/"},"modified":"2026-04-30T18:19:51","modified_gmt":"2026-04-30T16:19:51","slug":"future-worlds-cafe","status":"publish","type":"event","link":"https:\/\/www.anika-net.de\/pl\/event\/future-worlds-cafe\/","title":{"rendered":"Futu\u00adre Worlds Caf\u00e9"},"content":{"rendered":"\n<p>Wejd\u017a w prze\u00adstrze\u0144 pomy\u00ads\u0142\u00f3w, wymia\u00adny i mo\u017c\u00adli\u00adwo\u00ad\u015bci. <strong>Futu\u00adre Worlds Caf\u00e9<\/strong> zapra\u00adsza do wsp\u00f3l\u00adne\u00adgo my\u015ble\u00adnia o przy\u00adsz\u0142o\u00ad\u015bci, dzie\u00adle\u00adnia si\u0119 per\u00adspek\u00adty\u00adwa\u00admi i anga\u00ad\u017co\u00adwa\u00adnia si\u0119 w otwar\u00adte roz\u00admo\u00adwy o tym, co chce\u00admy stwo\u00adrzy\u0107 w naszym \u017cyciu i spo\u0142eczno\u015bci.&nbsp;<\/p>\n\n<p>W <strong>mi\u0142ej i przy\u00adja\u00adznej atmos\u00adfe\u00adrze w Kul\u00adtur\u00adk\u00fcche Karls\u00adru\u00adhe<\/strong> mo\u017c\u00adna spo\u00adtka\u0107 si\u0119 z inny\u00admi, przed\u00adsta\u00adwi\u0107 swo\u00adje prze\u00admy\u00ad\u015ble\u00adnia lub po pro\u00adstu s\u0142u\u00adcha\u0107 i uczest\u00adni\u00adczy\u0107 we w\u0142a\u00adsnym tem\u00adpie. Sku\u00adpia\u00admy si\u0119 na wymia\u00adnie, inspi\u00adra\u00adcji i wsp\u00f3\u0142\u00adtwo\u00adrze\u00adniu, z miej\u00adscem zar\u00f3w\u00adno na o\u017cy\u00adwio\u00adn\u0105 dys\u00adku\u00adsj\u0119, jak i spo\u00adkoj\u00adn\u0105 refleksj\u0119.&nbsp;<\/p>\n\n<p>Futu\u00adre Worlds Caf\u00e9 jest <strong>otwar\u00adta dla wszyst\u00adkich <\/strong>, kt\u00f3\u00adrzy s\u0105 cie\u00adka\u00adwi nowych per\u00adspek\u00adtyw i zna\u00adcz\u0105\u00adcych spotka\u0144.&nbsp;<\/p>\n\n<p>Spo\u00adtka\u00adnia odby\u00adwa\u00adj\u0105 si\u0119 regu\u00adlar\u00adnie, ofe\u00adru\u00adj\u0105c prze\u00adstrze\u0144, kt\u00f3\u00adra jest otwar\u00adta, r\u00f3\u017c\u00adno\u00adrod\u00adna i opar\u00adta na uczestnictwie.<\/p>\n\n<p>Wst\u0119p wol\u00adny. Reje\u00adstra\u00adcja nie jest wyma\u00adga\u00adna. Daro\u00adwi\u00adzny mile widziane.&nbsp;<\/p>\n\n<p><\/p>\n","protected":false},"author":16,"featured_media":121821,"template":"","class_list":["post-121826","event","type-event","status-publish","has-post-thumbnail","hentry","event_category-rekreacja"],"acf":{"event-recurring":false,"event-category":184,"event-is-language-course":false,"event-recurring-still-active":true,"event-display-details":true,"event-schedules-recurring":null,"event-schedules-calendar":[{"event-calendar-day":"20260505","event-calendar-time":"14:00 - 17:00","event-calendar-time-text":""},{"event-calendar-day":"20260512","event-calendar-time":"14:00 - 17:00","event-calendar-time-text":""},{"event-calendar-day":"20260519","event-calendar-time":"14:00 - 17:00","event-calendar-time-text":""},{"event-calendar-day":"20260526","event-calendar-time":"14:00 - 17:00","event-calendar-time-text":""},{"event-calendar-day":"20260602","event-calendar-time":"14:00 - 17:00","event-calendar-time-text":""},{"event-calendar-day":"20260609","event-calendar-time":"14:00 - 17:00","event-calendar-time-text":""},{"event-calendar-day":"20260616","event-calendar-time":"14:00 - 17:00","event-calendar-time-text":""},{"event-calendar-day":"20260623","event-calendar-time":"14:00 - 17:00","event-calendar-time-text":""},{"event-calendar-day":"20260630","event-calendar-time":"14:00 - 17:00","event-calendar-time-text":""}],"event-is-online":false,"event-online-url":"","event-location-building":"Kulturk\u00fcche","event-location-street":"Kaiserstra\u00dfe 47","event-location-zip":"76131","event-location-city":"Karlsruhe","event-location-contact-person":"","event-location-phone":"","event-location-phone-2":"","event-location-mail":"","event-location-mail-2":"","event-location-website":"","event-target-group":[{"target-group":"all"}],"event-target-group-comment":"","event-free":true,"event-organiser":[8163],"event-header-copyright-overlay":true,"event-copyright-note-description-end":false},"featured_image_urls_v2":{"full":["https:\/\/www.anika-net.de\/wp-content\/uploads\/2026\/04\/zukunftswelten-cafe-karlsruhe.webp",1260,857,false],"thumbnail":["https:\/\/www.anika-net.de\/wp-content\/uploads\/2026\/04\/zukunftswelten-cafe-karlsruhe-150x150.webp",150,150,true],"medium":["https:\/\/www.anika-net.de\/wp-content\/uploads\/2026\/04\/zukunftswelten-cafe-karlsruhe-300x204.webp",300,204,true],"medium_large":["https:\/\/www.anika-net.de\/wp-content\/uploads\/2026\/04\/zukunftswelten-cafe-karlsruhe-768x522.webp",640,435,true],"large":["https:\/\/www.anika-net.de\/wp-content\/uploads\/2026\/04\/zukunftswelten-cafe-karlsruhe-1024x696.webp",640,435,true],"1536x1536":["https:\/\/www.anika-net.de\/wp-content\/uploads\/2026\/04\/zukunftswelten-cafe-karlsruhe.webp",1260,857,false],"2048x2048":["https:\/\/www.anika-net.de\/wp-content\/uploads\/2026\/04\/zukunftswelten-cafe-karlsruhe.webp",1260,857,false],"event-overview":["https:\/\/www.anika-net.de\/wp-content\/uploads\/2026\/04\/zukunftswelten-cafe-karlsruhe-960x640.webp",960,640,true],"event-archive-thumb":["https:\/\/www.anika-net.de\/wp-content\/uploads\/2026\/04\/zukunftswelten-cafe-karlsruhe-480x326.webp",480,326,true],"grid-item-thumbnail":["https:\/\/www.anika-net.de\/wp-content\/uploads\/2026\/04\/zukunftswelten-cafe-karlsruhe-360x200.webp",360,200,true],"network-partner-icon":["https:\/\/www.anika-net.de\/wp-content\/uploads\/2026\/04\/zukunftswelten-cafe-karlsruhe-100x100.webp",100,100,true],"organiser-icon":["https:\/\/www.anika-net.de\/wp-content\/uploads\/2026\/04\/zukunftswelten-cafe-karlsruhe-200x200.webp",200,200,true],"gform-image-choice-sm":["https:\/\/www.anika-net.de\/wp-content\/uploads\/2026\/04\/zukunftswelten-cafe-karlsruhe.webp",300,204,false],"gform-image-choice-md":["https:\/\/www.anika-net.de\/wp-content\/uploads\/2026\/04\/zukunftswelten-cafe-karlsruhe.webp",400,272,false],"gform-image-choice-lg":["https:\/\/www.anika-net.de\/wp-content\/uploads\/2026\/04\/zukunftswelten-cafe-karlsruhe.webp",600,408,false]},"post_excerpt_stackable_v2":"<p>Wejd\u017a w prze\u00adstrze\u0144 pomy\u00ads\u0142\u00f3w, wymia\u00adny i mo\u017c\u00adli\u00adwo\u00ad\u015bci. Futu\u00adre Worlds Caf\u00e9 zapra\u00adsza do wsp\u00f3l\u00adne\u00adgo my\u015ble\u00adnia o przy\u00adsz\u0142o\u00ad\u015bci, dzie\u00adle\u00adnia si\u0119 per\u00adspek\u00adty\u00adwa\u00admi i anga\u00ad\u017co\u00adwa\u00adnia si\u0119 w otwar\u00adte roz\u00admo\u00adwy o tym, co chce\u00admy stwo\u00adrzy\u0107 w naszym \u017cyciu i spo\u00ad\u0142ecz\u00adno\u00ad\u015bci.&nbsp; W mi\u0142ej i przy\u00adja\u00adznej atmos\u00adfe\u00adrze w Kul\u00adtur\u00adk\u00fcche Karls\u00adru\u00adhe mo\u017c\u00adna spo\u00adtka\u0107 si\u0119 z inny\u00admi, przed\u00adsta\u00adwi\u0107 swo\u00adje prze\u00admy\u00ad\u015ble\u00adnia lub po pro\u00adstu s\u0142u\u00adcha\u0107 i uczest\u00adni\u00adczy\u0107 we w\u0142a\u00adsnym tem\u00adpie. Sku\u00adpia\u00admy si\u0119 na wymia\u00adnie, inspi\u00adra\u00adcji i wsp\u00f3\u0142\u00adtwo\u00adrze\u00adniu, z miej\u00adscem zar\u00f3w\u00adno na o\u017cy\u00adwio\u00adn\u0105 dys\u00adku\u00adsj\u0119, jak i spo\u00adkoj\u00adn\u0105 reflek\u00adsj\u0119.&nbsp; Futu\u00adre Worlds Caf\u00e9 jest otwar\u00adta dla wszyst\u00adkich , kt\u00f3\u00adrzy s\u0105 cie\u00adka\u00adwi nowych per\u00adspek\u00adtyw i zna\u00adcz\u0105\u00adcych spo\u00adtka\u0144.&nbsp; Spo\u00adtka\u00adnia odby\u00adwa\u00adj\u0105 si\u0119 regu\u00adlar\u00adnie, ofe\u00adru\u00adj\u0105c prze\u00adstrze\u0144, kt\u00f3ra\u2026<\/p>\n","category_list_v2":"","author_info_v2":{"name":"Valentina Patterson","url":"https:\/\/www.anika-net.de\/pl\/author\/valentinapatterson\/"},"comments_num_v2":"0 comments","uagb_featured_image_src":{"full":["https:\/\/www.anika-net.de\/wp-content\/uploads\/2026\/04\/zukunftswelten-cafe-karlsruhe.webp",1260,857,false],"thumbnail":["https:\/\/www.anika-net.de\/wp-content\/uploads\/2026\/04\/zukunftswelten-cafe-karlsruhe-150x150.webp",150,150,true],"medium":["https:\/\/www.anika-net.de\/wp-content\/uploads\/2026\/04\/zukunftswelten-cafe-karlsruhe-300x204.webp",300,204,true],"medium_large":["https:\/\/www.anika-net.de\/wp-content\/uploads\/2026\/04\/zukunftswelten-cafe-karlsruhe-768x522.webp",640,435,true],"large":["https:\/\/www.anika-net.de\/wp-content\/uploads\/2026\/04\/zukunftswelten-cafe-karlsruhe-1024x696.webp",640,435,true],"1536x1536":["https:\/\/www.anika-net.de\/wp-content\/uploads\/2026\/04\/zukunftswelten-cafe-karlsruhe.webp",1260,857,false],"2048x2048":["https:\/\/www.anika-net.de\/wp-content\/uploads\/2026\/04\/zukunftswelten-cafe-karlsruhe.webp",1260,857,false],"event-overview":["https:\/\/www.anika-net.de\/wp-content\/uploads\/2026\/04\/zukunftswelten-cafe-karlsruhe-960x640.webp",960,640,true],"event-archive-thumb":["https:\/\/www.anika-net.de\/wp-content\/uploads\/2026\/04\/zukunftswelten-cafe-karlsruhe-480x326.webp",480,326,true],"grid-item-thumbnail":["https:\/\/www.anika-net.de\/wp-content\/uploads\/2026\/04\/zukunftswelten-cafe-karlsruhe-360x200.webp",360,200,true],"network-partner-icon":["https:\/\/www.anika-net.de\/wp-content\/uploads\/2026\/04\/zukunftswelten-cafe-karlsruhe-100x100.webp",100,100,true],"organiser-icon":["https:\/\/www.anika-net.de\/wp-content\/uploads\/2026\/04\/zukunftswelten-cafe-karlsruhe-200x200.webp",200,200,true],"gform-image-choice-sm":["https:\/\/www.anika-net.de\/wp-content\/uploads\/2026\/04\/zukunftswelten-cafe-karlsruhe.webp",300,204,false],"gform-image-choice-md":["https:\/\/www.anika-net.de\/wp-content\/uploads\/2026\/04\/zukunftswelten-cafe-karlsruhe.webp",400,272,false],"gform-image-choice-lg":["https:\/\/www.anika-net.de\/wp-content\/uploads\/2026\/04\/zukunftswelten-cafe-karlsruhe.webp",600,408,false]},"uagb_author_info":{"display_name":"Valentina Patterson","author_link":"https:\/\/www.anika-net.de\/pl\/author\/valentinapatterson\/"},"uagb_comment_info":0,"uagb_excerpt":"Wejd\u017a w prze\u00adstrze\u0144 pomy\u00ads\u0142\u00f3w, wymia\u00adny i mo\u017c\u00adli\u00adwo\u00ad\u015bci. Futu\u00adre Worlds Caf\u00e9 zapra\u00adsza do wsp\u00f3l\u00adne\u00adgo my\u015ble\u00adnia o przy\u00adsz\u0142o\u00ad\u015bci, dzie\u00adle\u00adnia si\u0119 per\u00adspek\u00adty\u00adwa\u00admi i anga\u00ad\u017co\u00adwa\u00adnia si\u0119 w otwar\u00adte roz\u00admo\u00adwy o tym, co chce\u00admy stwo\u00adrzy\u0107&nbsp;czytaj wi\u0119cej","_links":{"self":[{"href":"https:\/\/www.anika-net.de\/pl\/wp-json\/wp\/v2\/event\/121826","targetHints":{"allow":["GET"]}}],"collection":[{"href":"https:\/\/www.anika-net.de\/pl\/wp-json\/wp\/v2\/event"}],"about":[{"href":"https:\/\/www.anika-net.de\/pl\/wp-json\/wp\/v2\/types\/event"}],"author":[{"embeddable":true,"href":"https:\/\/www.anika-net.de\/pl\/wp-json\/wp\/v2\/users\/16"}],"version-history":[{"count":1,"href":"https:\/\/www.anika-net.de\/pl\/wp-json\/wp\/v2\/event\/121826\/revisions"}],"predecessor-version":[{"id":121827,"href":"https:\/\/www.anika-net.de\/pl\/wp-json\/wp\/v2\/event\/121826\/revisions\/121827"}],"acf:post":[{"embeddable":true,"href":"https:\/\/www.anika-net.de\/pl\/wp-json\/wp\/v2\/organiser\/8163"}],"acf:term":[{"embeddable":true,"taxonomy":"event_category","href":"https:\/\/www.anika-net.de\/pl\/wp-json\/wp\/v2\/event_category\/184"}],"wp:featuredmedia":[{"embeddable":true,"href":"https:\/\/www.anika-net.de\/pl\/wp-json\/wp\/v2\/media\/121821"}],"wp:attachment":[{"href":"https:\/\/www.anika-net.de\/pl\/wp-json\/wp\/v2\/media?parent=121826"}],"curies":[{"name":"wp","href":"https:\/\/api.w.org\/{rel}","templated":true}]}}

Futu­re Worlds Café

<p>Wejdź w prze­strzeń pomy­słów, wymia­ny i moż­li­wo­ści. <strong>Futu­re Worlds Café</strong> zapra­sza do wspól­ne­go myśle­nia o przy­szło­ści, dzie­le­nia się per­spek­ty­wa­mi i anga­żo­wa­nia się w otwar­te roz­mo­wy o tym, co chce­my stwo­rzyć w naszym życiu i społeczności.&nbsp;</p>

<p>W <strong>miłej i przy­ja­znej atmos­fe­rze w Kul­tur­küche Karls­ru­he</strong> moż­na spo­tkać się z inny­mi, przed­sta­wić swo­je prze­my­śle­nia lub po pro­stu słu­chać i uczest­ni­czyć we wła­snym tem­pie. Sku­pia­my się na wymia­nie, inspi­ra­cji i współ­two­rze­niu, z miej­scem zarów­no na oży­wio­ną dys­ku­sję, jak i spo­koj­ną refleksję.&nbsp;</p>

<p>Futu­re Worlds Café jest <strong>otwar­ta dla wszyst­kich </strong>, któ­rzy są cie­ka­wi nowych per­spek­tyw i zna­czą­cych spotkań.&nbsp;</p>

<p>Spo­tka­nia odby­wa­ją się regu­lar­nie, ofe­ru­jąc prze­strzeń, któ­ra jest otwar­ta, róż­no­rod­na i opar­ta na uczestnictwie.</p>

<p>Wstęp wol­ny. Reje­stra­cja nie jest wyma­ga­na. Daro­wi­zny mile widziane.&nbsp;</p>

<p></p>

Kulturküche

Kaiserstraße 47

<p>Wejdź w prze­strzeń pomy­słów, wymia­ny i moż­li­wo­ści. Futu­re Worlds Café zapra­sza do wspól­ne­go myśle­nia o przy­szło­ści, dzie­le­nia się per­spek­ty­wa­mi i anga­żo­wa­nia się w otwar­te roz­mo­wy o tym, co chce­my stwo­rzyć w naszym życiu i spo­łecz­no­ści.&nbsp; W miłej i przy­ja­znej atmos­fe­rze w Kul­tur­küche Karls­ru­he moż­na spo­tkać się z inny­mi, przed­sta­wić swo­je prze­my­śle­nia lub po pro­stu słu­chać i uczest­ni­czyć we wła­snym tem­pie. Sku­pia­my się na wymia­nie, inspi­ra­cji i współ­two­rze­niu, z miej­scem zarów­no na oży­wio­ną dys­ku­sję, jak i spo­koj­ną reflek­sję.&nbsp; Futu­re Worlds Café jest otwar­ta dla wszyst­kich , któ­rzy są cie­ka­wi nowych per­spek­tyw i zna­czą­cych spo­tkań.&nbsp; Spo­tka­nia odby­wa­ją się regu­lar­nie, ofe­ru­jąc prze­strzeń, która…</p>

Wejdź w prze­strzeń pomy­słów, wymia­ny i moż­li­wo­ści. Futu­re Worlds Café zapra­sza do wspól­ne­go myśle­nia o przy­szło­ści, dzie­le­nia się per­spek­ty­wa­mi i anga­żo­wa­nia się w otwar­te roz­mo­wy o tym, co chce­my stwo­rzyć&nbsp;czytaj więcej
