{"id":121732,"date":"2026-04-30T00:36:14","date_gmt":"2026-04-29T22:36:14","guid":{"rendered":"https:\/\/www.anika-net.de\/event\/kurs-sztuki-bezplatny-wieczor-kreatywnego-malowania\/"},"modified":"2026-04-30T00:41:39","modified_gmt":"2026-04-29T22:41:39","slug":"kurs-sztuki-bezplatny-wieczor-kreatywnego-malowania","status":"publish","type":"event","link":"https:\/\/www.anika-net.de\/pl\/event\/kurs-sztuki-bezplatny-wieczor-kreatywnego-malowania\/","title":{"rendered":"Kurs sztu\u00adki \u2014 bez\u00adp\u0142at\u00adny wie\u00adcz\u00f3r kre\u00adatyw\u00adne\u00adgo malowania"},"content":{"rendered":"\n<p>Szu\u00adkasz kur\u00adsu arty\u00adstycz\u00adne\u00adgo, na kt\u00f3\u00adrym mo\u017cesz si\u0119 zre\u00adlak\u00adso\u00adwa\u0107 i wyra\u00adzi\u0107 swo\u00adj\u0105 kreatywno\u015b\u0107?<\/p>\n\n<p>Ser\u00addecz\u00adnie zapra\u00adsza\u00admy do wzi\u0119\u00adcia udzia\u00ad\u0142u w kur\u00adsie arty\u00adstycz\u00adnym: \u201cMalar\u00adstwo bez zasad, ale z inspiracj\u0105\u201d.<\/p>\n\n<h4 class=\"wp-block-heading\">Czy lubisz malo\u00adwa\u0107? W takim razie ten relak\u00adsu\u00adj\u0105\u00adcy <strong>kurs sztu\u00adki<\/strong> jest w\u0142a\u00ad\u015bnie dla Ciebie.&nbsp;<\/h4>\n\n<p>Na tym kur\u00adsie arty\u00adstycz\u00adnym mo\u017cesz swo\u00adbod\u00adnie odkry\u00adwa\u0107 swo\u00adj\u0105 kre\u00adatyw\u00adno\u015b\u0107, nie\u00adza\u00adle\u017c\u00adnie od tego, czy wolisz malo\u00adwa\u0107 w ciszy samo\u00addziel\u00adnie, czy te\u017c lubisz \u0142\u0105czy\u0107 si\u0119 i wymie\u00adnia\u0107 pomy\u00ads\u0142a\u00admi z innymi.<\/p>\n\n<p>Ten otwar\u00adty i przy\u00adja\u00adzny kurs arty\u00adstycz\u00adny two\u00adrzy prze\u00adstrze\u0144 bez pre\u00adsji i \u015bci\u00ads\u0142ych wytycz\u00adnych, a jedy\u00adnie inspi\u00adra\u00adcj\u0119 i rado\u015b\u0107 tworzenia.<\/p>\n\n<p><strong>Cze\u00adgo si\u0119 spodziewa\u0107:<\/strong><\/p>\n\n<ul class=\"wp-block-list\">\n<li>Zre\u00adlak\u00adso\u00adwa\u00adna i otwar\u00adta kre\u00adatyw\u00adna atmosfera<\/li>\n\n\n\n<li>Swo\u00adbod\u00adne malo\u00adwa\u00adnie bez \u015bci\u00ads\u0142ych&nbsp;zasad<\/li>\n\n\n\n<li>Wspar\u00adcie i wska\u00adz\u00f3w\u00adki od Tho\u00adma\u00adsa pod\u00adczas kur\u00adsu artystycznego<\/li>\n\n\n\n<li>Szan\u00adsa na pozna\u00adnie ludzi z r\u00f3\u017c\u00adnych \u015brodowisk<\/li>\n<\/ul>\n\n<p>Ten kurs arty\u00adstycz\u00adny jest bez\u00adp\u0142at\u00adny i nie ma obo\u00adwi\u0105z\u00adku uczest\u00adnic\u00adtwa.<br><br><strong>Reje\u00adstra\u00adcja:<\/strong> <a>zukunftswelten@kraft-netz.de<\/a> <\/p>\n\n<p><\/p>\n","protected":false},"author":16,"featured_media":121730,"template":"","class_list":["post-121732","event","type-event","status-publish","has-post-thumbnail","hentry","event_category-rekreacja"],"acf":{"event-recurring":false,"event-category":184,"event-is-language-course":false,"event-recurring-still-active":true,"event-display-details":true,"event-schedules-recurring":null,"event-schedules-calendar":[{"event-calendar-day":"20260512","event-calendar-time":"18:30 - 20:30","event-calendar-time-text":""},{"event-calendar-day":"20260526","event-calendar-time":"18:30 - 20:30","event-calendar-time-text":""}],"event-is-online":false,"event-online-url":"","event-location-building":"Kulturk\u00fcche","event-location-street":"Kaiserstra\u00dfe 47","event-location-zip":"76131","event-location-city":"Karlsruhe","event-location-contact-person":"","event-location-phone":"","event-location-phone-2":"","event-location-mail":"zukunftswelten@kraft-netz.de","event-location-mail-2":"","event-location-website":"","event-target-group":[{"target-group":"all"}],"event-target-group-comment":"","event-free":true,"event-organiser":[8163],"event-header-copyright-overlay":true,"event-copyright-note-description-end":false},"featured_image_urls_v2":{"full":["https:\/\/www.anika-net.de\/wp-content\/uploads\/2026\/04\/kunstkurs-kulturkueche-karlsruhe.webp",1260,937,false],"thumbnail":["https:\/\/www.anika-net.de\/wp-content\/uploads\/2026\/04\/kunstkurs-kulturkueche-karlsruhe-150x150.webp",150,150,true],"medium":["https:\/\/www.anika-net.de\/wp-content\/uploads\/2026\/04\/kunstkurs-kulturkueche-karlsruhe-300x223.webp",300,223,true],"medium_large":["https:\/\/www.anika-net.de\/wp-content\/uploads\/2026\/04\/kunstkurs-kulturkueche-karlsruhe-768x571.webp",640,476,true],"large":["https:\/\/www.anika-net.de\/wp-content\/uploads\/2026\/04\/kunstkurs-kulturkueche-karlsruhe-1024x761.webp",640,476,true],"1536x1536":["https:\/\/www.anika-net.de\/wp-content\/uploads\/2026\/04\/kunstkurs-kulturkueche-karlsruhe.webp",1260,937,false],"2048x2048":["https:\/\/www.anika-net.de\/wp-content\/uploads\/2026\/04\/kunstkurs-kulturkueche-karlsruhe.webp",1260,937,false],"event-overview":["https:\/\/www.anika-net.de\/wp-content\/uploads\/2026\/04\/kunstkurs-kulturkueche-karlsruhe-960x640.webp",960,640,true],"event-archive-thumb":["https:\/\/www.anika-net.de\/wp-content\/uploads\/2026\/04\/kunstkurs-kulturkueche-karlsruhe-480x357.webp",480,357,true],"grid-item-thumbnail":["https:\/\/www.anika-net.de\/wp-content\/uploads\/2026\/04\/kunstkurs-kulturkueche-karlsruhe-360x200.webp",360,200,true],"network-partner-icon":["https:\/\/www.anika-net.de\/wp-content\/uploads\/2026\/04\/kunstkurs-kulturkueche-karlsruhe-100x100.webp",100,100,true],"organiser-icon":["https:\/\/www.anika-net.de\/wp-content\/uploads\/2026\/04\/kunstkurs-kulturkueche-karlsruhe-200x200.webp",200,200,true],"gform-image-choice-sm":["https:\/\/www.anika-net.de\/wp-content\/uploads\/2026\/04\/kunstkurs-kulturkueche-karlsruhe.webp",300,223,false],"gform-image-choice-md":["https:\/\/www.anika-net.de\/wp-content\/uploads\/2026\/04\/kunstkurs-kulturkueche-karlsruhe.webp",400,297,false],"gform-image-choice-lg":["https:\/\/www.anika-net.de\/wp-content\/uploads\/2026\/04\/kunstkurs-kulturkueche-karlsruhe.webp",600,446,false]},"post_excerpt_stackable_v2":"<p>Szu\u00adkasz kur\u00adsu arty\u00adstycz\u00adne\u00adgo, na kt\u00f3\u00adrym mo\u017cesz si\u0119 zre\u00adlak\u00adso\u00adwa\u0107 i wyra\u00adzi\u0107 swo\u00adj\u0105 kre\u00adatyw\u00adno\u015b\u0107? Ser\u00addecz\u00adnie zapra\u00adsza\u00admy do wzi\u0119\u00adcia udzia\u00ad\u0142u w kur\u00adsie arty\u00adstycz\u00adnym: \u201cMalar\u00adstwo bez zasad, ale z inspi\u00adra\u00adcj\u0105\u201d. Czy lubisz malo\u00adwa\u0107? W takim razie ten relak\u00adsu\u00adj\u0105\u00adcy kurs sztu\u00adki jest w\u0142a\u00ad\u015bnie dla Cie\u00adbie.&nbsp; Na tym kur\u00adsie arty\u00adstycz\u00adnym mo\u017cesz swo\u00adbod\u00adnie odkry\u00adwa\u0107 swo\u00adj\u0105 kre\u00adatyw\u00adno\u015b\u0107, nie\u00adza\u00adle\u017c\u00adnie od tego, czy wolisz malo\u00adwa\u0107 w ciszy samo\u00addziel\u00adnie, czy te\u017c lubisz \u0142\u0105czy\u0107 si\u0119 i wymie\u00adnia\u0107 pomy\u00ads\u0142a\u00admi z inny\u00admi. Ten otwar\u00adty i przy\u00adja\u00adzny kurs arty\u00adstycz\u00adny two\u00adrzy prze\u00adstrze\u0144 bez pre\u00adsji i \u015bci\u00ads\u0142ych wytycz\u00adnych, a jedy\u00adnie inspi\u00adra\u00adcj\u0119 i rado\u015b\u0107 two\u00adrze\u00adnia. Cze\u00adgo si\u0119 spo\u00addzie\u00adwa\u0107: Zre\u00adlak\u00adso\u00adwa\u00adna i otwar\u00adta kre\u00adatyw\u00adna atmos\u00adfe\u00adra Swo\u00adbod\u00adne malo\u00adwa\u00adnie bez \u015bci\u00ads\u0142ych&nbsp;zasad Wsparcie\u2026<\/p>\n","category_list_v2":"","author_info_v2":{"name":"Valentina Patterson","url":"https:\/\/www.anika-net.de\/pl\/author\/valentinapatterson\/"},"comments_num_v2":"0 comments","uagb_featured_image_src":{"full":["https:\/\/www.anika-net.de\/wp-content\/uploads\/2026\/04\/kunstkurs-kulturkueche-karlsruhe.webp",1260,937,false],"thumbnail":["https:\/\/www.anika-net.de\/wp-content\/uploads\/2026\/04\/kunstkurs-kulturkueche-karlsruhe-150x150.webp",150,150,true],"medium":["https:\/\/www.anika-net.de\/wp-content\/uploads\/2026\/04\/kunstkurs-kulturkueche-karlsruhe-300x223.webp",300,223,true],"medium_large":["https:\/\/www.anika-net.de\/wp-content\/uploads\/2026\/04\/kunstkurs-kulturkueche-karlsruhe-768x571.webp",640,476,true],"large":["https:\/\/www.anika-net.de\/wp-content\/uploads\/2026\/04\/kunstkurs-kulturkueche-karlsruhe-1024x761.webp",640,476,true],"1536x1536":["https:\/\/www.anika-net.de\/wp-content\/uploads\/2026\/04\/kunstkurs-kulturkueche-karlsruhe.webp",1260,937,false],"2048x2048":["https:\/\/www.anika-net.de\/wp-content\/uploads\/2026\/04\/kunstkurs-kulturkueche-karlsruhe.webp",1260,937,false],"event-overview":["https:\/\/www.anika-net.de\/wp-content\/uploads\/2026\/04\/kunstkurs-kulturkueche-karlsruhe-960x640.webp",960,640,true],"event-archive-thumb":["https:\/\/www.anika-net.de\/wp-content\/uploads\/2026\/04\/kunstkurs-kulturkueche-karlsruhe-480x357.webp",480,357,true],"grid-item-thumbnail":["https:\/\/www.anika-net.de\/wp-content\/uploads\/2026\/04\/kunstkurs-kulturkueche-karlsruhe-360x200.webp",360,200,true],"network-partner-icon":["https:\/\/www.anika-net.de\/wp-content\/uploads\/2026\/04\/kunstkurs-kulturkueche-karlsruhe-100x100.webp",100,100,true],"organiser-icon":["https:\/\/www.anika-net.de\/wp-content\/uploads\/2026\/04\/kunstkurs-kulturkueche-karlsruhe-200x200.webp",200,200,true],"gform-image-choice-sm":["https:\/\/www.anika-net.de\/wp-content\/uploads\/2026\/04\/kunstkurs-kulturkueche-karlsruhe.webp",300,223,false],"gform-image-choice-md":["https:\/\/www.anika-net.de\/wp-content\/uploads\/2026\/04\/kunstkurs-kulturkueche-karlsruhe.webp",400,297,false],"gform-image-choice-lg":["https:\/\/www.anika-net.de\/wp-content\/uploads\/2026\/04\/kunstkurs-kulturkueche-karlsruhe.webp",600,446,false]},"uagb_author_info":{"display_name":"Valentina Patterson","author_link":"https:\/\/www.anika-net.de\/pl\/author\/valentinapatterson\/"},"uagb_comment_info":0,"uagb_excerpt":"Szu\u00adkasz kur\u00adsu arty\u00adstycz\u00adne\u00adgo, na kt\u00f3\u00adrym mo\u017cesz si\u0119 zre\u00adlak\u00adso\u00adwa\u0107 i wyra\u00adzi\u0107 swo\u00adj\u0105 kreatywno\u015b\u0107? Ser\u00addecz\u00adnie zapra\u00adsza\u00admy do wzi\u0119\u00adcia udzia\u00ad\u0142u w kur\u00adsie arty\u00adstycz\u00adnym: \u201cMalar\u00adstwo bez zasad, ale z inspiracj\u0105\u201d. Czy lubisz malo\u00adwa\u0107? W&nbsp;czytaj wi\u0119cej","_links":{"self":[{"href":"https:\/\/www.anika-net.de\/pl\/wp-json\/wp\/v2\/event\/121732","targetHints":{"allow":["GET"]}}],"collection":[{"href":"https:\/\/www.anika-net.de\/pl\/wp-json\/wp\/v2\/event"}],"about":[{"href":"https:\/\/www.anika-net.de\/pl\/wp-json\/wp\/v2\/types\/event"}],"author":[{"embeddable":true,"href":"https:\/\/www.anika-net.de\/pl\/wp-json\/wp\/v2\/users\/16"}],"version-history":[{"count":1,"href":"https:\/\/www.anika-net.de\/pl\/wp-json\/wp\/v2\/event\/121732\/revisions"}],"predecessor-version":[{"id":121733,"href":"https:\/\/www.anika-net.de\/pl\/wp-json\/wp\/v2\/event\/121732\/revisions\/121733"}],"acf:post":[{"embeddable":true,"href":"https:\/\/www.anika-net.de\/pl\/wp-json\/wp\/v2\/organiser\/8163"}],"acf:term":[{"embeddable":true,"taxonomy":"event_category","href":"https:\/\/www.anika-net.de\/pl\/wp-json\/wp\/v2\/event_category\/184"}],"wp:featuredmedia":[{"embeddable":true,"href":"https:\/\/www.anika-net.de\/pl\/wp-json\/wp\/v2\/media\/121730"}],"wp:attachment":[{"href":"https:\/\/www.anika-net.de\/pl\/wp-json\/wp\/v2\/media?parent=121732"}],"curies":[{"name":"wp","href":"https:\/\/api.w.org\/{rel}","templated":true}]}}

Kurs sztu­ki — bez­płat­ny wie­czór kre­atyw­ne­go malowania

<p>Szu­kasz kur­su arty­stycz­ne­go, na któ­rym możesz się zre­lak­so­wać i wyra­zić swo­ją kreatywność?</p>

<p>Ser­decz­nie zapra­sza­my do wzię­cia udzia­łu w kur­sie arty­stycz­nym: “Malar­stwo bez zasad, ale z inspiracją”.</p>

<h4 class="wp-block-heading">Czy lubisz malo­wać? W takim razie ten relak­su­ją­cy <strong>kurs sztu­ki</strong> jest wła­śnie dla Ciebie.&nbsp;</h4>

<p>Na tym kur­sie arty­stycz­nym możesz swo­bod­nie odkry­wać swo­ją kre­atyw­ność, nie­za­leż­nie od tego, czy wolisz malo­wać w ciszy samo­dziel­nie, czy też lubisz łączyć się i wymie­niać pomy­sła­mi z innymi.</p>

<p>Ten otwar­ty i przy­ja­zny kurs arty­stycz­ny two­rzy prze­strzeń bez pre­sji i ści­słych wytycz­nych, a jedy­nie inspi­ra­cję i radość tworzenia.</p>

<p><strong>Cze­go się spodziewać:</strong></p>

<ul class="wp-block-list">
<li>Zre­lak­so­wa­na i otwar­ta kre­atyw­na atmosfera</li>



<li>Swo­bod­ne malo­wa­nie bez ści­słych&nbsp;zasad</li>



<li>Wspar­cie i wska­zów­ki od Tho­ma­sa pod­czas kur­su artystycznego</li>



<li>Szan­sa na pozna­nie ludzi z róż­nych środowisk</li>
</ul>

<p>Ten kurs arty­stycz­ny jest bez­płat­ny i nie ma obo­wiąz­ku uczest­nic­twa.<br><br><strong>Reje­stra­cja:</strong> <a>zukunftswelten@kraft-netz.de</a> </p>

<p></p>

Kulturküche

Kaiserstraße 47

<p>Szu­kasz kur­su arty­stycz­ne­go, na któ­rym możesz się zre­lak­so­wać i wyra­zić swo­ją kre­atyw­ność? Ser­decz­nie zapra­sza­my do wzię­cia udzia­łu w kur­sie arty­stycz­nym: “Malar­stwo bez zasad, ale z inspi­ra­cją”. Czy lubisz malo­wać? W takim razie ten relak­su­ją­cy kurs sztu­ki jest wła­śnie dla Cie­bie.&nbsp; Na tym kur­sie arty­stycz­nym możesz swo­bod­nie odkry­wać swo­ją kre­atyw­ność, nie­za­leż­nie od tego, czy wolisz malo­wać w ciszy samo­dziel­nie, czy też lubisz łączyć się i wymie­niać pomy­sła­mi z inny­mi. Ten otwar­ty i przy­ja­zny kurs arty­stycz­ny two­rzy prze­strzeń bez pre­sji i ści­słych wytycz­nych, a jedy­nie inspi­ra­cję i radość two­rze­nia. Cze­go się spo­dzie­wać: Zre­lak­so­wa­na i otwar­ta kre­atyw­na atmos­fe­ra Swo­bod­ne malo­wa­nie bez ści­słych&nbsp;zasad Wsparcie…</p>

Szu­kasz kur­su arty­stycz­ne­go, na któ­rym możesz się zre­lak­so­wać i wyra­zić swo­ją kreatywność? Ser­decz­nie zapra­sza­my do wzię­cia udzia­łu w kur­sie arty­stycz­nym: “Malar­stwo bez zasad, ale z inspiracją”. Czy lubisz malo­wać? W&nbsp;czytaj więcej
